CRAN Package Check Results for Package EFA.MRFA

Last updated on 2022-12-04 17:50:40 CET.

Flavor Version Tinstall Tcheck Ttotal Status Flags
r-devel-linux-x86_64-debian-clang 1.1.2 4.96 44.53 49.49 OK
r-devel-linux-x86_64-debian-gcc 1.1.2 2.94 33.87 36.81 OK
r-devel-linux-x86_64-fedora-clang 1.1.2 71.72 NOTE
r-devel-linux-x86_64-fedora-gcc 1.1.2 72.63 NOTE
r-devel-windows-x86_64 1.1.2 17.00 70.00 87.00 OK
r-patched-linux-x86_64 1.1.2 4.58 43.68 48.26 OK
r-release-linux-x86_64 1.1.2 3.15 43.29 46.44 OK
r-release-macos-arm64 1.1.2 22.00 NOTE
r-release-macos-x86_64 1.1.2 35.00 NOTE
r-release-windows-x86_64 1.1.2 14.00 76.00 90.00 OK
r-oldrel-macos-arm64 1.1.2 28.00 NOTE
r-oldrel-macos-x86_64 1.1.2 28.00 NOTE
r-oldrel-windows-ix86+x86_64 1.1.2 9.00 74.00 83.00 OK

Check Details

Version: 1.1.2
Check: dependencies in R code
Result: NOTE
    Namespace in Imports field not imported from: ‘PCovR’
     All declared Imports should be used.
Flavors: r-devel-linux-x86_64-fedora-clang, r-devel-linux-x86_64-fedora-gcc, r-release-macos-arm64, r-release-macos-x86_64, r-oldrel-macos-arm64, r-oldrel-macos-x86_64