CRAN Package Check Results for Package EFDR

Last updated on 2018-08-20 07:47:37 CEST.

Flavor Version Tinstall Tcheck Ttotal Status Flags
r-devel-linux-x86_64-debian-clang 0.1.1 8.24 95.57 103.81 NOTE
r-devel-linux-x86_64-debian-gcc 0.1.1 7.05 75.68 82.73 NOTE
r-devel-linux-x86_64-fedora-clang 0.1.1 121.77 NOTE
r-devel-linux-x86_64-fedora-gcc 0.1.1 116.18 NOTE
r-devel-windows-ix86+x86_64 0.1.1 20.00 146.00 166.00 NOTE
r-patched-linux-x86_64 0.1.1 7.88 75.76 83.64 NOTE
r-patched-solaris-x86 0.1.1 156.70 NOTE
r-release-linux-x86_64 0.1.1 6.64 73.87 80.51 NOTE
r-release-windows-ix86+x86_64 0.1.1 16.00 119.00 135.00 NOTE
r-release-osx-x86_64 0.1.1 NOTE
r-oldrel-windows-ix86+x86_64 0.1.1 11.00 92.00 103.00 NOTE
r-oldrel-osx-x86_64 0.1.1 NOTE

Check Details

Version: 0.1.1
Check: R code for possible problems
Result: NOTE
    .gdf : find_loss: no visible global function definition for ‘rnorm’
    .p.values : <anonymous>: no visible global function definition for
     ‘pnorm’
    .relist.dwt: no visible global function definition for ‘relist’
    .relist.dwt: no visible global function definition for ‘as’
    .std.wav.coeff : <anonymous>: no visible global function definition for
     ‘mad’
    regrid: no visible global function definition for ‘predict’
    regrid: no visible global function definition for ‘var’
    regrid: no visible global function definition for ‘medpolish’
    Undefined global functions or variables:
     as mad medpolish pnorm predict relist rnorm var
    Consider adding
     importFrom("methods", "as")
     importFrom("stats", "mad", "medpolish", "pnorm", "predict", "rnorm",
     "var")
     importFrom("utils", "relist")
    to your NAMESPACE file (and ensure that your DESCRIPTION Imports field
    contains 'methods').
Flavors: r-devel-linux-x86_64-debian-clang, r-devel-linux-x86_64-debian-gcc, r-devel-linux-x86_64-fedora-clang, r-devel-linux-x86_64-fedora-gcc, r-devel-windows-ix86+x86_64, r-patched-linux-x86_64, r-patched-solaris-x86, r-release-linux-x86_64, r-release-windows-ix86+x86_64, r-release-osx-x86_64, r-oldrel-windows-ix86+x86_64, r-oldrel-osx-x86_64