CRAN Package Check Results for Package EFS

Last updated on 2018-05-28 01:46:31 CEST.

Flavor Version Tinstall Tcheck Ttotal Status Flags
r-devel-linux-x86_64-debian-clang 1.0.3 7.93 75.21 83.14 OK
r-devel-linux-x86_64-debian-gcc 1.0.3 6.26 0.31 6.57 FAIL
r-devel-linux-x86_64-fedora-clang 1.0.3 105.25 OK
r-devel-linux-x86_64-fedora-gcc 1.0.3 104.28 OK
r-devel-windows-ix86+x86_64 1.0.3 11.00 87.00 98.00 OK
r-patched-linux-x86_64 1.0.3 5.16 67.29 72.45 OK
r-patched-solaris-x86 1.0.3 145.10 OK
r-release-linux-x86_64 1.0.3 4.87 67.28 72.15 OK
r-release-windows-ix86+x86_64 1.0.3 15.00 105.00 120.00 OK
r-release-osx-x86_64 1.0.3 OK
r-oldrel-windows-ix86+x86_64 1.0.3 15.00 77.00 92.00 OK
r-oldrel-osx-x86_64 1.0.3 OK

Check Details

Version: 1.0.3
Check: package dependencies
Result: FAIL
    
Flavor: r-devel-linux-x86_64-debian-gcc