CRAN Package Check Results for Package EGRET

Last updated on 2018-02-21 07:47:27 CET.

Flavor Version Tinstall Tcheck Ttotal Status Flags
r-devel-linux-x86_64-debian-clang 2.6.0 14.52 205.03 219.55 OK
r-devel-linux-x86_64-debian-gcc 2.6.0 11.10 150.01 161.11 OK
r-devel-linux-x86_64-fedora-clang 2.6.0 255.51 OK
r-devel-linux-x86_64-fedora-gcc 2.6.0 246.06 OK
r-devel-windows-ix86+x86_64 2.6.0 19.00 181.00 200.00 OK
r-patched-linux-x86_64 2.6.0 6.31 221.94 228.25 OK
r-patched-solaris-x86 2.6.0 351.60 OK
r-release-linux-x86_64 2.6.0 8.56 228.46 237.02 OK
r-release-windows-ix86+x86_64 2.6.0 24.00 301.00 325.00 OK
r-release-osx-x86_64 2.6.0 WARN
r-oldrel-windows-ix86+x86_64 2.6.0 23.00 265.00 288.00 OK
r-oldrel-osx-x86_64 2.6.0 OK

Check Details

Version: 2.6.0
Check: re-building of vignette outputs
Result: WARN
    Error in re-building vignettes:
     ...
    Warning in engine$weave(file, quiet = quiet, encoding = enc) :
     Pandoc (>= 1.12.3) and/or pandoc-citeproc not available. Falling back to R Markdown v1.
    Warning: running command 'kpsewhich framed.sty' had status 1
    Warning in test_latex_pkg("framed", system.file("misc", "framed.sty", package = "knitr")) :
     unable to find LaTeX package 'framed'; will use a copy from knitr
    Error in texi2dvi(file = file, pdf = TRUE, clean = clean, quiet = quiet, :
     Running 'texi2dvi' on 'EGRET.tex' failed.
    LaTeX errors:
    ! LaTeX Error: File `authblk.sty' not found.
    
    Type X to quit or <RETURN> to proceed,
    or enter new name. (Default extension: sty)
    
    ! Emergency stop.
    <read *>
    
    l.66 \usepackage
     {subfig}^^M
    ! ==> Fatal error occurred, no output PDF file produced!
    Calls: buildVignettes -> texi2pdf -> texi2dvi
    Execution halted
Flavor: r-release-osx-x86_64