CRAN Package Check Results for Package EGRET

Last updated on 2018-05-24 10:48:11 CEST.

Flavor Version Tinstall Tcheck Ttotal Status Flags
r-devel-linux-x86_64-debian-clang 2.6.0 14.47 196.46 210.93 OK
r-devel-linux-x86_64-debian-gcc 2.6.0 11.49 165.90 177.39 OK
r-devel-linux-x86_64-fedora-clang 2.6.0 281.98 OK
r-devel-linux-x86_64-fedora-gcc 2.6.0 278.31 OK
r-devel-windows-ix86+x86_64 2.6.0 23.00 215.00 238.00 OK
r-patched-linux-x86_64 2.6.0 12.67 197.55 210.22 OK
r-patched-solaris-x86 2.6.0 345.30 NOTE
r-release-linux-x86_64 2.6.0 9.71 196.06 205.77 OK
r-release-windows-ix86+x86_64 2.6.0 31.00 265.00 296.00 OK
r-release-osx-x86_64 2.6.0 OK
r-oldrel-windows-ix86+x86_64 2.6.0 22.00 308.00 330.00 OK
r-oldrel-osx-x86_64 2.6.0 WARN

Check Details

Version: 2.6.0
Check: installed package size
Result: NOTE
     installed size is 5.2Mb
     sub-directories of 1Mb or more:
     data 1.8Mb
     doc 1.2Mb
     extdata 1.5Mb
Flavor: r-patched-solaris-x86

Version: 2.6.0
Check: re-building of vignette outputs
Result: WARN
    Error in re-building vignettes:
     ...
    Warning in engine$weave(file, quiet = quiet, encoding = enc) :
     Pandoc (>= 1.12.3) and/or pandoc-citeproc not available. Falling back to R Markdown v1.
    Warning: running command 'kpsewhich framed.sty' had status 1
    Warning in test_latex_pkg("framed", system.file("misc", "framed.sty", package = "knitr")) :
     unable to find LaTeX package 'framed'; will use a copy from knitr
    Error in texi2dvi(file = file, pdf = TRUE, clean = clean, quiet = quiet, :
     Running 'texi2dvi' on 'EGRET.tex' failed.
    LaTeX errors:
    ! LaTeX Error: File `authblk.sty' not found.
    
    Type X to quit or <RETURN> to proceed,
    or enter new name. (Default extension: sty)
    
    ! Emergency stop.
    <read *>
    
    l.66 \usepackage
     {subfig}^^M
    ! ==> Fatal error occurred, no output PDF file produced!
    Calls: buildVignettes -> texi2pdf -> texi2dvi
    Execution halted
Flavor: r-oldrel-osx-x86_64