CRAN Package Check Results for Package EGRETci

Last updated on 2018-05-23 07:50:01 CEST.

Flavor Version Tinstall Tcheck Ttotal Status Flags
r-devel-linux-x86_64-debian-clang 1.0.2 8.08 115.25 123.33 OK
r-devel-linux-x86_64-debian-gcc 1.0.2 0.32 1.48 1.80 ERROR
r-devel-linux-x86_64-fedora-clang 1.0.2 152.87 OK
r-devel-linux-x86_64-fedora-gcc 1.0.2 148.30 OK
r-devel-windows-ix86+x86_64 1.0.2 17.00 173.00 190.00 OK
r-patched-linux-x86_64 1.0.2 7.63 94.07 101.70 OK
r-patched-solaris-x86 1.0.2 189.60 OK
r-release-linux-x86_64 1.0.2 6.94 94.03 100.97 OK
r-release-windows-ix86+x86_64 1.0.2 21.00 151.00 172.00 OK
r-release-osx-x86_64 1.0.2 OK
r-oldrel-windows-ix86+x86_64 1.0.2 19.00 154.00 173.00 OK
r-oldrel-osx-x86_64 1.0.2 OK

Check Details

Version: 1.0.2
Check: package dependencies
Result: ERROR
    Package required but not available: ‘EGRET’
    
    See section ‘The DESCRIPTION file’ in the ‘Writing R Extensions’
    manual.
Flavor: r-devel-linux-x86_64-debian-gcc