CRAN Package Check Results for Package ELMSurv

Last updated on 2018-02-22 16:47:39 CET.

Flavor Version Tinstall Tcheck Ttotal Status Flags
r-devel-linux-x86_64-debian-clang 0.4 56.49 48.51 105.00 WARN
r-devel-linux-x86_64-debian-gcc 0.4 50.84 43.40 94.24 OK
r-devel-linux-x86_64-fedora-clang 0.4 150.29 OK
r-devel-linux-x86_64-fedora-gcc 0.4 148.45 OK
r-devel-windows-ix86+x86_64 0.4 164.00 89.00 253.00 OK
r-patched-linux-x86_64 0.4 59.87 54.13 114.00 OK
r-patched-solaris-x86 0.4 189.90 OK
r-release-linux-x86_64 0.4 54.33 54.20 108.53 OK
r-release-windows-ix86+x86_64 0.4 155.00 116.00 271.00 OK
r-release-osx-x86_64 0.4 OK
r-oldrel-windows-ix86+x86_64 0.4 125.00 84.00 209.00 OK
r-oldrel-osx-x86_64 0.4 OK

Additional issues

clang-ASAN gcc-ASAN

Check Details

Version: 0.4
Check: whether package can be installed
Result: WARN
    Found the following significant warnings:
     bj.cpp:59:10: warning: using integer absolute value function 'abs' when argument is of floating point type [-Wabsolute-value]
Flavor: r-devel-linux-x86_64-debian-clang