Last updated on 2021-04-11 23:46:57 CEST.
Flavor | Version | Tinstall | Tcheck | Ttotal | Status | Flags |
---|---|---|---|---|---|---|
r-devel-linux-x86_64-debian-clang | 0.1.0 | 14.45 | 132.92 | 147.37 | NOTE | |
r-devel-linux-x86_64-debian-gcc | 0.1.0 | 11.99 | 98.10 | 110.09 | NOTE | |
r-devel-linux-x86_64-fedora-clang | 0.1.0 | 179.86 | NOTE | |||
r-devel-linux-x86_64-fedora-gcc | 0.1.0 | 165.52 | NOTE | |||
r-devel-windows-ix86+x86_64 | 0.1.0 | 36.00 | 153.00 | 189.00 | NOTE | |
r-devel-windows-x86_64-gcc10-UCRT | 0.1.0 | NOTE | ||||
r-patched-linux-x86_64 | 0.1.0 | 13.45 | 119.99 | 133.44 | OK | |
r-patched-solaris-x86 | 0.1.0 | 253.70 | OK | |||
r-release-linux-x86_64 | 0.1.0 | 12.02 | 119.95 | 131.97 | OK | |
r-release-macos-x86_64 | 0.1.0 | OK | ||||
r-release-windows-ix86+x86_64 | 0.1.0 | 36.00 | 149.00 | 185.00 | OK | |
r-oldrel-macos-x86_64 | 0.1.0 | OK | ||||
r-oldrel-windows-ix86+x86_64 | 0.1.0 | 23.00 | 106.00 | 129.00 | OK |
Version: 0.1.0
Check: LazyData
Result: NOTE
'LazyData' is specified without a 'data' directory
Flavors: r-devel-linux-x86_64-debian-clang, r-devel-linux-x86_64-debian-gcc, r-devel-linux-x86_64-fedora-clang, r-devel-linux-x86_64-fedora-gcc, r-devel-windows-ix86+x86_64, r-devel-windows-x86_64-gcc10-UCRT