CRAN Package Check Results for Package EMDANNhybrid

Last updated on 2022-09-26 01:52:45 CEST.

Flavor Version Tinstall Tcheck Ttotal Status Flags
r-devel-linux-x86_64-debian-clang 0.1.0 12.47 117.94 130.41 NOTE
r-devel-linux-x86_64-debian-gcc 0.1.0 10.09 85.95 96.04 NOTE
r-devel-linux-x86_64-fedora-clang 0.1.0 162.77 NOTE
r-devel-linux-x86_64-fedora-gcc 0.1.0 157.24 NOTE
r-devel-windows-x86_64 0.1.0 21.00 135.00 156.00 NOTE
r-patched-linux-x86_64 0.1.0 8.73 108.64 117.37 NOTE
r-release-linux-x86_64 0.1.0 10.97 107.70 118.67 NOTE
r-release-macos-arm64 0.1.0 43.00 NOTE
r-release-macos-x86_64 0.1.0 79.00 NOTE
r-release-windows-x86_64 0.1.0 18.00 136.00 154.00 NOTE
r-oldrel-macos-arm64 0.1.0 64.00 NOTE
r-oldrel-macos-x86_64 0.1.0 108.00 NOTE
r-oldrel-windows-ix86+x86_64 0.1.0 29.00 132.00 161.00 NOTE

Check Details

Version: 0.1.0
Check: LazyData
Result: NOTE
     'LazyData' is specified without a 'data' directory
Flavors: r-devel-linux-x86_64-debian-clang, r-devel-linux-x86_64-debian-gcc, r-devel-linux-x86_64-fedora-clang, r-devel-linux-x86_64-fedora-gcc, r-devel-windows-x86_64, r-patched-linux-x86_64, r-release-linux-x86_64, r-release-macos-arm64, r-release-macos-x86_64, r-release-windows-x86_64, r-oldrel-macos-arm64, r-oldrel-macos-x86_64, r-oldrel-windows-ix86+x86_64