CRAN Package Check Results for Package EMMIXcskew

Last updated on 2019-09-20 05:46:53 CEST.

Flavor Version Tinstall Tcheck Ttotal Status Flags
r-devel-linux-x86_64-debian-clang 0.9-5 6.90 55.19 62.09 OK
r-devel-linux-x86_64-debian-gcc 0.9-5 6.37 43.11 49.48 OK
r-devel-linux-x86_64-fedora-clang 0.9-5 74.37 OK
r-devel-linux-x86_64-fedora-gcc 0.9-5 74.40 OK
r-devel-windows-ix86+x86_64 0.9-5 28.00 66.00 94.00 OK
r-patched-linux-x86_64 0.9-5 8.39 55.44 63.83 OK
r-patched-solaris-x86 0.9-5 99.70 OK
r-release-linux-x86_64 0.9-5 8.08 55.07 63.15 OK
r-release-windows-ix86+x86_64 0.9-5 16.00 67.00 83.00 OK
r-release-osx-x86_64 0.9-5 WARN
r-oldrel-windows-ix86+x86_64 0.9-5 9.00 67.00 76.00 OK
r-oldrel-osx-x86_64 0.9-5 OK

Check Details

Version: 0.9-5
Check: whether package can be installed
Result: WARN
    Found the following significant warnings:
     Warning: 'rgl_init' failed, running with rgl.useNULL = TRUE
Flavor: r-release-osx-x86_64