CRAN Package Check Results for Package EMMIXcskew

Last updated on 2020-02-27 17:50:54 CET.

Flavor Version Tinstall Tcheck Ttotal Status Flags
r-devel-linux-x86_64-debian-clang 0.9-5 8.80 66.03 74.83 OK
r-devel-linux-x86_64-debian-gcc 0.9-5 8.41 51.03 59.44 OK
r-devel-linux-x86_64-fedora-clang 0.9-5 93.66 OK
r-devel-linux-x86_64-fedora-gcc 0.9-5 87.44 OK
r-devel-windows-ix86+x86_64 0.9-5 19.00 70.00 89.00 OK
r-devel-windows-ix86+x86_64-gcc8 0.9-5 19.00 78.00 97.00 OK
r-patched-linux-x86_64 0.9-5 6.74 59.19 65.93 OK
r-patched-solaris-x86 0.9-5 106.10 OK
r-release-linux-x86_64 0.9-5 8.85 59.20 68.05 OK
r-release-windows-ix86+x86_64 0.9-5 13.00 70.00 83.00 OK
r-release-osx-x86_64 0.9-5 WARN
r-oldrel-windows-ix86+x86_64 0.9-5 12.00 65.00 77.00 OK
r-oldrel-osx-x86_64 0.9-5 OK

Check Details

Version: 0.9-5
Check: whether package can be installed
Result: WARN
    Found the following significant warnings:
     Warning: 'rgl_init' failed, running with rgl.useNULL = TRUE
Flavor: r-release-osx-x86_64