CRAN Package Check Results for Package EMMIXcskew

Last updated on 2018-01-18 13:50:58 CET.

Flavor Version Tinstall Tcheck Ttotal Status Flags
r-devel-linux-x86_64-debian-clang 0.9-4 2.02 43.76 45.78 OK
r-devel-linux-x86_64-debian-gcc 0.9-4 1.52 36.11 37.63 OK
r-devel-linux-x86_64-fedora-clang 0.9-4 55.39 OK
r-devel-linux-x86_64-fedora-gcc 0.9-4 52.37 OK
r-devel-windows-ix86+x86_64 0.9-4 5.00 58.00 63.00 OK
r-patched-linux-x86_64 0.9-4 2.13 45.48 47.61 OK
r-patched-solaris-x86 0.9-4 76.60 OK
r-release-linux-x86_64 0.9-4 2.07 45.92 47.99 OK
r-release-windows-ix86+x86_64 0.9-4 5.00 58.00 63.00 OK
r-release-osx-x86_64 0.9-4 OK
r-oldrel-windows-ix86+x86_64 0.9-4 2.00 6.00 8.00 ERROR
r-oldrel-osx-x86_64 0.9-4 OK

Check Details

Version: 0.9-4
Check: whether package can be installed
Result: ERROR
    Installation failed.
Flavor: r-oldrel-windows-ix86+x86_64