CRAN Package Check Results for Package EMMIXgene

Last updated on 2023-12-03 13:49:36 CET.

Flavor Version Tinstall Tcheck Ttotal Status Flags
r-devel-linux-x86_64-debian-clang 0.1.3 64.80 84.56 149.36 NOTE
r-devel-linux-x86_64-debian-gcc 0.1.3 46.30 60.74 107.04 NOTE
r-devel-linux-x86_64-fedora-clang 0.1.3 202.92 NOTE
r-devel-linux-x86_64-fedora-gcc 0.1.3 211.39 NOTE
r-devel-windows-x86_64 0.1.3 51.00 103.00 154.00 NOTE
r-patched-linux-x86_64 0.1.3 55.31 79.91 135.22 NOTE
r-release-linux-x86_64 0.1.3 54.13 80.64 134.77 NOTE
r-release-macos-arm64 0.1.3 59.00 NOTE
r-release-macos-x86_64 0.1.3 93.00 NOTE
r-release-windows-x86_64 0.1.3 66.00 116.00 182.00 NOTE
r-oldrel-macos-arm64 0.1.3 54.00 NOTE
r-oldrel-macos-x86_64 0.1.3 87.00 NOTE
r-oldrel-windows-x86_64 0.1.3 62.00 114.00 176.00 OK

Check Details

Version: 0.1.3
Check: C++ specification
Result: NOTE Specified C++11: please drop specification unless essential Flavors: r-devel-linux-x86_64-debian-clang, r-devel-linux-x86_64-debian-gcc, r-devel-linux-x86_64-fedora-clang, r-devel-linux-x86_64-fedora-gcc, r-devel-windows-x86_64, r-patched-linux-x86_64, r-release-linux-x86_64, r-release-macos-arm64, r-release-macos-x86_64, r-release-windows-x86_64

Version: 0.1.3
Check: installed package size
Result: NOTE installed size is 6.8Mb sub-directories of 1Mb or more: data 2.0Mb libs 4.1Mb Flavors: r-release-macos-arm64, r-release-macos-x86_64, r-oldrel-macos-arm64, r-oldrel-macos-x86_64