CRAN Package Check Results for Package EMMIXgene

Last updated on 2022-12-05 07:53:40 CET.

Flavor Version Tinstall Tcheck Ttotal Status Flags
r-devel-linux-x86_64-debian-clang 0.1.3 65.03 91.08 156.11 OK
r-devel-linux-x86_64-debian-gcc 0.1.3 53.37 65.93 119.30 OK
r-devel-linux-x86_64-fedora-clang 0.1.3 216.62 OK
r-devel-linux-x86_64-fedora-gcc 0.1.3 217.65 OK
r-devel-windows-x86_64 0.1.3 55.00 132.00 187.00 OK
r-patched-linux-x86_64 0.1.3 54.55 85.89 140.44 OK
r-release-linux-x86_64 0.1.3 53.54 87.46 141.00 OK
r-release-macos-arm64 0.1.3 54.00 NOTE
r-release-macos-x86_64 0.1.3 87.00 NOTE
r-release-windows-x86_64 0.1.3 62.00 135.00 197.00 OK
r-oldrel-macos-arm64 0.1.3 61.00 NOTE
r-oldrel-macos-x86_64 0.1.3 74.00 NOTE
r-oldrel-windows-ix86+x86_64 0.1.3 150.00 170.00 320.00 NOTE

Check Details

Version: 0.1.3
Check: installed package size
Result: NOTE
     installed size is 6.8Mb
     sub-directories of 1Mb or more:
     data 2.0Mb
     libs 4.0Mb
Flavors: r-release-macos-arm64, r-release-macos-x86_64, r-oldrel-macos-arm64, r-oldrel-macos-x86_64, r-oldrel-windows-ix86+x86_64