CRAN Package Check Results for Package EMbC

Last updated on 2018-01-17 17:49:16 CET.

Flavor Version Tinstall Tcheck Ttotal Status Flags
r-devel-linux-x86_64-debian-clang 2.0.0 20.81 77.72 98.53 NOTE
r-devel-linux-x86_64-debian-gcc 2.0.0 18.57 57.55 76.12 NOTE
r-devel-linux-x86_64-fedora-clang 2.0.0 114.84 NOTE
r-devel-linux-x86_64-fedora-gcc 2.0.0 113.70 NOTE
r-devel-windows-ix86+x86_64 2.0.0 63.00 121.00 184.00 OK
r-patched-linux-x86_64 2.0.0 22.39 86.88 109.27 NOTE
r-patched-solaris-x86 2.0.0 146.20 OK
r-release-linux-x86_64 2.0.0 23.88 86.57 110.45 NOTE
r-release-windows-ix86+x86_64 2.0.0 45.00 246.00 291.00 OK
r-release-osx-x86_64 2.0.0 WARN
r-oldrel-windows-ix86+x86_64 2.0.0 63.00 322.00 385.00 OK
r-oldrel-osx-x86_64 2.0.0 OK

Check Details

Version: 2.0.0
Check: compiled code
Result: NOTE
    File ‘EMbC/libs/EMbC.so’:
     Found no calls to: ‘R_registerRoutines’, ‘R_useDynamicSymbols’
    
    It is good practice to register native routines and to disable symbol
    search.
    
    See ‘Writing portable packages’ in the ‘Writing R Extensions’ manual.
Flavors: r-devel-linux-x86_64-debian-clang, r-devel-linux-x86_64-debian-gcc, r-devel-linux-x86_64-fedora-clang, r-devel-linux-x86_64-fedora-gcc, r-patched-linux-x86_64, r-release-linux-x86_64

Version: 2.0.0
Check: package dependencies
Result: NOTE
    Package suggested but not available for checking: ‘move’
Flavor: r-release-osx-x86_64

Version: 2.0.0
Check: re-building of vignette outputs
Result: WARN
    Error in re-building vignettes:
     ...
    Warning in engine$weave(file, quiet = quiet, encoding = enc) :
     Pandoc (>= 1.12.3) and/or pandoc-citeproc not available. Falling back to R Markdown v1.
    Quitting from lines 328-331 (EMbC_qckref.Rmd)
    Error: processing vignette 'EMbC_qckref.Rmd' failed with diagnostics:
    there is no package called 'move'
    Execution halted
Flavor: r-release-osx-x86_64