CRAN Package Check Results for Package ENMeval

Last updated on 2018-05-21 15:46:40 CEST.

Flavor Version Tinstall Tcheck Ttotal Status Flags
r-devel-linux-x86_64-debian-clang 0.2.2 6.54 92.39 98.93 OK
r-devel-linux-x86_64-debian-gcc 0.2.2 5.87 82.86 88.73 OK
r-devel-linux-x86_64-fedora-clang 0.2.2 134.48 OK
r-devel-linux-x86_64-fedora-gcc 0.2.2 130.34 OK
r-devel-windows-ix86+x86_64 0.2.2 15.00 111.00 126.00 OK
r-patched-linux-x86_64 0.2.2 4.35 90.72 95.07 OK
r-patched-solaris-x86 0.2.2 174.10 OK
r-release-linux-x86_64 0.2.2 6.13 88.95 95.08 OK
r-release-windows-ix86+x86_64 0.2.2 14.00 165.00 179.00 OK
r-release-osx-x86_64 0.2.2 OK
r-oldrel-windows-ix86+x86_64 0.2.2 12.00 152.00 164.00 OK
r-oldrel-osx-x86_64 0.2.2 WARN

Check Details

Version: 0.2.2
Check: package dependencies
Result: NOTE
    Packages suggested but not available for checking: ‘spocc’ ‘rgeos’
Flavor: r-oldrel-osx-x86_64

Version: 0.2.2
Check: re-building of vignette outputs
Result: WARN
    Error in re-building vignettes:
     ...
    ERROR: dependency ‘rgeos’ is not available for package ‘geoaxe’
    * removing ‘/Volumes/XT3/Builds/R-dev-web/QA/Simon/packages/el-capitan-x86_64/results/3.4/ENMeval.Rcheck/geoaxe’
    Warning in install.packages("spocc", repos = "http://cran.us.r-project.org") :
     installation of package 'geoaxe' had non-zero exit status
    ERROR: dependency ‘geoaxe’ is not available for package ‘rgbif’
    * removing ‘/Volumes/XT3/Builds/R-dev-web/QA/Simon/packages/el-capitan-x86_64/results/3.4/ENMeval.Rcheck/rgbif’
    Warning in install.packages("spocc", repos = "http://cran.us.r-project.org") :
     installation of package 'rgbif' had non-zero exit status
    ERROR: dependency ‘rgbif’ is not available for package ‘spocc’
    * removing ‘/Volumes/XT3/Builds/R-dev-web/QA/Simon/packages/el-capitan-x86_64/results/3.4/ENMeval.Rcheck/spocc’
    Warning in install.packages("spocc", repos = "http://cran.us.r-project.org") :
     installation of package 'spocc' had non-zero exit status
    
    The downloaded source packages are in
     '/private/var/folders/xn/m8dzdsgs7sg8q7jgflnqm8w80000gn/T/Rtmpf3RLJr/downloaded_packages'
    Loading required package: ENMeval
    Loading required package: dismo
    Loading required package: raster
    Loading required package: sp
    Loading required package: rJava
    Loading required package: parallel
    Quitting from lines 38-52 (ENMeval-vignette.Rmd)
    Error: processing vignette 'ENMeval-vignette.Rmd' failed with diagnostics:
    there is no package called 'spocc'
    Execution halted
Flavor: r-oldrel-osx-x86_64