CRAN Package Check Results for Package ENMeval

Last updated on 2018-02-26 01:46:16 CET.

Flavor Version Tinstall Tcheck Ttotal Status Flags
r-devel-linux-x86_64-debian-clang 0.2.2 5.65 79.95 85.60 OK
r-devel-linux-x86_64-debian-gcc 0.2.2 5.13 69.95 75.08 OK
r-devel-linux-x86_64-fedora-clang 0.2.2 114.31 OK
r-devel-linux-x86_64-fedora-gcc 0.2.2 115.22 OK
r-devel-windows-ix86+x86_64 0.2.2 14.00 137.00 151.00 OK
r-patched-linux-x86_64 0.2.2 4.67 98.31 102.98 OK
r-patched-solaris-x86 0.2.2 161.70 OK
r-release-linux-x86_64 0.2.2 5.29 98.07 103.36 OK
r-release-windows-ix86+x86_64 0.2.2 13.00 137.00 150.00 OK
r-release-osx-x86_64 0.2.2 WARN
r-oldrel-windows-ix86+x86_64 0.2.2 8.00 90.00 98.00 OK
r-oldrel-osx-x86_64 0.2.2 OK

Check Details

Version: 0.2.2
Check: package dependencies
Result: NOTE
    Packages suggested but not available for checking: ‘spocc’ ‘rgeos’
Flavor: r-release-osx-x86_64

Version: 0.2.2
Check: re-building of vignette outputs
Result: WARN
    Error in re-building vignettes:
     ...
    ERROR: dependency ‘rgeos’ is not available for package ‘geoaxe’
    * removing ‘/Volumes/XT3/Builds/R-dev-web/QA/Simon/packages/el-capitan-x86_64/results/3.4/ENMeval.Rcheck/geoaxe’
    Warning in install.packages("spocc", repos = "http://cran.us.r-project.org") :
     installation of package 'geoaxe' had non-zero exit status
    ERROR: dependency ‘geoaxe’ is not available for package ‘rgbif’
    * removing ‘/Volumes/XT3/Builds/R-dev-web/QA/Simon/packages/el-capitan-x86_64/results/3.4/ENMeval.Rcheck/rgbif’
    Warning in install.packages("spocc", repos = "http://cran.us.r-project.org") :
     installation of package 'rgbif' had non-zero exit status
    ERROR: dependency ‘rgbif’ is not available for package ‘spocc’
    * removing ‘/Volumes/XT3/Builds/R-dev-web/QA/Simon/packages/el-capitan-x86_64/results/3.4/ENMeval.Rcheck/spocc’
    Warning in install.packages("spocc", repos = "http://cran.us.r-project.org") :
     installation of package 'spocc' had non-zero exit status
    
    The downloaded source packages are in
     '/private/var/folders/xn/m8dzdsgs7sg8q7jgflnqm8w80000gn/T/Rtmpf3RLJr/downloaded_packages'
    Loading required package: ENMeval
    Loading required package: dismo
    Loading required package: raster
    Loading required package: sp
    Loading required package: rJava
    Loading required package: parallel
    Quitting from lines 38-52 (ENMeval-vignette.Rmd)
    Error: processing vignette 'ENMeval-vignette.Rmd' failed with diagnostics:
    there is no package called 'spocc'
    Execution halted
Flavor: r-release-osx-x86_64