CRAN Package Check Results for Package ERP

Last updated on 2018-12-17 15:49:10 CET.

Flavor Version Tinstall Tcheck Ttotal Status Flags
r-devel-linux-x86_64-debian-clang 2.1 7.57 2.30 9.87 ERROR
r-devel-linux-x86_64-debian-gcc 2.1 4.82 2.24 7.06 ERROR
r-devel-linux-x86_64-fedora-clang 2.1 292.25 OK
r-devel-linux-x86_64-fedora-gcc 2.1 287.34 OK
r-devel-windows-ix86+x86_64 2.1 16.00 285.00 301.00 OK
r-patched-linux-x86_64 2.1 6.18 2.09 8.27 ERROR
r-patched-solaris-x86 2.1 482.30 OK
r-release-linux-x86_64 2.1 4.84 218.67 223.51 OK
r-release-windows-ix86+x86_64 2.1 9.00 278.00 287.00 OK
r-release-osx-x86_64 2.1 OK
r-oldrel-windows-ix86+x86_64 2.1 10.00 284.00 294.00 OK
r-oldrel-osx-x86_64 2.1 OK

Check Details

Version: 2.1
Check: whether the package can be loaded
Result: ERROR
    Loading this package had a fatal error status code 1
    Loading log:
    Error: package or namespace load failed for ‘ERP’:
     .onLoad failed in loadNamespace() for ‘mnormt’, details:
     call: dyn.load(file, DLLpath = DLLpath, ...)
     error: unable to load shared object ‘/home/hornik/tmp/R.check/r-devel-clang/Work/build/Packages/mnormt/libs/mnormt.so’:
     /home/hornik/tmp/R.check/r-devel-clang/Work/build/Packages/mnormt/libs/mnormt.so: failed to map segment from shared object
    Execution halted
Flavor: r-devel-linux-x86_64-debian-clang

Version: 2.1
Check: whether the package can be loaded
Result: ERROR
    Loading this package had a fatal error status code 1
    Loading log:
    Error: package or namespace load failed for ‘ERP’:
     .onLoad failed in loadNamespace() for ‘mnormt’, details:
     call: dyn.load(file, DLLpath = DLLpath, ...)
     error: unable to load shared object ‘/home/hornik/tmp/R.check/r-devel-gcc/Work/build/Packages/mnormt/libs/mnormt.so’:
     /home/hornik/tmp/R.check/r-devel-gcc/Work/build/Packages/mnormt/libs/mnormt.so: failed to map segment from shared object
    Execution halted
Flavor: r-devel-linux-x86_64-debian-gcc

Version: 2.1
Check: whether the package can be loaded
Result: ERROR
    Loading this package had a fatal error status code 1
    Loading log:
    Error: package or namespace load failed for ‘ERP’:
     .onLoad failed in loadNamespace() for ‘mnormt’, details:
     call: dyn.load(file, DLLpath = DLLpath, ...)
     error: unable to load shared object ‘/home/hornik/tmp/R.check/r-patched-gcc/Work/build/Packages/mnormt/libs/mnormt.so’:
     /home/hornik/tmp/R.check/r-patched-gcc/Work/build/Packages/mnormt/libs/mnormt.so: failed to map segment from shared object
    Execution halted
Flavor: r-patched-linux-x86_64