CRAN Package Check Results for Package ESGtoolkit

Last updated on 2018-02-25 17:48:46 CET.

Flavor Version Tinstall Tcheck Ttotal Status Flags
r-devel-linux-x86_64-debian-clang 0.1 15.14 46.49 61.63 NOTE
r-devel-linux-x86_64-debian-gcc 0.1 13.08 37.22 50.30 NOTE
r-devel-linux-x86_64-fedora-clang 0.1 83.73 NOTE
r-devel-linux-x86_64-fedora-gcc 0.1 79.82 NOTE
r-devel-windows-ix86+x86_64 0.1 47.00 120.00 167.00 NOTE
r-patched-linux-x86_64 0.1 14.35 54.53 68.88 NOTE
r-patched-solaris-x86 0.1 108.70 NOTE
r-release-linux-x86_64 0.1 13.88 55.09 68.97 NOTE
r-release-windows-ix86+x86_64 0.1 51.00 126.00 177.00 NOTE
r-release-osx-x86_64 0.1 NOTE
r-oldrel-windows-ix86+x86_64 0.1 37.00 88.00 125.00 NOTE
r-oldrel-osx-x86_64 0.1 NOTE

Check Details

Version: 0.1
Check: DESCRIPTION meta-information
Result: NOTE
    Malformed Title field: should not end in a period.
Flavors: r-devel-linux-x86_64-debian-clang, r-devel-linux-x86_64-debian-gcc, r-devel-linux-x86_64-fedora-clang, r-devel-linux-x86_64-fedora-gcc, r-devel-windows-ix86+x86_64, r-patched-linux-x86_64, r-patched-solaris-x86, r-release-linux-x86_64, r-release-windows-ix86+x86_64, r-release-osx-x86_64, r-oldrel-windows-ix86+x86_64, r-oldrel-osx-x86_64

Version: 0.1
Check: R code for possible problems
Result: NOTE
    bands.add: no visible global function definition for ‘polygon’
    bands.add: no visible global function definition for ‘lines’
    bands.plot: no visible global function definition for ‘plot’
    bands.plot: no visible global function definition for ‘polygon’
    bands.plot: no visible global function definition for ‘lines’
    bands.plot: no visible global function definition for ‘abline’
    esgcortest: no visible global function definition for ‘deltat’
    esgcortest: no visible global function definition for ‘ts’
    esgcortest : <anonymous>: no visible global function definition for
     ‘cor’
    esgcortest : <anonymous>: no visible global function definition for
     ‘cor.test’
    esgdiscountfactor: no visible global function definition for ‘start’
    esgdiscountfactor: no visible global function definition for ‘deltat’
    esgdiscountfactor: no visible global function definition for ‘ts’
    esgdiscountfactor: no visible global function definition for ‘tsp’
    esgdiscountfactor: no visible global function definition for ‘window’
    esgfwdrates: no visible global function definition for ‘ts’
    esgmartingaletest: no visible global function definition for ‘deltat’
    esgmartingaletest: no visible global function definition for ‘ts’
    esgmartingaletest: no visible binding for global variable ‘sd’
    esgmartingaletest: no visible global function definition for ‘qt’
    esgmartingaletest: no visible global function definition for ‘pt’
    esgmartingaletest: no visible global function definition for ‘end’
    esgmartingaletest: no visible global function definition for ‘start’
    esgmccv: no visible global function definition for ‘is.ts’
    esgmccv: no visible global function definition for ‘tsp’
    esgmccv: no visible global function definition for ‘deltat’
    esgmccv: no visible global function definition for ‘window’
    esgmccv : <anonymous>: no visible global function definition for
     ‘t.test’
    esgmccv: no visible global function definition for ‘matplot’
    esgmccv: no visible global function definition for ‘polygon’
    esgmccv: no visible global function definition for ‘lines’
    esgmcprices: no visible global function definition for ‘is.ts’
    esgmcprices: no visible global function definition for ‘tsp’
    esgmcprices: no visible global function definition for ‘deltat’
    esgmcprices: no visible global function definition for ‘ts’
    esgmcprices: no visible global function definition for ‘start’
    esgmcprices: no visible global function definition for ‘window’
    esgplotbands: no visible global function definition for ‘is.ts’
    esgplotbands : <anonymous>: no visible global function definition for
     ‘quantile’
    esgplotbands : <anonymous>: no visible global function definition for
     ‘t.test’
    esgplotbands: no visible global function definition for
     ‘colorRampPalette’
    esgplotbands: no visible global function definition for ‘time’
    esgplotbands: no visible global function definition for ‘points’
    esgplotbands: no visible global function definition for ‘par’
    esgplotbands: no visible global function definition for ‘lines’
    esgplotbands: no visible global function definition for ‘plot’
    esgplotshocks: no visible global function definition for ‘geom_point’
    esgplotshocks: no visible global function definition for ‘aes’
    esgplotshocks: no visible global function definition for ‘theme’
    esgplotshocks: no visible global function definition for
     ‘element_blank’
    esgplotshocks: no visible global function definition for
     ‘scale_color_manual’
    esgplotshocks: no visible global function definition for ‘geom_density’
    esgplotshocks: no visible global function definition for
     ‘scale_fill_manual’
    esgplotshocks: no visible global function definition for ‘coord_flip’
    esgplotts: no visible global function definition for ‘start’
    esgplotts: no visible global function definition for ‘deltat’
    esgplotts: no visible global function definition for ‘xlab’
    esgplotts: no visible global function definition for ‘ylab’
    esgplotts: no visible global function definition for ‘theme’
    simdiff: no visible global function definition for ‘ts’
    simshocks: no visible global function definition for ‘ts’
    simshocks: no visible global function definition for ‘qnorm’
    simshocks : <anonymous>: no visible global function definition for ‘ts’
    Undefined global functions or variables:
     abline aes colorRampPalette coord_flip cor cor.test deltat
     element_blank end geom_density geom_point is.ts lines matplot par
     plot points polygon pt qnorm qt quantile scale_color_manual
     scale_fill_manual sd start t.test theme time ts tsp window xlab ylab
    Consider adding
     importFrom("grDevices", "colorRampPalette")
     importFrom("graphics", "abline", "lines", "matplot", "par", "plot",
     "points", "polygon")
     importFrom("stats", "cor", "cor.test", "deltat", "end", "is.ts", "pt",
     "qnorm", "qt", "quantile", "sd", "start", "t.test", "time",
     "ts", "tsp", "window")
    to your NAMESPACE file.
Flavors: r-devel-linux-x86_64-debian-clang, r-devel-linux-x86_64-debian-gcc, r-devel-linux-x86_64-fedora-clang, r-devel-linux-x86_64-fedora-gcc, r-devel-windows-ix86+x86_64, r-patched-linux-x86_64, r-patched-solaris-x86, r-release-linux-x86_64, r-release-windows-ix86+x86_64, r-release-osx-x86_64, r-oldrel-windows-ix86+x86_64, r-oldrel-osx-x86_64

Version: 0.1
Check: compiled code
Result: NOTE
    File ‘ESGtoolkit/libs/ESGtoolkit.so’:
     Found no calls to: ‘R_registerRoutines’, ‘R_useDynamicSymbols’
    
    It is good practice to register native routines and to disable symbol
    search.
    
    See ‘Writing portable packages’ in the ‘Writing R Extensions’ manual.
Flavors: r-devel-linux-x86_64-debian-clang, r-devel-linux-x86_64-debian-gcc, r-devel-linux-x86_64-fedora-clang, r-devel-linux-x86_64-fedora-gcc, r-patched-linux-x86_64, r-release-linux-x86_64