CRAN Package Check Results for Package EWGoF

Last updated on 2022-12-07 07:54:30 CET.

Flavor Version Tinstall Tcheck Ttotal Status Flags
r-devel-linux-x86_64-debian-clang 2.2.2 91.83 41.54 133.37 NOTE
r-devel-linux-x86_64-debian-gcc 2.2.2 65.38 32.68 98.06 NOTE
r-devel-linux-x86_64-fedora-clang 2.2.2 214.71 NOTE
r-devel-linux-x86_64-fedora-gcc 2.2.2 172.60 NOTE
r-devel-windows-x86_64 2.2.2 69.00 90.00 159.00 NOTE
r-patched-linux-x86_64 2.2.2 67.08 40.37 107.45 NOTE
r-release-linux-x86_64 2.2.2 65.32 39.98 105.30 NOTE
r-release-macos-arm64 2.2.2 39.00 NOTE
r-release-macos-x86_64 2.2.2 56.00 NOTE
r-release-windows-x86_64 2.2.2 67.00 90.00 157.00 NOTE
r-oldrel-macos-arm64 2.2.2 46.00 NOTE
r-oldrel-macos-x86_64 2.2.2 85.00 NOTE
r-oldrel-windows-ix86+x86_64 2.2.2 207.00 93.00 300.00 NOTE

Check Details

Version: 2.2.2
Check: LazyData
Result: NOTE
     'LazyData' is specified without a 'data' directory
Flavors: r-devel-linux-x86_64-debian-clang, r-devel-linux-x86_64-debian-gcc, r-devel-linux-x86_64-fedora-clang, r-devel-linux-x86_64-fedora-gcc, r-devel-windows-x86_64, r-patched-linux-x86_64, r-release-linux-x86_64, r-release-macos-arm64, r-release-macos-x86_64, r-release-windows-x86_64, r-oldrel-macos-arm64, r-oldrel-macos-x86_64, r-oldrel-windows-ix86+x86_64