Last updated on 2023-12-09 21:54:15 CET.
Flavor | Version | Tinstall | Tcheck | Ttotal | Status | Flags |
---|---|---|---|---|---|---|
r-devel-linux-x86_64-debian-clang | 2.2.2 | 99.68 | 42.23 | 141.91 | NOTE | |
r-devel-linux-x86_64-debian-gcc | 2.2.2 | 63.15 | 31.91 | 95.06 | NOTE | |
r-devel-linux-x86_64-fedora-clang | 2.2.2 | 209.77 | NOTE | |||
r-devel-linux-x86_64-fedora-gcc | 2.2.2 | 193.99 | NOTE | |||
r-devel-windows-x86_64 | 2.2.2 | 71.00 | 68.00 | 139.00 | NOTE | |
r-patched-linux-x86_64 | 2.2.2 | 82.35 | 41.53 | 123.88 | NOTE | |
r-release-linux-x86_64 | 2.2.2 | 80.02 | 40.92 | 120.94 | NOTE | |
r-release-macos-arm64 | 2.2.2 | 44.00 | NOTE | |||
r-release-macos-x86_64 | 2.2.2 | 79.00 | NOTE | |||
r-release-windows-x86_64 | 2.2.2 | 79.00 | 80.00 | 159.00 | NOTE | |
r-oldrel-macos-arm64 | 2.2.2 | 43.00 | NOTE | |||
r-oldrel-macos-x86_64 | 2.2.2 | 56.00 | NOTE | |||
r-oldrel-windows-x86_64 | 2.2.2 | 86.00 | 83.00 | 169.00 | NOTE |
Version: 2.2.2
Check: LazyData
Result: NOTE
'LazyData' is specified without a 'data' directory
Flavors: r-devel-linux-x86_64-debian-clang, r-devel-linux-x86_64-debian-gcc, r-devel-linux-x86_64-fedora-clang, r-devel-linux-x86_64-fedora-gcc, r-devel-windows-x86_64, r-patched-linux-x86_64, r-release-linux-x86_64, r-release-macos-arm64, r-release-macos-x86_64, r-release-windows-x86_64, r-oldrel-macos-arm64, r-oldrel-macos-x86_64, r-oldrel-windows-x86_64