CRAN Package Check Results for Package Eagle

Last updated on 2021-04-11 18:47:28 CEST.

Flavor Version Tinstall Tcheck Ttotal Status Flags
r-devel-linux-x86_64-debian-clang 2.4.3 318.15 102.04 420.19 NOTE
r-devel-linux-x86_64-debian-gcc 2.4.3 201.43 79.29 280.72 NOTE
r-devel-linux-x86_64-fedora-clang 2.4.3 599.55 NOTE
r-devel-linux-x86_64-fedora-gcc 2.4.3 493.34 NOTE
r-devel-windows-ix86+x86_64 2.4.3 508.00 126.00 634.00 NOTE
r-devel-windows-x86_64-gcc10-UCRT 2.4.3 NOTE
r-patched-linux-x86_64 2.4.3 248.65 98.64 347.29 OK
r-patched-solaris-x86 2.4.3 489.20 OK
r-release-linux-x86_64 2.4.3 222.76 99.32 322.08 OK
r-release-macos-x86_64 2.4.3 NOTE
r-release-windows-ix86+x86_64 2.4.3 716.00 166.00 882.00 OK
r-oldrel-macos-x86_64 2.4.3 NOTE
r-oldrel-windows-ix86+x86_64 2.4.3 640.00 153.00 793.00 OK

Check Details

Version: 2.4.3
Check: LazyData
Result: NOTE
     'LazyData' is specified without a 'data' directory
Flavors: r-devel-linux-x86_64-debian-clang, r-devel-linux-x86_64-debian-gcc, r-devel-linux-x86_64-fedora-clang, r-devel-linux-x86_64-fedora-gcc, r-devel-windows-ix86+x86_64, r-devel-windows-x86_64-gcc10-UCRT

Version: 2.4.3
Check: installed package size
Result: NOTE
     installed size is 14.3Mb
     sub-directories of 1Mb or more:
     libs 12.3Mb
     shiny_app 1.1Mb
Flavors: r-devel-linux-x86_64-fedora-clang, r-release-macos-x86_64, r-oldrel-macos-x86_64