CRAN Package Check Results for Package EasyABC

Last updated on 2018-07-18 00:49:47 CEST.

Flavor Version Tinstall Tcheck Ttotal Status Flags
r-devel-linux-x86_64-debian-clang 1.5 11.51 90.21 101.72 NOTE
r-devel-linux-x86_64-debian-gcc 1.5 9.19 71.29 80.48 NOTE
r-devel-linux-x86_64-fedora-clang 1.5 122.68 NOTE
r-devel-linux-x86_64-fedora-gcc 1.5 123.58 NOTE
r-devel-windows-ix86+x86_64 1.5 30.00 131.00 161.00 OK
r-patched-linux-x86_64 1.5 10.76 80.63 91.39 NOTE
r-patched-solaris-x86 1.5 156.70 OK
r-release-linux-x86_64 1.5 13.31 80.66 93.97 NOTE
r-release-windows-ix86+x86_64 1.5 30.00 150.00 180.00 OK
r-release-osx-x86_64 1.5 OK
r-oldrel-windows-ix86+x86_64 1.5 13.00 103.00 116.00 OK
r-oldrel-osx-x86_64 1.5 OK

Check Details

Version: 1.5
Check: compiled code
Result: NOTE
    File ‘EasyABC/libs/EasyABC.so’:
     Found no calls to: ‘R_registerRoutines’, ‘R_useDynamicSymbols’
    
    It is good practice to register native routines and to disable symbol
    search.
    
    See ‘Writing portable packages’ in the ‘Writing R Extensions’ manual.
Flavors: r-devel-linux-x86_64-debian-clang, r-devel-linux-x86_64-debian-gcc, r-devel-linux-x86_64-fedora-clang, r-devel-linux-x86_64-fedora-gcc, r-patched-linux-x86_64, r-release-linux-x86_64