CRAN Package Check Results for Package EasyABC

Last updated on 2022-10-01 23:55:10 CEST.

Flavor Version Tinstall Tcheck Ttotal Status Flags
r-devel-linux-x86_64-debian-clang 1.5 18.14 118.80 136.94 OK
r-devel-linux-x86_64-debian-gcc 1.5 16.48 89.27 105.75 OK
r-devel-linux-x86_64-fedora-clang 1.5 196.21 WARN
r-devel-linux-x86_64-fedora-gcc 1.5 175.55 NOTE
r-devel-windows-x86_64 1.5 33.00 155.00 188.00 OK
r-patched-linux-x86_64 1.5 20.68 112.97 133.65 OK
r-release-linux-x86_64 1.5 20.90 112.62 133.52 OK
r-release-macos-arm64 1.5 56.00 OK
r-release-macos-x86_64 1.5 66.00 OK
r-release-windows-x86_64 1.5 32.00 156.00 188.00 OK
r-oldrel-macos-arm64 1.5 53.00 OK
r-oldrel-macos-x86_64 1.5 82.00 OK
r-oldrel-windows-ix86+x86_64 1.5 40.00 175.00 215.00 OK

Additional issues

clang15 clang15

Check Details

Version: 1.5
Check: whether package can be installed
Result: WARN
    Found the following significant warnings:
     trait_model_rc.cpp:214:39: warning: invalid UTF-8 in comment [-Winvalid-utf8]
Flavor: r-devel-linux-x86_64-fedora-clang

Version: 1.5
Check: compiled code
Result: NOTE
    File ‘EasyABC/libs/EasyABC.so’:
     Found no calls to: ‘R_registerRoutines’, ‘R_useDynamicSymbols’
    
    It is good practice to register native routines and to disable symbol
    search.
    
    See ‘Writing portable packages’ in the ‘Writing R Extensions’ manual.
Flavors: r-devel-linux-x86_64-fedora-clang, r-devel-linux-x86_64-fedora-gcc