CRAN Package Check Results for Package EasyABC

Last updated on 2018-10-24 05:49:39 CEST.

Flavor Version Tinstall Tcheck Ttotal Status Flags
r-devel-linux-x86_64-debian-clang 1.5 14.13 92.09 106.22 OK
r-devel-linux-x86_64-debian-gcc 1.5 11.85 72.20 84.05 OK
r-devel-linux-x86_64-fedora-clang 1.5 125.14 NOTE
r-devel-linux-x86_64-fedora-gcc 1.5 121.66 NOTE
r-devel-windows-ix86+x86_64 1.5 28.00 170.00 198.00 OK
r-patched-linux-x86_64 1.5 12.49 79.45 91.94 OK
r-patched-solaris-x86 1.5 157.20 OK
r-release-linux-x86_64 1.5 10.66 80.36 91.02 OK
r-release-windows-ix86+x86_64 1.5 27.00 116.00 143.00 OK
r-release-osx-x86_64 1.5 OK
r-oldrel-windows-ix86+x86_64 1.5 14.00 156.00 170.00 OK
r-oldrel-osx-x86_64 1.5 OK

Check Details

Version: 1.5
Check: compiled code
Result: NOTE
    File ‘EasyABC/libs/EasyABC.so’:
     Found no calls to: ‘R_registerRoutines’, ‘R_useDynamicSymbols’
    
    It is good practice to register native routines and to disable symbol
    search.
    
    See ‘Writing portable packages’ in the ‘Writing R Extensions’ manual.
Flavors: r-devel-linux-x86_64-fedora-clang, r-devel-linux-x86_64-fedora-gcc