CRAN Package Check Results for Package EasyMARK

Last updated on 2021-01-23 20:46:47 CET.

Flavor Version Tinstall Tcheck Ttotal Status Flags
r-devel-linux-x86_64-debian-clang 1.0 2.88 28.27 31.15 NOTE
r-devel-linux-x86_64-debian-gcc 1.0 2.54 22.67 25.21 NOTE
r-devel-linux-x86_64-fedora-clang 1.0 47.51 NOTE
r-devel-linux-x86_64-fedora-gcc 1.0 39.08 NOTE
r-devel-windows-ix86+x86_64 1.0 7.00 45.00 52.00 NOTE
r-patched-linux-x86_64 1.0 2.78 27.63 30.41 NOTE
r-patched-solaris-x86 1.0 65.80 NOTE
r-release-linux-x86_64 1.0 2.89 27.59 30.48 NOTE
r-release-macos-x86_64 1.0 NOTE
r-release-windows-ix86+x86_64 1.0 14.00 45.00 59.00 NOTE
r-oldrel-macos-x86_64 1.0 NOTE
r-oldrel-windows-ix86+x86_64 1.0 5.00 40.00 45.00 NOTE

Check Details

Version: 1.0
Check: DESCRIPTION meta-information
Result: NOTE
    Malformed Title field: should not end in a period.
Flavors: r-devel-linux-x86_64-debian-clang, r-devel-linux-x86_64-debian-gcc, r-devel-linux-x86_64-fedora-clang, r-devel-linux-x86_64-fedora-gcc, r-devel-windows-ix86+x86_64, r-patched-linux-x86_64, r-patched-solaris-x86, r-release-linux-x86_64, r-release-macos-x86_64, r-release-windows-ix86+x86_64, r-oldrel-macos-x86_64, r-oldrel-windows-ix86+x86_64

Version: 1.0
Check: R code for possible problems
Result: NOTE
    MARK.MCMC : Model.Creator: no visible global function definition for
     'combn'
    MARK.MCMC : formula.Maker: no visible global function definition for
     'combn'
    Simulate.CH: no visible global function definition for 'rnorm'
    Simulate.CH: no visible global function definition for 'rbinom'
    Undefined global functions or variables:
     combn rbinom rnorm
    Consider adding
     importFrom("stats", "rbinom", "rnorm")
     importFrom("utils", "combn")
    to your NAMESPACE file.
Flavors: r-devel-linux-x86_64-debian-clang, r-devel-linux-x86_64-debian-gcc, r-devel-linux-x86_64-fedora-clang, r-devel-linux-x86_64-fedora-gcc, r-devel-windows-ix86+x86_64, r-patched-linux-x86_64, r-patched-solaris-x86, r-release-linux-x86_64, r-release-macos-x86_64, r-release-windows-ix86+x86_64, r-oldrel-macos-x86_64, r-oldrel-windows-ix86+x86_64