CRAN Package Check Results for Package EasyMARK

Last updated on 2020-02-27 17:50:54 CET.

Flavor Version Tinstall Tcheck Ttotal Status Flags
r-devel-linux-x86_64-debian-clang 1.0 3.27 25.09 28.36 NOTE
r-devel-linux-x86_64-debian-gcc 1.0 2.42 20.17 22.59 NOTE
r-devel-linux-x86_64-fedora-clang 1.0 36.46 NOTE
r-devel-linux-x86_64-fedora-gcc 1.0 33.54 NOTE
r-devel-windows-ix86+x86_64 1.0 6.00 41.00 47.00 NOTE
r-devel-windows-ix86+x86_64-gcc8 1.0 8.00 41.00 49.00 NOTE
r-patched-linux-x86_64 1.0 2.60 23.35 25.95 NOTE
r-patched-solaris-x86 1.0 61.90 NOTE
r-release-linux-x86_64 1.0 2.71 23.48 26.19 NOTE
r-release-windows-ix86+x86_64 1.0 5.00 40.00 45.00 NOTE
r-release-osx-x86_64 1.0 NOTE
r-oldrel-windows-ix86+x86_64 1.0 3.00 41.00 44.00 NOTE
r-oldrel-osx-x86_64 1.0 NOTE

Check Details

Version: 1.0
Check: DESCRIPTION meta-information
Result: NOTE
    Malformed Title field: should not end in a period.
Flavors: r-devel-linux-x86_64-debian-clang, r-devel-linux-x86_64-debian-gcc, r-devel-linux-x86_64-fedora-clang, r-devel-linux-x86_64-fedora-gcc, r-devel-windows-ix86+x86_64, r-devel-windows-ix86+x86_64-gcc8, r-patched-linux-x86_64, r-patched-solaris-x86, r-release-linux-x86_64, r-release-windows-ix86+x86_64, r-release-osx-x86_64, r-oldrel-windows-ix86+x86_64, r-oldrel-osx-x86_64

Version: 1.0
Check: R code for possible problems
Result: NOTE
    MARK.MCMC : Model.Creator: no visible global function definition for
     'combn'
    MARK.MCMC : formula.Maker: no visible global function definition for
     'combn'
    Simulate.CH: no visible global function definition for 'rnorm'
    Simulate.CH: no visible global function definition for 'rbinom'
    Undefined global functions or variables:
     combn rbinom rnorm
    Consider adding
     importFrom("stats", "rbinom", "rnorm")
     importFrom("utils", "combn")
    to your NAMESPACE file.
Flavors: r-devel-linux-x86_64-debian-clang, r-devel-linux-x86_64-debian-gcc, r-devel-linux-x86_64-fedora-clang, r-devel-linux-x86_64-fedora-gcc, r-devel-windows-ix86+x86_64, r-devel-windows-ix86+x86_64-gcc8, r-patched-linux-x86_64, r-patched-solaris-x86, r-release-linux-x86_64, r-release-windows-ix86+x86_64, r-release-osx-x86_64, r-oldrel-windows-ix86+x86_64, r-oldrel-osx-x86_64