CRAN Package Check Results for Package EasyMARK

Last updated on 2018-11-17 10:51:04 CET.

Flavor Version Tinstall Tcheck Ttotal Status Flags
r-devel-linux-x86_64-debian-clang 1.0 1.84 23.65 25.49 NOTE
r-devel-linux-x86_64-debian-gcc 1.0 1.97 21.60 23.57 NOTE
r-devel-linux-x86_64-fedora-clang 1.0 30.31 NOTE
r-devel-linux-x86_64-fedora-gcc 1.0 28.52 NOTE
r-devel-windows-ix86+x86_64 1.0 5.00 63.00 68.00 NOTE
r-patched-linux-x86_64 1.0 1.94 21.90 23.84 NOTE
r-patched-solaris-x86 1.0 54.70 NOTE
r-release-linux-x86_64 1.0 1.86 22.18 24.04 NOTE
r-release-windows-ix86+x86_64 1.0 6.00 56.00 62.00 NOTE
r-release-osx-x86_64 1.0 NOTE
r-oldrel-windows-ix86+x86_64 1.0 5.00 54.00 59.00 NOTE
r-oldrel-osx-x86_64 1.0 NOTE

Check Details

Version: 1.0
Check: DESCRIPTION meta-information
Result: NOTE
    Malformed Title field: should not end in a period.
Flavors: r-devel-linux-x86_64-debian-clang, r-devel-linux-x86_64-debian-gcc, r-devel-linux-x86_64-fedora-clang, r-devel-linux-x86_64-fedora-gcc, r-devel-windows-ix86+x86_64, r-patched-linux-x86_64, r-patched-solaris-x86, r-release-linux-x86_64, r-release-windows-ix86+x86_64, r-release-osx-x86_64, r-oldrel-windows-ix86+x86_64, r-oldrel-osx-x86_64

Version: 1.0
Check: R code for possible problems
Result: NOTE
    MARK.MCMC : Model.Creator: no visible global function definition for
     ‘combn’
    MARK.MCMC : formula.Maker: no visible global function definition for
     ‘combn’
    Simulate.CH: no visible global function definition for ‘rnorm’
    Simulate.CH: no visible global function definition for ‘rbinom’
    Undefined global functions or variables:
     combn rbinom rnorm
    Consider adding
     importFrom("stats", "rbinom", "rnorm")
     importFrom("utils", "combn")
    to your NAMESPACE file.
Flavors: r-devel-linux-x86_64-debian-clang, r-devel-linux-x86_64-debian-gcc, r-devel-linux-x86_64-fedora-clang, r-devel-linux-x86_64-fedora-gcc, r-devel-windows-ix86+x86_64, r-patched-linux-x86_64, r-patched-solaris-x86, r-release-linux-x86_64, r-release-windows-ix86+x86_64, r-release-osx-x86_64, r-oldrel-windows-ix86+x86_64, r-oldrel-osx-x86_64