CRAN Package Check Results for Package EasyMARK

Last updated on 2019-09-20 05:46:53 CEST.

Flavor Version Tinstall Tcheck Ttotal Status Flags
r-devel-linux-x86_64-debian-clang 1.0 2.99 23.11 26.10 NOTE
r-devel-linux-x86_64-debian-gcc 1.0 2.10 18.71 20.81 NOTE
r-devel-linux-x86_64-fedora-clang 1.0 31.98 NOTE
r-devel-linux-x86_64-fedora-gcc 1.0 31.07 NOTE
r-devel-windows-ix86+x86_64 1.0 12.00 36.00 48.00 NOTE
r-patched-linux-x86_64 1.0 2.49 23.26 25.75 NOTE
r-patched-solaris-x86 1.0 55.80 NOTE
r-release-linux-x86_64 1.0 2.74 22.87 25.61 NOTE
r-release-windows-ix86+x86_64 1.0 7.00 38.00 45.00 NOTE
r-release-osx-x86_64 1.0 NOTE
r-oldrel-windows-ix86+x86_64 1.0 4.00 37.00 41.00 NOTE
r-oldrel-osx-x86_64 1.0 NOTE

Check Details

Version: 1.0
Check: DESCRIPTION meta-information
Result: NOTE
    Malformed Title field: should not end in a period.
Flavors: r-devel-linux-x86_64-debian-clang, r-devel-linux-x86_64-debian-gcc, r-devel-linux-x86_64-fedora-clang, r-devel-linux-x86_64-fedora-gcc, r-devel-windows-ix86+x86_64, r-patched-linux-x86_64, r-patched-solaris-x86, r-release-linux-x86_64, r-release-windows-ix86+x86_64, r-release-osx-x86_64, r-oldrel-windows-ix86+x86_64, r-oldrel-osx-x86_64

Version: 1.0
Check: R code for possible problems
Result: NOTE
    MARK.MCMC : Model.Creator: no visible global function definition for
     'combn'
    MARK.MCMC : formula.Maker: no visible global function definition for
     'combn'
    Simulate.CH: no visible global function definition for 'rnorm'
    Simulate.CH: no visible global function definition for 'rbinom'
    Undefined global functions or variables:
     combn rbinom rnorm
    Consider adding
     importFrom("stats", "rbinom", "rnorm")
     importFrom("utils", "combn")
    to your NAMESPACE file.
Flavors: r-devel-linux-x86_64-debian-clang, r-devel-linux-x86_64-debian-gcc, r-devel-linux-x86_64-fedora-clang, r-devel-linux-x86_64-fedora-gcc, r-devel-windows-ix86+x86_64, r-patched-linux-x86_64, r-patched-solaris-x86, r-release-linux-x86_64, r-release-windows-ix86+x86_64, r-release-osx-x86_64, r-oldrel-windows-ix86+x86_64, r-oldrel-osx-x86_64