CRAN Package Check Results for Package EasyMARK

Last updated on 2018-05-23 00:46:34 CEST.

Flavor Version Tinstall Tcheck Ttotal Status Flags
r-devel-linux-x86_64-debian-clang 1.0 1.83 22.84 24.67 NOTE
r-devel-linux-x86_64-debian-gcc 1.0 1.99 20.64 22.63 NOTE
r-devel-linux-x86_64-fedora-clang 1.0 29.89 NOTE
r-devel-linux-x86_64-fedora-gcc 1.0 28.27 NOTE
r-devel-windows-ix86+x86_64 1.0 6.00 50.00 56.00 NOTE
r-patched-linux-x86_64 1.0 1.12 21.83 22.95 NOTE
r-patched-solaris-x86 1.0 53.80 NOTE
r-release-linux-x86_64 1.0 1.79 21.80 23.59 NOTE
r-release-windows-ix86+x86_64 1.0 5.00 46.00 51.00 NOTE
r-release-osx-x86_64 1.0 NOTE
r-oldrel-windows-ix86+x86_64 1.0 7.00 56.00 63.00 NOTE
r-oldrel-osx-x86_64 1.0 NOTE

Check Details

Version: 1.0
Check: DESCRIPTION meta-information
Result: NOTE
    Malformed Title field: should not end in a period.
Flavors: r-devel-linux-x86_64-debian-clang, r-devel-linux-x86_64-debian-gcc, r-devel-linux-x86_64-fedora-clang, r-devel-linux-x86_64-fedora-gcc, r-devel-windows-ix86+x86_64, r-patched-linux-x86_64, r-patched-solaris-x86, r-release-linux-x86_64, r-release-windows-ix86+x86_64, r-release-osx-x86_64, r-oldrel-windows-ix86+x86_64, r-oldrel-osx-x86_64

Version: 1.0
Check: R code for possible problems
Result: NOTE
    MARK.MCMC : Model.Creator: no visible global function definition for
     ‘combn’
    MARK.MCMC : formula.Maker: no visible global function definition for
     ‘combn’
    Simulate.CH: no visible global function definition for ‘rnorm’
    Simulate.CH: no visible global function definition for ‘rbinom’
    Undefined global functions or variables:
     combn rbinom rnorm
    Consider adding
     importFrom("stats", "rbinom", "rnorm")
     importFrom("utils", "combn")
    to your NAMESPACE file.
Flavors: r-devel-linux-x86_64-debian-clang, r-devel-linux-x86_64-debian-gcc, r-devel-linux-x86_64-fedora-clang, r-devel-linux-x86_64-fedora-gcc, r-devel-windows-ix86+x86_64, r-patched-linux-x86_64, r-patched-solaris-x86, r-release-linux-x86_64, r-release-windows-ix86+x86_64, r-release-osx-x86_64, r-oldrel-windows-ix86+x86_64, r-oldrel-osx-x86_64