CRAN Package Check Results for Package EcoGenetics

Last updated on 2018-05-22 15:48:33 CEST.

Flavor Version Tinstall Tcheck Ttotal Status Flags
r-devel-linux-x86_64-debian-clang 1.2.1-4 40.55 198.41 238.96 WARN
r-devel-linux-x86_64-debian-gcc 1.2.1-4 35.24 159.30 194.54 WARN
r-devel-linux-x86_64-fedora-clang 1.2.1-4 305.89 OK
r-devel-linux-x86_64-fedora-gcc 1.2.1-4 295.04 OK
r-devel-windows-ix86+x86_64 1.2.1-4 53.00 252.00 305.00 OK
r-patched-linux-x86_64 1.2.1-4 37.30 167.15 204.45 OK
r-patched-solaris-x86 1.2.1-4 389.90 OK
r-release-linux-x86_64 1.2.1-4 43.58 166.22 209.80 OK
r-release-windows-ix86+x86_64 1.2.1-4 49.00 165.00 214.00 OK
r-release-osx-x86_64 1.2.1-4 OK
r-oldrel-windows-ix86+x86_64 1.2.1-4 39.00 235.00 274.00 OK
r-oldrel-osx-x86_64 1.2.1-4 OK

Check Details

Version: 1.2.1-4
Check: for unstated dependencies in ‘tests’
Result: WARN
    'library' or 'require' calls not declared from:
     ‘hierfstat’ ‘vegan’
Flavors: r-devel-linux-x86_64-debian-clang, r-devel-linux-x86_64-debian-gcc