CRAN Package Check Results for Package EcoNetGen

Last updated on 2022-09-24 15:55:19 CEST.

Flavor Version Tinstall Tcheck Ttotal Status Flags
r-devel-linux-x86_64-debian-clang 0.2.3 8.98 58.58 67.56 NOTE
r-devel-linux-x86_64-debian-gcc 0.2.3 6.69 44.46 51.15 NOTE
r-devel-linux-x86_64-fedora-clang 0.2.3 89.70 NOTE
r-devel-linux-x86_64-fedora-gcc 0.2.3 85.62 NOTE
r-devel-windows-x86_64 0.2.3 18.00 74.00 92.00 NOTE
r-patched-linux-x86_64 0.2.3 5.82 56.05 61.87 NOTE
r-release-linux-x86_64 0.2.3 7.46 54.82 62.28 NOTE
r-release-macos-arm64 0.2.3 32.00 NOTE
r-release-macos-x86_64 0.2.3 57.00 NOTE
r-release-windows-x86_64 0.2.3 24.00 90.00 114.00 NOTE
r-oldrel-macos-arm64 0.2.3 38.00 NOTE
r-oldrel-macos-x86_64 0.2.3 44.00 NOTE
r-oldrel-windows-ix86+x86_64 0.2.3 25.00 104.00 129.00 NOTE

Check Details

Version: 0.2.3
Check: LazyData
Result: NOTE
     'LazyData' is specified without a 'data' directory
Flavors: r-devel-linux-x86_64-debian-clang, r-devel-linux-x86_64-debian-gcc, r-devel-linux-x86_64-fedora-clang, r-devel-linux-x86_64-fedora-gcc, r-devel-windows-x86_64, r-patched-linux-x86_64, r-release-linux-x86_64, r-release-macos-arm64, r-release-macos-x86_64, r-release-windows-x86_64, r-oldrel-macos-arm64, r-oldrel-macos-x86_64, r-oldrel-windows-ix86+x86_64