CRAN Package Check Results for Package EditImputeCont

Last updated on 2018-02-23 02:48:05 CET.

Flavor Version Tinstall Tcheck Ttotal Status Flags
r-devel-linux-x86_64-debian-clang 1.1.0 70.05 34.36 104.41 OK
r-devel-linux-x86_64-debian-gcc 1.1.0 56.14 29.88 86.02 OK
r-devel-linux-x86_64-fedora-clang 1.1.0 153.27 NOTE
r-devel-linux-x86_64-fedora-gcc 1.1.0 132.97 NOTE
r-devel-windows-ix86+x86_64 1.1.0 295.00 97.00 392.00 OK
r-patched-linux-x86_64 1.1.0 69.06 40.16 109.22 OK
r-patched-solaris-x86 1.1.0 151.80 OK
r-release-linux-x86_64 1.1.0 68.25 39.78 108.03 OK
r-release-windows-ix86+x86_64 1.1.0 310.00 118.00 428.00 OK
r-release-osx-x86_64 1.1.0 NOTE
r-oldrel-windows-ix86+x86_64 1.1.0 229.00 86.00 315.00 OK
r-oldrel-osx-x86_64 1.1.0 NOTE

Additional issues

MKL

Check Details

Version: 1.1.0
Check: installed package size
Result: NOTE
     installed size is 7.2Mb
     sub-directories of 1Mb or more:
     libs 6.9Mb
Flavors: r-devel-linux-x86_64-fedora-clang, r-devel-linux-x86_64-fedora-gcc, r-release-osx-x86_64, r-oldrel-osx-x86_64