CRAN Package Check Results for Package EfficientMaxEigenpair

Last updated on 2018-08-17 14:47:47 CEST.

Flavor Version Tinstall Tcheck Ttotal Status Flags
r-devel-linux-x86_64-debian-clang 0.1.4 2.34 430.99 433.33 OK
r-devel-linux-x86_64-debian-gcc 0.1.4 1.84 340.26 342.10 OK
r-devel-linux-x86_64-fedora-clang 0.1.4 515.62 OK
r-devel-linux-x86_64-fedora-gcc 0.1.4 517.41 OK
r-devel-windows-ix86+x86_64 0.1.4 4.00 421.00 425.00 OK
r-patched-linux-x86_64 0.1.4 1.52 421.69 423.21 NOTE
r-patched-solaris-x86 0.1.4 43.70 OK --no-vignettes
r-release-linux-x86_64 0.1.4 2.24 426.36 428.60 NOTE
r-release-windows-ix86+x86_64 0.1.4 6.00 423.00 429.00 OK
r-release-osx-x86_64 0.1.4 OK
r-oldrel-windows-ix86+x86_64 0.1.4 4.00 448.00 452.00 OK
r-oldrel-osx-x86_64 0.1.4 OK

Check Details

Version: 0.1.4
Check: DESCRIPTION meta-information
Result: NOTE
    Dependence on R version ‘3.3.2’ not with patchlevel 0
Flavors: r-patched-linux-x86_64, r-release-linux-x86_64