CRAN Package Check Results for Package EfficientMaxEigenpair

Last updated on 2018-05-26 06:48:00 CEST.

Flavor Version Tinstall Tcheck Ttotal Status Flags
r-devel-linux-x86_64-debian-clang 0.1.4 1.86 412.72 414.58 OK
r-devel-linux-x86_64-debian-gcc 0.1.4 1.50 312.73 314.23 OK
r-devel-linux-x86_64-fedora-clang 0.1.4 499.67 OK
r-devel-linux-x86_64-fedora-gcc 0.1.4 500.34 OK
r-devel-windows-ix86+x86_64 0.1.4 4.00 424.00 428.00 OK
r-patched-linux-x86_64 0.1.4 1.48 409.77 411.25 NOTE
r-patched-solaris-x86 0.1.4 43.10 OK --no-vignettes
r-release-linux-x86_64 0.1.4 2.34 416.38 418.72 NOTE
r-release-windows-ix86+x86_64 0.1.4 6.00 415.00 421.00 OK
r-release-osx-x86_64 0.1.4 OK
r-oldrel-windows-ix86+x86_64 0.1.4 4.00 375.00 379.00 OK
r-oldrel-osx-x86_64 0.1.4 OK

Check Details

Version: 0.1.4
Check: DESCRIPTION meta-information
Result: NOTE
    Dependence on R version ‘3.3.2’ not with patchlevel 0
Flavors: r-patched-linux-x86_64, r-release-linux-x86_64