CRAN Package Check Results for Package EfficientMaxEigenpair

Last updated on 2019-01-23 20:48:01 CET.

Flavor Version Tinstall Tcheck Ttotal Status Flags
r-devel-linux-x86_64-debian-clang 0.1.4 1.95 433.18 435.13 OK
r-devel-linux-x86_64-debian-gcc 0.1.4 1.69 340.91 342.60 OK
r-devel-linux-x86_64-fedora-clang 0.1.4 510.72 OK
r-devel-linux-x86_64-fedora-gcc 0.1.4 514.72 OK
r-devel-windows-ix86+x86_64 0.1.4 5.00 379.00 384.00 OK
r-patched-linux-x86_64 0.1.4 2.09 429.39 431.48 NOTE
r-patched-solaris-x86 0.1.4 44.80 OK --no-vignettes
r-release-linux-x86_64 0.1.4 1.45 425.41 426.86 NOTE
r-release-windows-ix86+x86_64 0.1.4 4.00 425.00 429.00 OK
r-release-osx-x86_64 0.1.4 OK
r-oldrel-windows-ix86+x86_64 0.1.4 3.00 426.00 429.00 OK
r-oldrel-osx-x86_64 0.1.4 OK

Check Details

Version: 0.1.4
Check: DESCRIPTION meta-information
Result: NOTE
    Dependence on R version ‘3.3.2’ not with patchlevel 0
Flavors: r-patched-linux-x86_64, r-release-linux-x86_64