CRAN Package Check Results for Package EfficientMaxEigenpair

Last updated on 2018-10-19 22:49:36 CEST.

Flavor Version Tinstall Tcheck Ttotal Status Flags
r-devel-linux-x86_64-debian-clang 0.1.4 2.13 424.96 427.09 OK
r-devel-linux-x86_64-debian-gcc 0.1.4 1.60 340.11 341.71 OK
r-devel-linux-x86_64-fedora-clang 0.1.4 508.60 OK
r-devel-linux-x86_64-fedora-gcc 0.1.4 514.71 OK
r-devel-windows-ix86+x86_64 0.1.4 6.00 373.00 379.00 OK
r-patched-linux-x86_64 0.1.4 1.74 419.49 421.23 NOTE
r-patched-solaris-x86 0.1.4 42.60 OK --no-vignettes
r-release-linux-x86_64 0.1.4 1.99 419.96 421.95 NOTE
r-release-windows-ix86+x86_64 0.1.4 4.00 419.00 423.00 OK
r-release-osx-x86_64 0.1.4 OK
r-oldrel-windows-ix86+x86_64 0.1.4 3.00 418.00 421.00 OK
r-oldrel-osx-x86_64 0.1.4 OK

Check Details

Version: 0.1.4
Check: DESCRIPTION meta-information
Result: NOTE
    Dependence on R version ‘3.3.2’ not with patchlevel 0
Flavors: r-patched-linux-x86_64, r-release-linux-x86_64