CRAN Package Check Results for Package EfficientMaxEigenpair

Last updated on 2018-02-21 18:47:55 CET.

Flavor Version Tinstall Tcheck Ttotal Status Flags
r-devel-linux-x86_64-debian-clang 0.1.4 1.90 413.10 415.00 NOTE
r-devel-linux-x86_64-debian-gcc 0.1.4 1.53 344.86 346.39 NOTE
r-devel-linux-x86_64-fedora-clang 0.1.4 504.16 NOTE
r-devel-linux-x86_64-fedora-gcc 0.1.4 512.16 NOTE
r-devel-windows-ix86+x86_64 0.1.4 4.00 351.00 355.00 OK
r-patched-linux-x86_64 0.1.4 0.96 432.57 433.53 OK
r-patched-solaris-x86 0.1.4 35.50 OK --no-vignettes
r-release-linux-x86_64 0.1.4 0.95 427.15 428.10 OK
r-release-windows-ix86+x86_64 0.1.4 5.00 411.00 416.00 OK
r-release-osx-x86_64 0.1.4 OK
r-oldrel-windows-ix86+x86_64 0.1.4 3.00 352.00 355.00 OK
r-oldrel-osx-x86_64 0.1.4 OK

Check Details

Version: 0.1.4
Check: DESCRIPTION meta-information
Result: NOTE
    Dependence on R version ‘3.3.2’ not with patchlevel 0
Flavors: r-devel-linux-x86_64-debian-clang, r-devel-linux-x86_64-debian-gcc, r-devel-linux-x86_64-fedora-clang, r-devel-linux-x86_64-fedora-gcc