Last updated on 2023-09-25 14:00:58 CEST.
Flavor | Version | Tinstall | Tcheck | Ttotal | Status | Flags |
---|---|---|---|---|---|---|
r-devel-linux-x86_64-debian-clang | 1.2.3 | 471.78 | 31.39 | 503.17 | NOTE | |
r-devel-linux-x86_64-debian-gcc | 1.2.3 | 380.57 | 40.80 | 421.37 | NOTE | |
r-devel-linux-x86_64-fedora-clang | 1.2.3 | 610.55 | NOTE | |||
r-devel-linux-x86_64-fedora-gcc | 1.2.3 | 849.51 | NOTE | |||
r-devel-windows-x86_64 | 1.2.3 | 308.00 | 91.00 | 399.00 | NOTE | |
r-patched-linux-x86_64 | 1.2.3 | 470.86 | 50.78 | 521.64 | NOTE | |
r-release-linux-x86_64 | 1.2.3 | 494.81 | 52.50 | 547.31 | NOTE | |
r-release-macos-arm64 | 1.2.3 | 201.00 | NOTE | |||
r-release-macos-x86_64 | 1.2.3 | 315.00 | NOTE | |||
r-release-windows-x86_64 | 1.2.3 | 405.00 | 107.00 | 512.00 | NOTE | |
r-oldrel-macos-arm64 | 1.2.3 | 182.00 | NOTE | |||
r-oldrel-macos-x86_64 | 1.2.3 | 223.00 | NOTE | |||
r-oldrel-windows-x86_64 | 1.2.3 | 384.00 | 90.00 | 474.00 | OK |
Version: 1.2.3
Check: C++ specification
Result: NOTE
Specified C++11: please drop specification unless essential
Flavors: r-devel-linux-x86_64-debian-clang, r-devel-linux-x86_64-debian-gcc, r-devel-linux-x86_64-fedora-clang, r-devel-linux-x86_64-fedora-gcc, r-devel-windows-x86_64, r-patched-linux-x86_64, r-release-linux-x86_64, r-release-macos-arm64, r-release-macos-x86_64, r-release-windows-x86_64
Version: 1.2.3
Check: installed package size
Result: NOTE
installed size is 142.5Mb
sub-directories of 1Mb or more:
libs 142.3Mb
Flavors: r-release-macos-arm64, r-release-macos-x86_64, r-oldrel-macos-arm64, r-oldrel-macos-x86_64