Last updated on 2021-04-10 14:47:54 CEST.
Flavor | Version | Tinstall | Tcheck | Ttotal | Status | Flags |
---|---|---|---|---|---|---|
r-devel-linux-x86_64-debian-clang | 1.0.0 | 159.96 | 27.19 | 187.15 | OK | |
r-devel-linux-x86_64-debian-gcc | 1.0.0 | 155.87 | 24.76 | 180.63 | OK | |
r-devel-linux-x86_64-fedora-clang | 1.0.0 | 271.10 | NOTE | |||
r-devel-linux-x86_64-fedora-gcc | 1.0.0 | 311.81 | OK | |||
r-devel-windows-ix86+x86_64 | 1.0.0 | 259.00 | 63.00 | 322.00 | OK | |
r-devel-windows-x86_64-gcc10-UCRT | 1.0.0 | OK | ||||
r-patched-linux-x86_64 | 1.0.0 | 175.97 | 29.96 | 205.93 | OK | |
r-patched-solaris-x86 | 1.0.0 | 295.10 | OK | |||
r-release-linux-x86_64 | 1.0.0 | 172.59 | 29.96 | 202.55 | OK | |
r-release-macos-x86_64 | 1.0.0 | NOTE | ||||
r-release-windows-ix86+x86_64 | 1.0.0 | 259.00 | 75.00 | 334.00 | OK | |
r-oldrel-macos-x86_64 | 1.0.0 | NOTE | ||||
r-oldrel-windows-ix86+x86_64 | 1.0.0 | 408.00 | 62.00 | 470.00 | OK |
Version: 1.0.0
Check: installed package size
Result: NOTE
installed size is 77.0Mb
sub-directories of 1Mb or more:
libs 76.9Mb
Flavors: r-devel-linux-x86_64-fedora-clang, r-release-macos-x86_64, r-oldrel-macos-x86_64