CRAN Package Check Results for Package EigenR

Last updated on 2022-12-01 04:51:50 CET.

Flavor Version Tinstall Tcheck Ttotal Status Flags
r-devel-linux-x86_64-debian-clang 1.2.3 460.63 31.89 492.52 OK
r-devel-linux-x86_64-debian-gcc 1.2.3 403.59 40.17 443.76 OK
r-devel-linux-x86_64-fedora-clang 1.2.3 610.49 OK
r-devel-linux-x86_64-fedora-gcc 1.2.3 770.19 OK
r-devel-windows-x86_64 1.2.3 330.00 109.00 439.00 OK
r-patched-linux-x86_64 1.2.3 431.67 45.52 477.19 OK
r-release-linux-x86_64 1.2.3 422.90 47.34 470.24 OK
r-release-macos-arm64 1.2.3 218.00 NOTE
r-release-macos-x86_64 1.2.3 223.00 NOTE
r-release-windows-x86_64 1.2.3 290.00 103.00 393.00 OK
r-oldrel-macos-arm64 1.2.3 195.00 NOTE
r-oldrel-macos-x86_64 1.2.3 221.00 NOTE
r-oldrel-windows-ix86+x86_64 1.2.3 978.00 120.00 1098.00 OK

Check Details

Version: 1.2.3
Check: installed package size
Result: NOTE
     installed size is 142.4Mb
     sub-directories of 1Mb or more:
     libs 142.3Mb
Flavors: r-release-macos-arm64, r-release-macos-x86_64, r-oldrel-macos-arm64, r-oldrel-macos-x86_64