CRAN Package Check Results for Package EleChemr

Last updated on 2021-05-10 01:46:44 CEST.

Flavor Version Tinstall Tcheck Ttotal Status Flags
r-devel-linux-x86_64-debian-clang 1.2.0 15.37 87.78 103.15 NOTE
r-devel-linux-x86_64-debian-gcc 1.2.0 12.65 62.92 75.57 NOTE
r-devel-linux-x86_64-fedora-clang 1.2.0 132.10 NOTE
r-devel-linux-x86_64-fedora-gcc 1.2.0 123.92 NOTE
r-devel-windows-ix86+x86_64 1.2.0 23.00 102.00 125.00 NOTE
r-devel-windows-x86_64-gcc10-UCRT 1.2.0 NOTE
r-patched-linux-x86_64 1.2.0 14.79 84.66 99.45 NOTE
r-patched-solaris-x86 1.2.0 147.20 NOTE
r-release-linux-x86_64 1.2.0 13.32 76.66 89.98 OK
r-release-macos-x86_64 1.2.0 OK
r-release-windows-ix86+x86_64 1.2.0 21.00 72.00 93.00 OK
r-oldrel-macos-x86_64 1.2.0 OK
r-oldrel-windows-ix86+x86_64 1.2.0 25.00 95.00 120.00 OK

Check Details

Version: 1.2.0
Check: LazyData
Result: NOTE
     'LazyData' is specified without a 'data' directory
Flavors: r-devel-linux-x86_64-debian-clang, r-devel-linux-x86_64-debian-gcc, r-devel-linux-x86_64-fedora-clang, r-devel-linux-x86_64-fedora-gcc, r-devel-windows-ix86+x86_64, r-devel-windows-x86_64-gcc10-UCRT, r-patched-linux-x86_64, r-patched-solaris-x86