CRAN Package Check Results for Package ElemStatLearn

Last updated on 2019-01-17 16:52:32 CET.

Flavor Version Tinstall Tcheck Ttotal Status Flags
r-devel-linux-x86_64-debian-clang 2015.6.26 29.30 37.70 67.00 OK
r-devel-linux-x86_64-debian-gcc 2015.6.26 28.69 31.15 59.84 OK
r-devel-linux-x86_64-fedora-clang 2015.6.26 87.77 NOTE
r-devel-linux-x86_64-fedora-gcc 2015.6.26 88.44 OK
r-devel-windows-ix86+x86_64 2015.6.26 47.00 71.00 118.00 NOTE
r-patched-linux-x86_64 2015.6.26 29.91 36.37 66.28 OK
r-patched-solaris-x86 2015.6.26 158.20 NOTE
r-release-linux-x86_64 2015.6.26 30.34 36.14 66.48 OK
r-release-windows-ix86+x86_64 2015.6.26 49.00 64.00 113.00 NOTE
r-release-osx-x86_64 2015.6.26 NOTE
r-oldrel-windows-ix86+x86_64 2015.6.26 49.00 68.00 117.00 NOTE
r-oldrel-osx-x86_64 2015.6.26 NOTE

Check Details

Version: 2015.6.26
Check: installed package size
Result: NOTE
     installed size is 11.7Mb
     sub-directories of 1Mb or more:
     data 11.5Mb
Flavors: r-devel-linux-x86_64-fedora-clang, r-devel-windows-ix86+x86_64, r-patched-solaris-x86, r-release-windows-ix86+x86_64, r-release-osx-x86_64, r-oldrel-windows-ix86+x86_64, r-oldrel-osx-x86_64