CRAN Package Check Results for Package ElemStatLearn

Last updated on 2019-09-16 04:46:14 CEST.

Flavor Version Tinstall Tcheck Ttotal Status Flags
r-devel-linux-x86_64-debian-clang 2015.6.26.2 30.35 36.20 66.55 OK
r-devel-linux-x86_64-debian-gcc 2015.6.26.2 29.02 29.98 59.00 OK
r-devel-linux-x86_64-fedora-clang 2015.6.26.2 90.61 NOTE
r-devel-linux-x86_64-fedora-gcc 2015.6.26.2 89.19 OK
r-devel-windows-ix86+x86_64 2015.6.26.2 51.00 49.00 100.00 NOTE
r-patched-linux-x86_64 2015.6.26.2 30.34 37.74 68.08 OK
r-patched-solaris-x86 2015.6.26.2 161.50 NOTE
r-release-linux-x86_64 2015.6.26.2 31.92 37.93 69.85 OK
r-release-windows-ix86+x86_64 2015.6.26.2 39.00 74.00 113.00 NOTE
r-release-osx-x86_64 2015.6.26.2 NOTE
r-oldrel-windows-ix86+x86_64 2015.6.26.2 46.00 47.00 93.00 NOTE
r-oldrel-osx-x86_64 2015.6.26.2 NOTE

Check Details

Version: 2015.6.26.2
Check: installed package size
Result: NOTE
     installed size is 11.7Mb
     sub-directories of 1Mb or more:
     data 11.5Mb
Flavors: r-devel-linux-x86_64-fedora-clang, r-devel-windows-ix86+x86_64, r-patched-solaris-x86, r-release-windows-ix86+x86_64, r-release-osx-x86_64, r-oldrel-windows-ix86+x86_64, r-oldrel-osx-x86_64