CRAN Package Check Results for Package ElemStatLearn

Last updated on 2019-03-24 04:46:47 CET.

Flavor Version Tinstall Tcheck Ttotal Status Flags
r-devel-linux-x86_64-debian-clang 2015.6.26.1 31.58 37.67 69.25 OK
r-devel-linux-x86_64-debian-gcc 2015.6.26.1 28.32 30.62 58.94 OK
r-devel-linux-x86_64-fedora-clang 2015.6.26.1 92.25 NOTE
r-devel-linux-x86_64-fedora-gcc 2015.6.26.1 93.21 OK
r-devel-windows-ix86+x86_64 2015.6.26.1 48.00 68.00 116.00 NOTE
r-patched-linux-x86_64 2015.6.26.1 29.12 36.12 65.24 OK
r-patched-solaris-x86 2015.6.26.1 155.30 NOTE
r-release-linux-x86_64 2015.6.26.1 0.94 2.12 3.06 ERROR
r-release-windows-ix86+x86_64 2015.6.26.1 41.00 50.00 91.00 NOTE
r-release-osx-x86_64 2015.6.26.1 NOTE
r-oldrel-windows-ix86+x86_64 2015.6.26.1 41.00 52.00 93.00 NOTE
r-oldrel-osx-x86_64 2015.6.26.1 NOTE

Check Details

Version: 2015.6.26.1
Check: installed package size
Result: NOTE
     installed size is 11.7Mb
     sub-directories of 1Mb or more:
     data 11.5Mb
Flavors: r-devel-linux-x86_64-fedora-clang, r-devel-windows-ix86+x86_64, r-patched-solaris-x86, r-release-windows-ix86+x86_64, r-release-osx-x86_64, r-oldrel-windows-ix86+x86_64, r-oldrel-osx-x86_64

Version: 2015.6.26.1
Check: whether package can be installed
Result: ERROR
    Installation failed.
Flavor: r-release-linux-x86_64