CRAN Package Check Results for Package ElemStatLearn

Last updated on 2019-06-17 09:49:40 CEST.

Flavor Version Tinstall Tcheck Ttotal Status Flags
r-devel-linux-x86_64-debian-clang 2015.6.26.1 30.48 36.76 67.24 OK
r-devel-linux-x86_64-debian-gcc 2015.6.26.1 28.76 30.36 59.12 OK
r-devel-linux-x86_64-fedora-clang 2015.6.26.1 87.44 NOTE
r-devel-linux-x86_64-fedora-gcc 2015.6.26.1 87.94 OK
r-devel-windows-ix86+x86_64 2015.6.26.1 54.00 54.00 108.00 NOTE
r-patched-linux-x86_64 2015.6.26.1 30.36 38.26 68.62 OK
r-patched-solaris-x86 2015.6.26.1 168.60 NOTE
r-release-linux-x86_64 2015.6.26.1 30.51 38.14 68.65 OK
r-release-windows-ix86+x86_64 2015.6.26.1 42.00 76.00 118.00 NOTE
r-release-osx-x86_64 2015.6.26.1 NOTE
r-oldrel-windows-ix86+x86_64 2015.6.26.1 39.00 70.00 109.00 NOTE
r-oldrel-osx-x86_64 2015.6.26.1 NOTE

Check Details

Version: 2015.6.26.1
Check: installed package size
Result: NOTE
     installed size is 11.7Mb
     sub-directories of 1Mb or more:
     data 11.5Mb
Flavors: r-devel-linux-x86_64-fedora-clang, r-devel-windows-ix86+x86_64, r-patched-solaris-x86, r-release-windows-ix86+x86_64, r-release-osx-x86_64, r-oldrel-windows-ix86+x86_64, r-oldrel-osx-x86_64