Last updated on 2023-12-06 13:52:15 CET.
Flavor | Version | Tinstall | Tcheck | Ttotal | Status | Flags |
---|---|---|---|---|---|---|
r-devel-linux-x86_64-debian-clang | 2.47.1 | 25.85 | 795.57 | 821.42 | NOTE | |
r-devel-linux-x86_64-debian-gcc | 2.47.1 | 21.89 | 584.74 | 606.63 | NOTE | |
r-devel-linux-x86_64-fedora-clang | 2.47.1 | 1029.06 | NOTE | |||
r-devel-linux-x86_64-fedora-gcc | 2.47.1 | 908.97 | NOTE | |||
r-devel-windows-x86_64 | 2.47.1 | 28.00 | 223.00 | 251.00 | NOTE | --no-vignettes |
r-patched-linux-x86_64 | 2.47.1 | 30.32 | 775.01 | 805.33 | NOTE | |
r-release-linux-x86_64 | 2.47.1 | 24.47 | 753.65 | 778.12 | NOTE | |
r-release-macos-arm64 | 2.47.1 | 552.00 | NOTE | |||
r-release-macos-x86_64 | 2.47.1 | 1468.00 | NOTE | |||
r-release-windows-x86_64 | 2.47.1 | 36.00 | 266.00 | 302.00 | NOTE | --no-vignettes |
r-oldrel-macos-arm64 | 2.47.1 | 527.00 | OK | |||
r-oldrel-macos-x86_64 | 2.47.1 | 823.00 | OK | |||
r-oldrel-windows-x86_64 | 2.47.1 | 33.00 | 284.00 | 317.00 | OK | --no-vignettes |
Version: 2.47.1
Check: Rd files
Result: NOTE
checkRd: (-1) LCa.fit.Rd:151: Lost braces
151 | \code{pi} (\code{p}eriod code{i}nteraction) refers to \eqn{b_p(a)}{b_p(a)}
| ^
checkRd: (-1) lls.Rd:30: Lost braces
30 | code{name},
| ^
checkRd: (-1) lls.Rd:31: Lost braces
31 | code{mode},
| ^
checkRd: (-1) lls.Rd:32: Lost braces
32 | code{class} and
| ^
checkRd: (-1) lls.Rd:33: Lost braces
33 | code{size} and one row per object in the workspace (if \code{pos=1}).
| ^
checkRd: (-1) plotCIF.Rd:79: Lost braces
79 | \author{Esa L{\"a}{\"a}r{\"a}, \email{esa.laara@oulu.fi}
| ^
checkRd: (-1) plotCIF.Rd:79: Lost braces
79 | \author{Esa L{\"a}{\"a}r{\"a}, \email{esa.laara@oulu.fi}
| ^
checkRd: (-1) plotCIF.Rd:79: Lost braces
79 | \author{Esa L{\"a}{\"a}r{\"a}, \email{esa.laara@oulu.fi}
| ^
Flavors: r-devel-linux-x86_64-debian-clang, r-devel-linux-x86_64-debian-gcc
Version: 2.47.1
Check: Rd \usage sections
Result: NOTE
S3 methods shown with full name in Rd file 'addDrug.Lexis.Rd':
‘addDrug.Lexis’
The \usage entries for S3 methods should use the \method markup and not
their full name.
See chapter ‘Writing R documentation files’ in the ‘Writing R
Extensions’ manual.
Flavors: r-devel-linux-x86_64-debian-clang, r-devel-linux-x86_64-debian-gcc, r-devel-linux-x86_64-fedora-clang, r-devel-linux-x86_64-fedora-gcc
Version: 2.47.1
Flags: --no-vignettes
Check: Rd \usage sections
Result: NOTE
S3 methods shown with full name in Rd file 'addDrug.Lexis.Rd':
'addDrug.Lexis'
The \usage entries for S3 methods should use the \method markup and not
their full name.
See chapter 'Writing R documentation files' in the 'Writing R
Extensions' manual.
Flavor: r-devel-windows-x86_64
Version: 2.47.1
Check: Rd \usage sections
Result: NOTE
S3 methods shown with full name in documentation object 'addDrug.Lexis':
‘addDrug.Lexis’
The \usage entries for S3 methods should use the \method markup and not
their full name.
See chapter ‘Writing R documentation files’ in the ‘Writing R
Extensions’ manual.
Flavors: r-patched-linux-x86_64, r-release-linux-x86_64, r-release-macos-arm64, r-release-macos-x86_64
Version: 2.47.1
Flags: --no-vignettes
Check: Rd \usage sections
Result: NOTE
S3 methods shown with full name in documentation object 'addDrug.Lexis':
'addDrug.Lexis'
The \usage entries for S3 methods should use the \method markup and not
their full name.
See chapter 'Writing R documentation files' in the 'Writing R
Extensions' manual.
Flavor: r-release-windows-x86_64