CRAN Package Check Results for Package EpiBayes

Last updated on 2018-05-26 00:46:33 CEST.

Flavor Version Tinstall Tcheck Ttotal Status Flags
r-devel-linux-x86_64-debian-clang 0.1.2 7.53 121.75 129.28 NOTE
r-devel-linux-x86_64-debian-gcc 0.1.2 5.72 87.22 92.94 NOTE
r-devel-linux-x86_64-fedora-clang 0.1.2 158.05 NOTE
r-devel-linux-x86_64-fedora-gcc 0.1.2 153.08 NOTE
r-devel-windows-ix86+x86_64 0.1.2 10.00 192.00 202.00 NOTE
r-patched-linux-x86_64 0.1.2 5.71 108.60 114.31 NOTE
r-patched-solaris-x86 0.1.2 194.50 NOTE
r-release-linux-x86_64 0.1.2 4.74 107.59 112.33 NOTE
r-release-windows-ix86+x86_64 0.1.2 13.00 145.00 158.00 NOTE
r-release-osx-x86_64 0.1.2 NOTE
r-oldrel-windows-ix86+x86_64 0.1.2 14.00 136.00 150.00 NOTE
r-oldrel-osx-x86_64 0.1.2 WARN

Check Details

Version: 0.1.2
Check: R code for possible problems
Result: NOTE
    plot.eb: no visible global function definition for ‘plot’
    plot.eb : <anonymous>: no visible global function definition for
     ‘lines’
    plot.ebhistorical: no visible global function definition for ‘palette’
    plot.ebhistorical: no visible global function definition for ‘dev.new’
    plot.ebhistorical: no visible global function definition for ‘par’
    plot.ebhistorical: no visible global function definition for
     ‘topo.colors’
    plot.ebhistorical: no visible global function definition for ‘plot’
    plot.ebhistorical: no visible global function definition for ‘curve’
    plot.ebhistorical: no visible global function definition for ‘lines’
    plot.ebhistoricalsummary: no visible global function definition for
     ‘topo.colors’
    plot.ebhistoricalsummary: no visible global function definition for
     ‘dev.new’
    plot.ebhistoricalsummary: no visible global function definition for
     ‘plot’
    plot.ebhistoricalsummary: no visible global function definition for
     ‘axis’
    plot.ebhistoricalsummary: no visible global function definition for
     ‘lines’
    plot.ebhistoricalsummary: no visible global function definition for
     ‘legend’
    Undefined global functions or variables:
     axis curve dev.new legend lines palette par plot topo.colors
    Consider adding
     importFrom("grDevices", "dev.new", "palette", "topo.colors")
     importFrom("graphics", "axis", "curve", "legend", "lines", "par",
     "plot")
    to your NAMESPACE file.
Flavors: r-devel-linux-x86_64-debian-clang, r-devel-linux-x86_64-debian-gcc, r-devel-linux-x86_64-fedora-clang, r-devel-linux-x86_64-fedora-gcc, r-devel-windows-ix86+x86_64, r-patched-linux-x86_64, r-patched-solaris-x86, r-release-linux-x86_64, r-release-windows-ix86+x86_64, r-release-osx-x86_64, r-oldrel-windows-ix86+x86_64, r-oldrel-osx-x86_64

Version: 0.1.2
Check: re-building of vignette outputs
Result: WARN
    Error in re-building vignettes:
     ...
    Warning: running command 'kpsewhich framed.sty' had status 1
    Warning in test_latex_pkg("framed", system.file("misc", "framed.sty", package = "knitr")) :
     unable to find LaTeX package 'framed'; will use a copy from knitr
    Loading required package: survival
    Package epiR 0.9-79 is loaded
    Type help(epi.about) for summary information
    
    
    Error in texi2dvi(file = file, pdf = TRUE, clean = clean, quiet = quiet, :
     Running 'texi2dvi' on 'EpiBayes2Level.tex' failed.
    LaTeX errors:
    ! LaTeX Error: File `titling.sty' not found.
    
    Type X to quit or <RETURN> to proceed,
    or enter new name. (Default extension: sty)
    
    ! Emergency stop.
    <read *>
    
    l.63 \usepackage
     {datetime}^^M
    ! ==> Fatal error occurred, no output PDF file produced!
    Calls: buildVignettes -> texi2pdf -> texi2dvi
    Execution halted
Flavor: r-oldrel-osx-x86_64