CRAN Package Check Results for Package EpiBayes

Last updated on 2018-02-21 11:54:07 CET.

Flavor Version Tinstall Tcheck Ttotal Status Flags
r-devel-linux-x86_64-debian-clang 0.1.2 6.68 72.75 79.43 WARN
r-devel-linux-x86_64-debian-gcc 0.1.2 5.37 78.97 84.34 NOTE
r-devel-linux-x86_64-fedora-clang 0.1.2 146.40 NOTE
r-devel-linux-x86_64-fedora-gcc 0.1.2 97.84 NOTE
r-devel-windows-ix86+x86_64 0.1.2 10.00 77.00 87.00 WARN
r-patched-linux-x86_64 0.1.2 4.11 114.37 118.48 NOTE
r-patched-solaris-x86 0.1.2 189.10 NOTE
r-release-linux-x86_64 0.1.2 5.03 116.58 121.61 NOTE
r-release-windows-ix86+x86_64 0.1.2 12.00 173.00 185.00 NOTE
r-release-osx-x86_64 0.1.2 WARN
r-oldrel-windows-ix86+x86_64 0.1.2 8.00 127.00 135.00 NOTE
r-oldrel-osx-x86_64 0.1.2 NOTE

Check Details

Version: 0.1.2
Check: R code for possible problems
Result: NOTE
    plot.eb: no visible global function definition for ‘plot’
    plot.eb : <anonymous>: no visible global function definition for
     ‘lines’
    plot.ebhistorical: no visible global function definition for ‘palette’
    plot.ebhistorical: no visible global function definition for ‘dev.new’
    plot.ebhistorical: no visible global function definition for ‘par’
    plot.ebhistorical: no visible global function definition for
     ‘topo.colors’
    plot.ebhistorical: no visible global function definition for ‘plot’
    plot.ebhistorical: no visible global function definition for ‘curve’
    plot.ebhistorical: no visible global function definition for ‘lines’
    plot.ebhistoricalsummary: no visible global function definition for
     ‘topo.colors’
    plot.ebhistoricalsummary: no visible global function definition for
     ‘dev.new’
    plot.ebhistoricalsummary: no visible global function definition for
     ‘plot’
    plot.ebhistoricalsummary: no visible global function definition for
     ‘axis’
    plot.ebhistoricalsummary: no visible global function definition for
     ‘lines’
    plot.ebhistoricalsummary: no visible global function definition for
     ‘legend’
    Undefined global functions or variables:
     axis curve dev.new legend lines palette par plot topo.colors
    Consider adding
     importFrom("grDevices", "dev.new", "palette", "topo.colors")
     importFrom("graphics", "axis", "curve", "legend", "lines", "par",
     "plot")
    to your NAMESPACE file.
Flavors: r-devel-linux-x86_64-debian-clang, r-devel-linux-x86_64-debian-gcc, r-devel-linux-x86_64-fedora-clang, r-devel-linux-x86_64-fedora-gcc, r-devel-windows-ix86+x86_64, r-patched-linux-x86_64, r-patched-solaris-x86, r-release-linux-x86_64, r-release-windows-ix86+x86_64, r-release-osx-x86_64, r-oldrel-windows-ix86+x86_64, r-oldrel-osx-x86_64

Version: 0.1.2
Check: re-building of vignette outputs
Result: WARN
    Error in re-building vignettes:
     ...
    Warning: You used a knitr feature that depends on the digest package. Make sure it is installed.
    Quitting from lines 126-132 (EpiBayes2Level.Rnw)
    Error: processing vignette ‘EpiBayes2Level.Rnw’ failed with diagnostics:
    there is no package called 'digest'
    Execution halted
Flavors: r-devel-linux-x86_64-debian-clang, r-devel-windows-ix86+x86_64

Version: 0.1.2
Check: re-building of vignette outputs
Result: WARN
    Error in re-building vignettes:
     ...
    Warning: running command 'kpsewhich framed.sty' had status 1
    Warning in test_latex_pkg("framed", system.file("misc", "framed.sty", package = "knitr")) :
     unable to find LaTeX package 'framed'; will use a copy from knitr
    Loading required package: survival
    Package epiR 0.9-79 is loaded
    Type help(epi.about) for summary information
    
    
    Error in texi2dvi(file = file, pdf = TRUE, clean = clean, quiet = quiet, :
     Running 'texi2dvi' on 'EpiBayes2Level.tex' failed.
    LaTeX errors:
    ! LaTeX Error: File `titling.sty' not found.
    
    Type X to quit or <RETURN> to proceed,
    or enter new name. (Default extension: sty)
    
    ! Emergency stop.
    <read *>
    
    l.63 \usepackage
     {datetime}^^M
    ! ==> Fatal error occurred, no output PDF file produced!
    Calls: buildVignettes -> texi2pdf -> texi2dvi
    Execution halted
Flavor: r-release-osx-x86_64