CRAN Package Check Results for Package EpiCurve

Last updated on 2018-05-23 00:46:35 CEST.

Flavor Version Tinstall Tcheck Ttotal Status Flags
r-devel-linux-x86_64-debian-clang 2.1-1 2.63 64.11 66.74 OK
r-devel-linux-x86_64-debian-gcc 2.1-1 2.16 49.17 51.33 OK
r-devel-linux-x86_64-fedora-clang 2.1-1 83.76 OK
r-devel-linux-x86_64-fedora-gcc 2.1-1 82.38 OK
r-devel-windows-ix86+x86_64 2.1-1 6.00 96.00 102.00 OK
r-patched-linux-x86_64 2.1-1 3.25 59.57 62.82 OK
r-patched-solaris-x86 2.1-1 98.10 OK
r-release-linux-x86_64 2.1-1 3.20 58.58 61.78 OK
r-release-windows-ix86+x86_64 2.1-1 9.00 109.00 118.00 ERROR
r-release-osx-x86_64 2.1-1 OK
r-oldrel-windows-ix86+x86_64 2.1-1 10.00 104.00 114.00 OK
r-oldrel-osx-x86_64 2.0-1 OK

Check Details

Version: 2.1-1
Check: whether package can be installed
Result: ERROR
    Installation failed.
Flavor: r-release-windows-ix86+x86_64