CRAN Package Check Results for Package EpiModel

Last updated on 2018-08-19 20:50:08 CEST.

Flavor Version Tinstall Tcheck Ttotal Status Flags
r-devel-linux-x86_64-debian-clang 1.6.5 16.22 291.30 307.52 WARN
r-devel-linux-x86_64-debian-gcc 1.6.5 13.14 234.10 247.24 OK
r-devel-linux-x86_64-fedora-clang 1.6.5 376.28 OK
r-devel-linux-x86_64-fedora-gcc 1.6.5 358.71 OK
r-devel-windows-ix86+x86_64 1.6.5 33.00 369.00 402.00 WARN
r-patched-linux-x86_64 1.6.5 12.17 271.52 283.69 WARN
r-patched-solaris-x86 1.6.5 451.30 WARN
r-release-linux-x86_64 1.6.5 14.83 279.86 294.69 WARN
r-release-windows-ix86+x86_64 1.6.5 35.00 360.00 395.00 OK
r-release-osx-x86_64 1.6.5 OK
r-oldrel-windows-ix86+x86_64 1.6.5 14.00 228.00 242.00 OK
r-oldrel-osx-x86_64 1.6.5 OK

Check Details

Version: 1.6.5
Check: whether package can be installed
Result: WARN
    Found the following significant warnings:
     Warning: 'ergm.MHP.table' is deprecated.
     Warning: Function ergm.ConstraintImplications() has been deprecated in favor of specifying the implications in the InitErgmConstraint.*() functions, and has no effect.
Flavors: r-devel-linux-x86_64-debian-clang, r-devel-windows-ix86+x86_64, r-patched-linux-x86_64, r-patched-solaris-x86, r-release-linux-x86_64

Version: 1.6.5
Check: examples
Result: WARN
    Found the following significant warnings:
    
     Warning: 'ergm.MHP.table' is deprecated.
    Deprecated functions may be defunct as soon as of the next release of
    R.
    See ?Deprecated.
    Examples with CPU or elapsed time > 5s
     user system elapsed
    update_dissolution 8.669 0.06 9.03
Flavor: r-devel-linux-x86_64-debian-clang

Version: 1.6.5
Check: examples
Result: WARN
    Found the following significant warnings:
    
     Warning: 'ergm.MHP.table' is deprecated.
    Deprecated functions may be defunct as soon as of the next release of
    R.
    See ?Deprecated.
Flavors: r-devel-windows-ix86+x86_64, r-patched-solaris-x86

Version: 1.6.5
Check: examples
Result: WARN
    Found the following significant warnings:
    
     Warning: 'ergm.MHP.table' is deprecated.
    Deprecated functions may be defunct as soon as of the next release of
    R.
    See ?Deprecated.
    Examples with CPU or elapsed time > 5s
     user system elapsed
    update_dissolution 8.872 0.068 10.033
Flavor: r-patched-linux-x86_64

Version: 1.6.5
Check: examples
Result: WARN
    Found the following significant warnings:
    
     Warning: 'ergm.MHP.table' is deprecated.
    Deprecated functions may be defunct as soon as of the next release of
    R.
    See ?Deprecated.
    Examples with CPU or elapsed time > 5s
     user system elapsed
    update_dissolution 8.877 0.049 9.956
Flavor: r-release-linux-x86_64