Last updated on 2023-12-07 04:01:51 CET.
Flavor | Version | Tinstall | Tcheck | Ttotal | Status | Flags |
---|---|---|---|---|---|---|
r-devel-linux-x86_64-debian-clang | 2.4.0 | 46.84 | 717.36 | 764.20 | OK | |
r-devel-linux-x86_64-debian-gcc | 2.4.0 | 36.15 | 537.26 | 573.41 | OK | |
r-devel-linux-x86_64-fedora-clang | 2.4.0 | 943.09 | OK | |||
r-devel-linux-x86_64-fedora-gcc | 2.4.0 | 916.99 | OK | |||
r-devel-windows-x86_64 | 2.4.0 | 42.00 | 559.00 | 601.00 | NOTE | |
r-patched-linux-x86_64 | 2.4.0 | 39.09 | 667.72 | 706.81 | OK | |
r-release-linux-x86_64 | 2.4.0 | 30.71 | 684.79 | 715.50 | OK | |
r-release-macos-arm64 | 2.4.0 | 209.00 | OK | |||
r-release-macos-x86_64 | 2.4.0 | 462.00 | OK | |||
r-release-windows-x86_64 | 2.4.0 | 53.00 | 734.00 | 787.00 | NOTE | |
r-oldrel-macos-arm64 | 2.4.0 | 221.00 | OK | |||
r-oldrel-macos-x86_64 | 2.4.0 | 318.00 | OK | |||
r-oldrel-windows-x86_64 | 2.4.0 | 53.00 | 686.00 | 739.00 | NOTE |
Version: 2.4.0
Check: installed package size
Result: NOTE
installed size is 5.1Mb
sub-directories of 1Mb or more:
doc 2.8Mb
libs 1.0Mb
Flavors: r-devel-windows-x86_64, r-release-windows-x86_64, r-oldrel-windows-x86_64