CRAN Package Check Results for Package EpiModel

Last updated on 2022-11-26 10:57:57 CET.

Flavor Version Tinstall Tcheck Ttotal Status Flags
r-devel-linux-x86_64-debian-clang 2.3.1 44.53 395.83 440.36 OK
r-devel-linux-x86_64-debian-gcc 2.3.1 31.21 282.73 313.94 OK
r-devel-linux-x86_64-fedora-clang 2.3.1 579.20 OK
r-devel-windows-x86_64 2.3.1 147.00 473.00 620.00 NOTE
r-patched-linux-x86_64 2.3.1 ERROR
r-release-linux-x86_64 2.3.1 39.59 346.44 386.03 OK
r-release-macos-arm64 2.3.1 139.00 OK
r-release-macos-x86_64 2.3.1 188.00 OK
r-release-windows-x86_64 2.3.1 133.00 467.00 600.00 NOTE
r-oldrel-macos-arm64 2.3.1 143.00 OK
r-oldrel-macos-x86_64 2.3.1 195.00 OK
r-oldrel-windows-ix86+x86_64 2.3.1 94.00 662.00 756.00 NOTE

Check Details

Version: 2.3.1
Check: installed package size
Result: NOTE
     installed size is 5.0Mb
     sub-directories of 1Mb or more:
     doc 2.8Mb
     libs 1.0Mb
Flavors: r-devel-windows-x86_64, r-release-windows-x86_64, r-oldrel-windows-ix86+x86_64

Version: 2.3.1
Check: package dependencies
Result: ERROR
    Packages required but not available: 'tergm', 'ergm'
    
    See section ‘The DESCRIPTION file’ in the ‘Writing R Extensions’
    manual.
Flavor: r-patched-linux-x86_64