CRAN Package Check Results for Package EpiStats

Last updated on 2018-11-15 04:50:04 CET.

Flavor Version Tinstall Tcheck Ttotal Status Flags
r-devel-linux-x86_64-debian-clang 1.2 6.73 103.93 110.66 OK
r-devel-linux-x86_64-debian-gcc 1.2 4.80 80.01 84.81 OK
r-devel-linux-x86_64-fedora-clang 1.2 131.56 OK
r-devel-linux-x86_64-fedora-gcc 1.2 126.84 OK
r-devel-windows-ix86+x86_64 1.2 11.00 106.00 117.00 OK
r-patched-linux-x86_64 1.2 4.94 89.41 94.35 OK
r-patched-solaris-x86 1.2 149.60 OK
r-release-linux-x86_64 1.2 6.98 87.17 94.15 OK
r-release-windows-ix86+x86_64 1.2 14.00 137.00 151.00 OK
r-release-osx-x86_64 1.2 WARN
r-oldrel-windows-ix86+x86_64 1.2 13.00 133.00 146.00 OK
r-oldrel-osx-x86_64 1.2 OK

Check Details

Version: 1.2
Check: whether package can be installed
Result: WARN
    Found the following significant warnings:
     Warning: package ‘dplyr’ was built under R version 3.5.1
Flavor: r-release-osx-x86_64