CRAN Package Check Results for Package EpiStats

Last updated on 2019-02-15 20:46:47 CET.

Flavor Version Tinstall Tcheck Ttotal Status Flags
r-devel-linux-x86_64-debian-clang 1.2 7.43 94.96 102.39 OK
r-devel-linux-x86_64-debian-gcc 1.2 5.62 70.57 76.19 OK
r-devel-linux-x86_64-fedora-clang 1.2 120.13 OK
r-devel-linux-x86_64-fedora-gcc 1.2 114.89 OK
r-devel-windows-ix86+x86_64 1.2 16.00 224.00 240.00 OK
r-patched-linux-x86_64 1.2 5.08 87.31 92.39 OK
r-patched-solaris-x86 1.2 151.40 OK
r-release-linux-x86_64 1.2 5.96 87.47 93.43 OK
r-release-windows-ix86+x86_64 1.2 11.00 96.00 107.00 OK
r-release-osx-x86_64 1.2 WARN
r-oldrel-windows-ix86+x86_64 1.2 16.00 204.00 220.00 OK
r-oldrel-osx-x86_64 1.2 OK

Check Details

Version: 1.2
Check: whether package can be installed
Result: WARN
    Found the following significant warnings:
     Warning: package ‘dplyr’ was built under R version 3.5.1
Flavor: r-release-osx-x86_64