CRAN Package Check Results for Package EstHer

Last updated on 2019-09-17 17:48:52 CEST.

Flavor Version Tinstall Tcheck Ttotal Status Flags
r-devel-linux-x86_64-debian-clang 1.0 25.86 64.85 90.71 OK
r-devel-linux-x86_64-debian-gcc 1.0 21.60 51.82 73.42 OK
r-devel-linux-x86_64-fedora-clang 1.0 123.20 NOTE
r-devel-linux-x86_64-fedora-gcc 1.0 118.99 NOTE
r-devel-windows-ix86+x86_64 1.0 70.00 146.00 216.00 OK
r-patched-linux-x86_64 1.0 23.38 64.59 87.97 OK
r-patched-solaris-x86 1.0 172.70 OK
r-release-linux-x86_64 1.0 25.21 64.11 89.32 OK
r-release-windows-ix86+x86_64 1.0 46.00 108.00 154.00 OK
r-release-osx-x86_64 1.0 OK
r-oldrel-windows-ix86+x86_64 1.0 61.00 107.00 168.00 OK
r-oldrel-osx-x86_64 1.0 OK

Check Details

Version: 1.0
Check: compiled code
Result: NOTE
    File ‘EstHer/libs/EstHer.so’:
     Found no calls to: ‘R_registerRoutines’, ‘R_useDynamicSymbols’
    
    It is good practice to register native routines and to disable symbol
    search.
    
    See ‘Writing portable packages’ in the ‘Writing R Extensions’ manual.
Flavors: r-devel-linux-x86_64-fedora-clang, r-devel-linux-x86_64-fedora-gcc