CRAN Package Check Results for Package EstHer

Last updated on 2020-02-20 21:47:26 CET.

Flavor Version Tinstall Tcheck Ttotal Status Flags
r-devel-linux-x86_64-debian-clang 1.0 33.06 72.70 105.76 OK
r-devel-linux-x86_64-debian-gcc 1.0 22.10 55.98 78.08 OK
r-devel-linux-x86_64-fedora-clang 1.0 129.87 NOTE
r-devel-linux-x86_64-fedora-gcc 1.0 129.00 NOTE
r-devel-windows-ix86+x86_64 1.0 55.00 106.00 161.00 OK
r-devel-windows-ix86+x86_64-gcc8 1.0 95.00 156.00 251.00 OK
r-patched-linux-x86_64 1.0 25.52 64.49 90.01 OK
r-patched-solaris-x86 1.0 163.70 OK
r-release-linux-x86_64 1.0 25.11 64.68 89.79 OK
r-release-windows-ix86+x86_64 1.0 57.00 117.00 174.00 OK
r-release-osx-x86_64 1.0 OK
r-oldrel-windows-ix86+x86_64 1.0 47.00 113.00 160.00 OK
r-oldrel-osx-x86_64 1.0 OK

Check Details

Version: 1.0
Check: compiled code
Result: NOTE
    File ‘EstHer/libs/EstHer.so’:
     Found no calls to: ‘R_registerRoutines’, ‘R_useDynamicSymbols’
    
    It is good practice to register native routines and to disable symbol
    search.
    
    See ‘Writing portable packages’ in the ‘Writing R Extensions’ manual.
Flavors: r-devel-linux-x86_64-fedora-clang, r-devel-linux-x86_64-fedora-gcc