CRAN Package Check Results for Package EstimateGroupNetwork

Last updated on 2022-05-21 11:50:50 CEST.

Flavor Version Tinstall Tcheck Ttotal Status Flags
r-devel-linux-x86_64-debian-clang 0.3.1 15.11 136.17 151.28 NOTE
r-devel-linux-x86_64-debian-gcc 0.3.1 12.55 101.62 114.17 NOTE
r-devel-linux-x86_64-fedora-clang 0.3.1 175.37 NOTE
r-devel-linux-x86_64-fedora-gcc 0.3.1 178.21 NOTE
r-devel-windows-x86_64 0.3.1 65.00 145.00 210.00 NOTE
r-patched-linux-x86_64 0.3.1 11.78 126.32 138.10 NOTE
r-release-linux-x86_64 0.3.1 9.48 126.20 135.68 NOTE
r-release-macos-arm64 0.3.1 46.00 NOTE
r-release-macos-x86_64 0.3.1 75.00 NOTE
r-release-windows-x86_64 0.3.1 71.00 144.00 215.00 NOTE
r-oldrel-macos-arm64 0.3.1 56.00 NOTE
r-oldrel-macos-x86_64 0.3.1 81.00 NOTE
r-oldrel-windows-ix86+x86_64 0.3.1 35.00 140.00 175.00 NOTE

Check Details

Version: 0.3.1
Check: LazyData
Result: NOTE
     'LazyData' is specified without a 'data' directory
Flavors: r-devel-linux-x86_64-debian-clang, r-devel-linux-x86_64-debian-gcc, r-devel-linux-x86_64-fedora-clang, r-devel-linux-x86_64-fedora-gcc, r-devel-windows-x86_64, r-patched-linux-x86_64, r-release-linux-x86_64, r-release-macos-arm64, r-release-macos-x86_64, r-release-windows-x86_64, r-oldrel-macos-arm64, r-oldrel-macos-x86_64, r-oldrel-windows-ix86+x86_64