CRAN Package Check Results for Package EthSEQ

Last updated on 2018-11-19 06:46:49 CET.

Flavor Version Tinstall Tcheck Ttotal Status Flags
r-devel-linux-x86_64-debian-clang OK
r-devel-linux-x86_64-debian-gcc 2.1.2 2.33 28.91 31.24 OK
r-devel-linux-x86_64-fedora-clang 2.1.2 46.88 OK
r-devel-linux-x86_64-fedora-gcc 2.1.2 45.24 OK
r-devel-windows-ix86+x86_64 2.1.2 9.00 71.00 80.00 OK
r-patched-linux-x86_64 2.1.2 3.19 35.39 38.58 OK
r-patched-solaris-x86 2.1.2 3.80 ERROR
r-release-linux-x86_64 2.1.2 3.11 35.35 38.46 OK
r-release-windows-ix86+x86_64 2.1.2 9.00 70.00 79.00 OK
r-release-osx-x86_64 2.1.2 OK
r-oldrel-windows-ix86+x86_64 2.1.2 7.00 48.00 55.00 OK
r-oldrel-osx-x86_64 2.1.2 OK

Check Details

Version: 2.1.2
Check: package dependencies
Result: ERROR
    Packages required but not available: ‘SNPRelate’ ‘gdsfmt’
    
    See section ‘The DESCRIPTION file’ in the ‘Writing R Extensions’
    manual.
Flavor: r-patched-solaris-x86