CRAN Package Check Results for Package EthSEQ

Last updated on 2018-08-20 09:47:36 CEST.

Flavor Version Tinstall Tcheck Ttotal Status Flags
r-devel-linux-x86_64-debian-clang 2.1.2 2.96 38.03 40.99 OK
r-devel-linux-x86_64-debian-gcc 2.1.2 2.65 30.23 32.88 OK
r-devel-linux-x86_64-fedora-clang 2.1.2 49.62 OK
r-devel-linux-x86_64-fedora-gcc 2.1.2 46.94 OK
r-devel-windows-ix86+x86_64 2.1.2 9.00 73.00 82.00 OK
r-patched-linux-x86_64 2.1.2 2.94 35.31 38.25 OK
r-patched-solaris-x86 2.1.2 4.10 ERROR
r-release-linux-x86_64 2.1.2 3.27 35.21 38.48 OK
r-release-windows-ix86+x86_64 2.1.2 10.00 61.00 71.00 OK
r-release-osx-x86_64 2.1.2 OK
r-oldrel-windows-ix86+x86_64 2.1.2 6.00 52.00 58.00 OK
r-oldrel-osx-x86_64 2.1.2 OK

Check Details

Version: 2.1.2
Check: package dependencies
Result: ERROR
    Packages required but not available: ‘SNPRelate’ ‘gdsfmt’
    
    See section ‘The DESCRIPTION file’ in the ‘Writing R Extensions’
    manual.
Flavor: r-patched-solaris-x86