CRAN Package Check Results for Package EthSEQ

Last updated on 2018-05-24 08:48:45 CEST.

Flavor Version Tinstall Tcheck Ttotal Status Flags
r-devel-linux-x86_64-debian-clang 2.1.2 2.65 34.02 36.67 OK
r-devel-linux-x86_64-debian-gcc 2.1.2 2.35 29.06 31.41 OK
r-devel-linux-x86_64-fedora-clang 2.1.2 50.61 OK
r-devel-linux-x86_64-fedora-gcc 2.1.2 47.58 OK
r-devel-windows-ix86+x86_64 2.1.2 6.00 49.00 55.00 OK
r-patched-linux-x86_64 2.1.2 2.38 34.95 37.33 OK
r-patched-solaris-x86 2.1.2 3.70 ERROR
r-release-linux-x86_64 2.1.2 3.02 34.63 37.65 OK
r-release-windows-ix86+x86_64 2.1.2 8.00 68.00 76.00 OK
r-release-osx-x86_64 2.1.2 OK
r-oldrel-windows-ix86+x86_64 2.1.2 9.00 51.00 60.00 OK
r-oldrel-osx-x86_64 2.1.2 OK

Check Details

Version: 2.1.2
Check: package dependencies
Result: ERROR
    Packages required but not available: ‘SNPRelate’ ‘gdsfmt’
    
    See section ‘The DESCRIPTION file’ in the ‘Writing R Extensions’
    manual.
Flavor: r-patched-solaris-x86