CRAN Package Check Results for Package EthSEQ

Last updated on 2019-02-21 01:50:41 CET.

Flavor Version Tinstall Tcheck Ttotal Status Flags
r-devel-linux-x86_64-debian-clang 2.1.2 3.57 40.41 43.98 OK
r-devel-linux-x86_64-debian-gcc 2.1.2 2.76 31.64 34.40 OK
r-devel-linux-x86_64-fedora-clang 2.1.2 56.10 OK
r-devel-linux-x86_64-fedora-gcc 2.1.2 54.17 OK
r-devel-windows-ix86+x86_64 2.1.2 9.00 74.00 83.00 OK
r-patched-linux-x86_64 2.1.2 OK
r-patched-solaris-x86 2.1.2 4.90 ERROR
r-release-linux-x86_64 2.1.2 OK
r-release-windows-ix86+x86_64 2.1.2 7.00 74.00 81.00 OK
r-release-osx-x86_64 2.1.2 OK
r-oldrel-windows-ix86+x86_64 2.1.2 7.00 61.00 68.00 OK
r-oldrel-osx-x86_64 2.1.2 OK

Check Details

Version: 2.1.2
Check: package dependencies
Result: ERROR
    Packages required but not available: ‘SNPRelate’ ‘gdsfmt’
    
    See section ‘The DESCRIPTION file’ in the ‘Writing R Extensions’
    manual.
Flavor: r-patched-solaris-x86