CRAN Package Check Results for Package EventStudy

Last updated on 2018-05-26 11:49:59 CEST.

Flavor Version Tinstall Tcheck Ttotal Status Flags
r-devel-linux-x86_64-debian-clang 0.34 9.93 70.53 80.46 OK
r-devel-linux-x86_64-debian-gcc 0.34 8.16 55.18 63.34 OK
r-devel-linux-x86_64-fedora-clang 0.34 97.01 NOTE
r-devel-linux-x86_64-fedora-gcc 0.34 93.97 NOTE
r-devel-windows-ix86+x86_64 0.34 21.00 85.00 106.00 NOTE
r-patched-linux-x86_64 0.34 9.74 62.11 71.85 OK
r-patched-solaris-x86 0.34 132.40 NOTE
r-release-linux-x86_64 0.34 6.55 61.87 68.42 OK
r-release-windows-ix86+x86_64 0.34 26.00 115.00 141.00 NOTE
r-release-osx-x86_64 0.34 NOTE
r-oldrel-windows-ix86+x86_64 0.34 25.00 87.00 112.00 NOTE
r-oldrel-osx-x86_64 0.34 NOTE

Check Details

Version: 0.34
Check: installed package size
Result: NOTE
     installed size is 6.6Mb
     sub-directories of 1Mb or more:
     doc 5.8Mb
Flavors: r-devel-linux-x86_64-fedora-clang, r-devel-linux-x86_64-fedora-gcc, r-devel-windows-ix86+x86_64, r-patched-solaris-x86, r-release-windows-ix86+x86_64, r-release-osx-x86_64, r-oldrel-windows-ix86+x86_64, r-oldrel-osx-x86_64

Version: 0.34
Check: dependencies in R code
Result: NOTE
    Namespaces in Imports field not imported from:
     ‘curl’ ‘openxlsx’ ‘stringr’
     All declared Imports should be used.
Flavors: r-devel-linux-x86_64-fedora-clang, r-devel-linux-x86_64-fedora-gcc, r-patched-solaris-x86, r-release-osx-x86_64, r-oldrel-osx-x86_64