Last updated on 2019-02-17 21:47:32 CET.
Flavor | Version | Tinstall | Tcheck | Ttotal | Status | Flags |
---|---|---|---|---|---|---|
r-devel-linux-x86_64-debian-clang | 0.34 | 10.77 | 71.71 | 82.48 | OK | |
r-devel-linux-x86_64-debian-gcc | 0.34 | 9.49 | 54.82 | 64.31 | OK | |
r-devel-linux-x86_64-fedora-clang | 0.34 | 100.33 | NOTE | |||
r-devel-linux-x86_64-fedora-gcc | 0.34 | 95.79 | NOTE | |||
r-devel-windows-ix86+x86_64 | 0.34 | 25.00 | 89.00 | 114.00 | NOTE | |
r-patched-linux-x86_64 | 0.34 | 7.87 | 64.87 | 72.74 | OK | |
r-patched-solaris-x86 | 0.34 | 132.50 | NOTE | |||
r-release-linux-x86_64 | 0.34 | OK | ||||
r-release-windows-ix86+x86_64 | 0.34 | 15.00 | 86.00 | 101.00 | NOTE | |
r-release-osx-x86_64 | 0.34 | NOTE | ||||
r-oldrel-windows-ix86+x86_64 | 0.34 | 14.00 | 109.00 | 123.00 | NOTE | |
r-oldrel-osx-x86_64 | 0.34 | NOTE |
Version: 0.34
Check: installed package size
Result: NOTE
installed size is 6.7Mb
sub-directories of 1Mb or more:
doc 5.8Mb
Flavors: r-devel-linux-x86_64-fedora-clang, r-devel-windows-ix86+x86_64, r-patched-solaris-x86, r-release-windows-ix86+x86_64, r-release-osx-x86_64, r-oldrel-windows-ix86+x86_64, r-oldrel-osx-x86_64
Version: 0.34
Check: dependencies in R code
Result: NOTE
Namespaces in Imports field not imported from:
‘curl’ ‘openxlsx’ ‘stringr’
All declared Imports should be used.
Flavors: r-devel-linux-x86_64-fedora-clang, r-devel-linux-x86_64-fedora-gcc, r-patched-solaris-x86, r-release-osx-x86_64, r-oldrel-osx-x86_64