CRAN Package Check Results for Package EventStudy

Last updated on 2018-02-22 02:51:38 CET.

Flavor Version Tinstall Tcheck Ttotal Status Flags
r-devel-linux-x86_64-debian-clang 0.34 7.37 55.76 63.13 OK
r-devel-linux-x86_64-debian-gcc 0.34 7.82 48.52 56.34 OK
r-devel-linux-x86_64-fedora-clang 0.34 86.40 NOTE
r-devel-linux-x86_64-fedora-gcc 0.34 81.99 NOTE
r-devel-windows-ix86+x86_64 0.34 17.00 84.00 101.00 NOTE
r-patched-linux-x86_64 0.34 4.66 67.58 72.24 OK
r-patched-solaris-x86 0.34 111.30 NOTE
r-release-linux-x86_64 0.34 5.54 66.96 72.50 OK
r-release-windows-ix86+x86_64 0.34 25.00 115.00 140.00 NOTE
r-release-osx-x86_64 0.34 NOTE
r-oldrel-windows-ix86+x86_64 0.34 1.00 5.00 6.00 ERROR
r-oldrel-osx-x86_64 0.34 ERROR

Check Details

Version: 0.34
Check: installed package size
Result: NOTE
     installed size is 6.6Mb
     sub-directories of 1Mb or more:
     doc 5.8Mb
Flavors: r-devel-linux-x86_64-fedora-clang, r-devel-linux-x86_64-fedora-gcc, r-devel-windows-ix86+x86_64, r-patched-solaris-x86, r-release-windows-ix86+x86_64, r-release-osx-x86_64

Version: 0.34
Check: dependencies in R code
Result: NOTE
    Namespaces in Imports field not imported from:
     ‘curl’ ‘openxlsx’ ‘stringr’
     All declared Imports should be used.
Flavors: r-devel-linux-x86_64-fedora-clang, r-devel-linux-x86_64-fedora-gcc, r-patched-solaris-x86, r-release-osx-x86_64

Version: 0.34
Check: package dependencies
Result: ERROR
    Package required but not available: 'tidyquant'
    
    See section 'The DESCRIPTION file' in the 'Writing R Extensions'
    manual.
Flavor: r-oldrel-windows-ix86+x86_64

Version: 0.34
Check: whether package can be installed
Result: ERROR
    Installation failed.
Flavor: r-oldrel-osx-x86_64