CRAN Package Check Results for Package EventStudy

Last updated on 2018-08-19 07:47:19 CEST.

Flavor Version Tinstall Tcheck Ttotal Status Flags
r-devel-linux-x86_64-debian-clang 0.34 9.60 73.04 82.64 OK
r-devel-linux-x86_64-debian-gcc 0.34 8.25 55.89 64.14 OK
r-devel-linux-x86_64-fedora-clang 0.34 96.90 NOTE
r-devel-linux-x86_64-fedora-gcc 0.34 91.92 NOTE
r-devel-windows-ix86+x86_64 0.34 24.00 119.00 143.00 NOTE
r-patched-linux-x86_64 0.34 6.77 61.91 68.68 OK
r-patched-solaris-x86 0.34 128.20 NOTE
r-release-linux-x86_64 0.34 8.34 61.85 70.19 OK
r-release-windows-ix86+x86_64 0.34 28.00 117.00 145.00 NOTE
r-release-osx-x86_64 0.34 NOTE
r-oldrel-windows-ix86+x86_64 0.34 16.00 94.00 110.00 NOTE
r-oldrel-osx-x86_64 0.34 NOTE

Check Details

Version: 0.34
Check: installed package size
Result: NOTE
     installed size is 6.6Mb
     sub-directories of 1Mb or more:
     doc 5.8Mb
Flavors: r-devel-linux-x86_64-fedora-clang, r-devel-windows-ix86+x86_64, r-patched-solaris-x86, r-release-windows-ix86+x86_64, r-release-osx-x86_64, r-oldrel-windows-ix86+x86_64, r-oldrel-osx-x86_64

Version: 0.34
Check: dependencies in R code
Result: NOTE
    Namespaces in Imports field not imported from:
     ‘curl’ ‘openxlsx’ ‘stringr’
     All declared Imports should be used.
Flavors: r-devel-linux-x86_64-fedora-clang, r-devel-linux-x86_64-fedora-gcc, r-patched-solaris-x86, r-release-osx-x86_64, r-oldrel-osx-x86_64