CRAN Package Check Results for Package EventStudy

Last updated on 2018-11-17 15:47:23 CET.

Flavor Version Tinstall Tcheck Ttotal Status Flags
r-devel-linux-x86_64-debian-clang 0.34 8.16 65.44 73.60 OK
r-devel-linux-x86_64-debian-gcc 0.34 7.78 51.59 59.37 OK
r-devel-linux-x86_64-fedora-clang 0.34 100.09 NOTE
r-devel-linux-x86_64-fedora-gcc 0.34 86.21 NOTE
r-devel-windows-ix86+x86_64 0.34 28.00 115.00 143.00 NOTE
r-patched-linux-x86_64 0.34 10.94 62.69 73.63 OK
r-patched-solaris-x86 0.34 128.00 NOTE
r-release-linux-x86_64 0.34 10.77 63.17 73.94 OK
r-release-windows-ix86+x86_64 0.34 26.00 123.00 149.00 NOTE
r-release-osx-x86_64 0.34 NOTE
r-oldrel-windows-ix86+x86_64 0.34 23.00 128.00 151.00 NOTE
r-oldrel-osx-x86_64 0.34 NOTE

Check Details

Version: 0.34
Check: installed package size
Result: NOTE
     installed size is 6.6Mb
     sub-directories of 1Mb or more:
     doc 5.8Mb
Flavors: r-devel-linux-x86_64-fedora-clang, r-devel-windows-ix86+x86_64, r-patched-solaris-x86, r-release-windows-ix86+x86_64, r-release-osx-x86_64, r-oldrel-windows-ix86+x86_64, r-oldrel-osx-x86_64

Version: 0.34
Check: dependencies in R code
Result: NOTE
    Namespaces in Imports field not imported from:
     ‘curl’ ‘openxlsx’ ‘stringr’
     All declared Imports should be used.
Flavors: r-devel-linux-x86_64-fedora-clang, r-devel-linux-x86_64-fedora-gcc, r-patched-solaris-x86, r-release-osx-x86_64, r-oldrel-osx-x86_64