CRAN Package Check Results for Package ExomeDepth

Last updated on 2018-11-13 02:48:35 CET.

Flavor Version Tinstall Tcheck Ttotal Status Flags
r-devel-linux-x86_64-debian-clang 1.1.10 29.62 295.37 324.99 NOTE
r-devel-linux-x86_64-debian-gcc 1.1.10 24.20 236.64 260.84 NOTE
r-devel-linux-x86_64-fedora-clang 1.1.10 394.71 NOTE
r-devel-linux-x86_64-fedora-gcc 1.1.10 381.24 NOTE
r-devel-windows-ix86+x86_64 1.1.10 68.00 351.00 419.00 NOTE
r-patched-linux-x86_64 1.1.10 23.79 236.02 259.81 NOTE
r-patched-solaris-x86 1.1.10 478.40 NOTE
r-release-linux-x86_64 1.1.10 24.58 232.55 257.13 NOTE
r-release-windows-ix86+x86_64 1.1.10 87.00 295.00 382.00 NOTE
r-release-osx-x86_64 1.1.10 ERROR
r-oldrel-windows-ix86+x86_64 1.1.10 75.00 367.00 442.00 NOTE
r-oldrel-osx-x86_64 1.1.10 NOTE

Check Details

Version: 1.1.10
Check: R code for possible problems
Result: NOTE
    countBamInGRanges.exomeDepth: no visible global function definition for
     ‘as’
    Undefined global functions or variables:
     as
    Consider adding
     importFrom("methods", "as")
    to your NAMESPACE file (and ensure that your DESCRIPTION Imports field
    contains 'methods').
Flavors: r-devel-linux-x86_64-debian-clang, r-devel-linux-x86_64-debian-gcc, r-devel-linux-x86_64-fedora-clang, r-devel-linux-x86_64-fedora-gcc, r-devel-windows-ix86+x86_64, r-patched-linux-x86_64, r-patched-solaris-x86, r-release-linux-x86_64, r-release-windows-ix86+x86_64, r-oldrel-windows-ix86+x86_64, r-oldrel-osx-x86_64

Version: 1.1.10
Check: compiled code
Result: NOTE
    File ‘ExomeDepth/libs/ExomeDepth.so’:
     Found no calls to: ‘R_registerRoutines’, ‘R_useDynamicSymbols’
    
    It is good practice to register native routines and to disable symbol
    search.
    
    See ‘Writing portable packages’ in the ‘Writing R Extensions’ manual.
Flavors: r-devel-linux-x86_64-fedora-clang, r-devel-linux-x86_64-fedora-gcc

Version: 1.1.10
Check: package dependencies
Result: ERROR
    Packages required but not available: ‘Rsamtools’ ‘GenomicAlignments’
    
    See section ‘The DESCRIPTION file’ in the ‘Writing R Extensions’
    manual.
Flavor: r-release-osx-x86_64