CRAN Package Check Results for Package ExomeDepth

Last updated on 2018-02-19 13:47:39 CET.

Flavor Version Tinstall Tcheck Ttotal Status Flags
r-devel-linux-x86_64-debian-clang 1.1.10 26.89 211.17 238.06 NOTE
r-devel-linux-x86_64-debian-gcc 1.1.10 18.40 184.33 202.73 NOTE
r-devel-windows-ix86+x86_64 1.1.10 56.00 246.00 302.00 NOTE
r-patched-linux-x86_64 1.1.10 19.05 220.80 239.85 NOTE
r-patched-solaris-x86 1.1.10 401.20 NOTE
r-release-linux-x86_64 1.1.10 18.54 221.19 239.73 NOTE
r-release-windows-ix86+x86_64 1.1.10 72.00 378.00 450.00 NOTE
r-release-osx-x86_64 1.1.10 ERROR
r-oldrel-windows-ix86+x86_64 1.1.10 74.00 317.00 391.00 NOTE
r-oldrel-osx-x86_64 1.1.10 OK

Check Details

Version: 1.1.10
Check: R code for possible problems
Result: NOTE
    countBamInGRanges.exomeDepth: no visible global function definition for
     ‘as’
    Undefined global functions or variables:
     as
    Consider adding
     importFrom("methods", "as")
    to your NAMESPACE file (and ensure that your DESCRIPTION Imports field
    contains 'methods').
Flavors: r-devel-linux-x86_64-debian-clang, r-devel-linux-x86_64-debian-gcc, r-devel-windows-ix86+x86_64, r-patched-linux-x86_64, r-patched-solaris-x86, r-release-linux-x86_64, r-release-windows-ix86+x86_64, r-oldrel-windows-ix86+x86_64

Version: 1.1.10
Check: compiled code
Result: NOTE
    File ‘ExomeDepth/libs/ExomeDepth.so’:
     Found no calls to: ‘R_registerRoutines’, ‘R_useDynamicSymbols’
    
    It is good practice to register native routines and to disable symbol
    search.
    
    See ‘Writing portable packages’ in the ‘Writing R Extensions’ manual.
Flavors: r-devel-linux-x86_64-debian-clang, r-devel-linux-x86_64-debian-gcc, r-patched-linux-x86_64, r-release-linux-x86_64

Version: 1.1.10
Check: package dependencies
Result: ERROR
    Packages required but not available:
     ‘Biostrings’ ‘Rsamtools’ ‘GenomicRanges’ ‘GenomicAlignments’
    
    See section ‘The DESCRIPTION file’ in the ‘Writing R Extensions’
    manual.
Flavor: r-release-osx-x86_64