CRAN Package Check Results for Package FACT

Last updated on 2023-10-01 12:00:36 CEST.

Flavor Version Tinstall Tcheck Ttotal Status Flags
r-devel-linux-x86_64-debian-clang 0.1.0 8.18 75.21 83.39 OK
r-devel-linux-x86_64-debian-gcc 0.1.0 6.47 55.82 62.29 OK
r-devel-linux-x86_64-fedora-clang 0.1.0 101.37 OK
r-devel-linux-x86_64-fedora-gcc 0.1.0 104.83 OK
r-devel-windows-x86_64 0.1.0 10.00 75.00 85.00 OK
r-patched-linux-x86_64 0.1.0 10.72 70.51 81.23 OK
r-release-linux-x86_64 0.1.0 6.31 71.73 78.04 OK
r-release-macos-arm64 0.1.0 35.00 OK
r-release-macos-x86_64 0.1.0 55.00 OK
r-release-windows-x86_64 0.1.0 11.00 82.00 93.00 OK
r-oldrel-macos-arm64 0.1.0 39.00 ERROR
r-oldrel-macos-x86_64 0.1.0 55.00 ERROR
r-oldrel-windows-x86_64 0.1.0 14.00 87.00 101.00 OK

Check Details

Version: 0.1.0
Check: PDF version of manual
Result: WARN
    LaTeX errors when creating PDF version.
    This typically indicates Rd problems.
    LaTeX errors found:
    ! Undefined control sequence.
    <argument> \text
     {sIDEA}_X(\tilde {\textbf {x}}_S) = \left (\frac {1}{n} \s...
    l.343 }{}
    
    ! Undefined control sequence.
    <argument> ...(\frac {1}{n} \sum _{i = 1}^n \text
     {sIDEA}^{(1)}_{\textbf {x}...
    l.343 }{}
    
    ! Undefined control sequence.
    <argument> ... \frac {1}{n} \sum _{i = 1}^n \text
     {sIDEA}^{(k)}_{\textbf {x}...
    l.343 }{}
    
    ! Undefined control sequence.
    <argument> \text
     {hIDEA}_X(\tilde {\textbf {x}}_S) = \left (\frac {1}{n}\su...
    l.350 }{}
    
    ! Undefined control sequence.
    <argument> ...\frac {1}{n}\sum _{i = 1}^n \mathbb
     {1}_{1}(\text {hIDEA}_{\te...
    l.350 }{}
    
    ! Undefined control sequence.
    <argument> ...um _{i = 1}^n \mathbb {1}_{1}(\text
     {hIDEA}_{\textbf {x}^{(i)}...
    l.350 }{}
    
    ! Undefined control sequence.
    <argument> ...\frac {1}{n}\sum _{i = 1}^n \mathbb
     {1}_{k}(\text {hIDEA}_{\te...
    l.350 }{}
    
    ! Undefined control sequence.
    <argument> ...um _{i = 1}^n \mathbb {1}_{k}(\text
     {hIDEA}_{\textbf {x}^{(i)}...
    l.350 }{}
    
    ! Undefined control sequence.
    <argument> M \in \mathbb
     {N}_0^{k \times k}
    l.615 Let \eqn{M \in \mathbb{N}_0^{k \times k}}{}
     denote the multi-cluster
    ! Undefined control sequence.
    <argument> M_c \in \mathbb
     {N}_0^{2 \times 2}
    l.616 ...\eqn{M_c \in \mathbb{N}_0^{2 \times 2}}{}
     the binary
    ! Undefined control sequence.
    <argument> \text
     {Multi-cluster scoring:} \quad \text {SMART}(X, \tilde {X}...
    l.622 }{}
    
    ! Undefined control sequence.
    <argument> ...Multi-cluster scoring:} \quad \text
     {SMART}(X, \tilde {X}_S) =...
    l.622 }{}
    
    ! Undefined control sequence.
    <argument> ...{SMART}(X, \tilde {X}_S) = h_{\text
     {multi}}(M) \\ \text {Bina...
    l.622 }{}
    
    ! Undefined control sequence.
    <recently read> \text
    
    l.622 }{}
    
    ! Undefined control sequence.
    <argument> ...\text {Binary scoring:} \quad \text
     {SMART}(X, \tilde {X}_S) =...
    l.622 }{}
    
    ! Undefined control sequence.
    <argument> ...xt {SMART}(X, \tilde {X}_S) = \text
     {AVE}(h_{\text {binary}}(M...
    l.622 }{}
    
    ! Undefined control sequence.
    <argument> ...tilde {X}_S) = \text {AVE}(h_{\text
     {binary}}(M_1), \dots , h_...
    l.622 }{}
    
    ! Undefined control sequence.
    <argument> ...xt {binary}}(M_1), \dots , h_{\text
     {binary}}(M_k))
    l.622 }{}
    
    ! Undefined control sequence.
    <recently read> \text
    
    l.623 where \eqn{\text{AVE}}{}
     averages a vector of binary scores, e.g., via...
    ! Undefined control sequence.
    <argument> \overline {\text
     {SMART}}(X, \tilde {X}_S) = \psi \left (\text {...
    l.632 }{}
    
    ! Undefined control sequence.
    <argument> ..., \tilde {X}_S) = \psi \left (\text
     {SMART}(X, \tilde {X}_S^{(...
    l.632 }{}
    
    ! Undefined control sequence.
    <argument> ... \tilde {X}_S^{(1)}), \dots , \text
     {SMART}(X, \tilde {X}_S^{(...
    l.632 }{}
Flavors: r-oldrel-macos-arm64, r-oldrel-macos-x86_64

Version: 0.1.0
Check: PDF version of manual without index
Result: ERROR
Flavors: r-oldrel-macos-arm64, r-oldrel-macos-x86_64