CRAN Package Check Results for Package FAMoS

Last updated on 2019-10-18 07:49:22 CEST.

Flavor Version Tinstall Tcheck Ttotal Status Flags
r-devel-linux-x86_64-debian-clang 0.2.0 3.25 31.84 35.09 OK
r-devel-linux-x86_64-debian-gcc 0.2.0 2.80 24.94 27.74 OK
r-devel-linux-x86_64-fedora-clang 0.2.0 44.14 OK
r-devel-linux-x86_64-fedora-gcc 0.2.0 43.08 OK
r-devel-windows-ix86+x86_64 0.2.0 9.00 44.00 53.00 OK
r-patched-linux-x86_64 0.2.0 3.51 31.14 34.65 OK
r-patched-solaris-x86 0.2.0 58.10 OK
r-release-linux-x86_64 0.2.0 3.45 31.16 34.61 OK
r-release-windows-ix86+x86_64 0.2.0 6.00 43.00 49.00 OK
r-release-osx-x86_64 0.2.0 OK
r-oldrel-windows-ix86+x86_64 0.1.0 5.00 52.00 57.00 OK
r-oldrel-osx-x86_64 0.2.0 ERROR

Check Details

Version: 0.2.0
Check: whether package can be installed
Result: ERROR
    Installation failed.
Flavor: r-oldrel-osx-x86_64