CRAN Package Check Results for Package FCMapper

Last updated on 2018-02-25 03:54:53 CET.

Flavor Version Tinstall Tcheck Ttotal Status Flags
r-devel-linux-x86_64-debian-clang 1.1 1.21 17.37 18.58 OK
r-devel-linux-x86_64-debian-gcc 1.1 0.82 13.70 14.52 OK
r-devel-linux-x86_64-fedora-clang 1.1 22.33 OK
r-devel-linux-x86_64-fedora-gcc 1.1 22.64 OK
r-devel-windows-ix86+x86_64 1.1 3.00 36.00 39.00 OK
r-patched-linux-x86_64 1.1 0.67 17.00 17.67 OK
r-patched-solaris-x86 1.1 29.20 OK
r-release-linux-x86_64 1.1 0.71 16.82 17.53 OK
r-release-windows-ix86+x86_64 1.1 4.00 35.00 39.00 OK
r-release-osx-x86_64 1.1 OK
r-oldrel-windows-ix86+x86_64 1.1 2.00 27.00 29.00 OK
r-oldrel-osx-x86_64 1.1 ERROR

Check Details

Version: 1.1
Check: examples
Result: ERROR
    Running examples in ‘FCMapper-Ex.R’ failed
    The error most likely occurred in:
    
    > ### Name: graph.fcm
    > ### Title: Fuzzy cognitive map graph
    > ### Aliases: graph.fcm
    >
    > ### ** Examples
    >
    >
    > matrix = matrix(nrow=7,ncol=7)
    > matrix[1,] = c(0,-0.5,0,0,1,0,1)
    > matrix[2,] = c(1,0,1,0.2,0,0,0.6)
    > matrix[3,] = c(0,1,0,0,0,0,0)
    > matrix[4,] = c(0.6,0,0,1,0,0,0.1)
    > matrix[5,] = c(0,0.5,0,0,1,0,-0.6)
    > matrix[6,] = c(0,0,-1,0,0,0,0)
    > matrix[7,] = c(0,0,0,-0.5,0,0,1)
    > concept.names = c("A","B","C","D","E","F","G")
    >
    > results = nochanges.scenario(matrix,iter=25,concept.names)
    >
    > graph.fcm(matrix,concept.sizes=results$Equilibrium_value,concept.names)
    Invalid MIT-MAGIC-COOKIE-1 keyWarning in fun(libname, pkgname) : couldn't connect to display ":0"
    Error in structure(.External(.C_dotTclObjv, objv), class = "tclObj") :
     [tcl] invalid command name "font".
    Calls: graph.fcm ... .tkplot.convert.font -> <Anonymous> -> tcl -> .Tcl.objv -> structure
    Execution halted
Flavor: r-oldrel-osx-x86_64