CRAN Package Check Results for Package FCPS

Last updated on 2021-04-17 09:49:59 CEST.

Flavor Version Tinstall Tcheck Ttotal Status Flags
r-devel-linux-x86_64-debian-clang 1.2.7 12.57 164.59 177.16 OK
r-devel-linux-x86_64-debian-gcc 1.2.7 10.40 119.66 130.06 OK
r-devel-linux-x86_64-fedora-clang 1.2.7 208.79 NOTE
r-devel-linux-x86_64-fedora-gcc 1.2.7 205.31 OK
r-devel-windows-ix86+x86_64 1.2.7 26.00 220.00 246.00 NOTE
r-devel-windows-x86_64-gcc10-UCRT 1.2.7 OK
r-patched-linux-x86_64 1.2.7 10.80 154.77 165.57 OK
r-patched-solaris-x86 1.2.7 207.60 NOTE
r-release-linux-x86_64 1.2.7 10.96 154.27 165.23 OK
r-release-macos-x86_64 1.2.7 NOTE
r-release-windows-ix86+x86_64 1.2.7 30.00 225.00 255.00 NOTE
r-oldrel-macos-x86_64 1.2.7 NOTE
r-oldrel-windows-ix86+x86_64 1.2.7 14.00 208.00 222.00 NOTE

Check Details

Version: 1.2.7
Check: installed package size
Result: NOTE
     installed size is 6.6Mb
     sub-directories of 1Mb or more:
     data 2.4Mb
     doc 3.7Mb
Flavors: r-devel-linux-x86_64-fedora-clang, r-devel-windows-ix86+x86_64, r-patched-solaris-x86, r-release-macos-x86_64, r-release-windows-ix86+x86_64, r-oldrel-macos-x86_64, r-oldrel-windows-ix86+x86_64