CRAN Package Check Results for Package FDboost

Last updated on 2018-02-19 11:48:56 CET.

Flavor Version Tinstall Tcheck Ttotal Status Flags
r-devel-linux-x86_64-debian-clang 0.3-0 15.01 164.58 179.59 OK
r-devel-linux-x86_64-debian-gcc 0.3-0 12.49 142.34 154.83 OK
r-devel-linux-x86_64-fedora-clang 0.3-0 239.42 OK
r-devel-linux-x86_64-fedora-gcc 0.3-0 243.10 OK
r-devel-windows-ix86+x86_64 0.3-0 19.00 184.00 203.00 OK
r-patched-linux-x86_64 0.3-0 6.09 212.59 218.68 OK
r-patched-solaris-x86 0.3-0 330.40 OK
r-release-linux-x86_64 0.3-0 5.76 219.25 225.01 OK
r-release-windows-ix86+x86_64 0.3-0 17.00 320.00 337.00 OK
r-release-osx-x86_64 0.3-0 WARN
r-oldrel-windows-ix86+x86_64 0.3-0 16.00 238.00 254.00 OK
r-oldrel-osx-x86_64 0.3-0 OK

Check Details

Version: 0.3-0
Check: re-building of vignette outputs
Result: WARN
    Error in re-building vignettes:
     ...
    
    Loading required package: maps
    Note: method with signature 'matrix#Matrix' chosen for function 'crossprod',
     target signature 'matrix#dgTMatrix'.
     "ANY#TsparseMatrix" would also be valid
    Note: method with signature 'ddenseMatrix#dsparseMatrix' chosen for function 'crossprod',
     target signature 'dtrMatrix#dgTMatrix'.
     "Matrix#TsparseMatrix" would also be valid
    Loading required package: mapdata
    Error in texi2dvi(file = file, pdf = TRUE, clean = clean, quiet = quiet, :
     Running 'texi2dvi' on 'FLAM_canada.tex' failed.
    LaTeX errors:
    ! LaTeX Error: File `authblk.sty' not found.
    
    Type X to quit or <RETURN> to proceed,
    or enter new name. (Default extension: sty)
    
    ! Emergency stop.
    <read *>
    
    l.61 \usepackage
     [left=25mm, right=25mm, top=20mm, bottom=20mm]{geometry}^^M
    ! ==> Fatal error occurred, no output PDF file produced!
    Calls: buildVignettes -> texi2pdf -> texi2dvi
    Execution halted
Flavor: r-release-osx-x86_64