CRAN Package Check Results for Package FDboost

Last updated on 2018-05-26 08:49:28 CEST.

Flavor Version Tinstall Tcheck Ttotal Status Flags
r-devel-linux-x86_64-debian-clang 0.3-1 13.12 205.46 218.58 OK
r-devel-linux-x86_64-debian-gcc 0.3-1 12.38 155.84 168.22 OK
r-devel-linux-x86_64-fedora-clang 0.3-1 265.24 OK
r-devel-linux-x86_64-fedora-gcc 0.3-1 263.11 OK
r-devel-windows-ix86+x86_64 0.3-1 21.00 196.00 217.00 OK
r-patched-linux-x86_64 0.3-1 14.54 181.24 195.78 OK
r-patched-solaris-x86 0.3-1 353.60 OK
r-release-linux-x86_64 0.3-1 13.42 182.88 196.30 OK
r-release-windows-ix86+x86_64 0.3-1 28.00 265.00 293.00 OK
r-release-osx-x86_64 0.3-1 OK
r-oldrel-windows-ix86+x86_64 0.3-1 17.00 202.00 219.00 OK
r-oldrel-osx-x86_64 0.3-0 WARN

Check Details

Version: 0.3-0
Check: re-building of vignette outputs
Result: WARN
    Error in re-building vignettes:
     ...
    
    Loading required package: maps
    Note: method with signature 'matrix#Matrix' chosen for function 'crossprod',
     target signature 'matrix#dgTMatrix'.
     "ANY#TsparseMatrix" would also be valid
    Note: method with signature 'ddenseMatrix#dsparseMatrix' chosen for function 'crossprod',
     target signature 'dtrMatrix#dgTMatrix'.
     "Matrix#TsparseMatrix" would also be valid
    Loading required package: mapdata
    Error in texi2dvi(file = file, pdf = TRUE, clean = clean, quiet = quiet, :
     Running 'texi2dvi' on 'FLAM_canada.tex' failed.
    LaTeX errors:
    ! LaTeX Error: File `authblk.sty' not found.
    
    Type X to quit or <RETURN> to proceed,
    or enter new name. (Default extension: sty)
    
    ! Emergency stop.
    <read *>
    
    l.61 \usepackage
     [left=25mm, right=25mm, top=20mm, bottom=20mm]{geometry}^^M
    ! ==> Fatal error occurred, no output PDF file produced!
    Calls: buildVignettes -> texi2pdf -> texi2dvi
    Execution halted
Flavor: r-oldrel-osx-x86_64