CRAN Package Check Results for Package FFTrees

Last updated on 2019-12-06 06:50:20 CET.

Flavor Version Tinstall Tcheck Ttotal Status Flags
r-devel-linux-x86_64-debian-clang 1.4.0 20.83 264.44 285.27 OK
r-devel-linux-x86_64-debian-gcc 1.4.0 18.86 200.49 219.35 OK
r-devel-linux-x86_64-fedora-clang 1.4.0 311.25 NOTE
r-devel-linux-x86_64-fedora-gcc 1.4.0 317.32 NOTE
r-devel-windows-ix86+x86_64 1.4.0 37.00 258.00 295.00 NOTE
r-devel-windows-ix86+x86_64-gcc8 1.4.0 42.00 260.00 302.00 NOTE
r-patched-linux-x86_64 1.4.0 17.78 240.87 258.65 OK
r-patched-solaris-x86 1.4.0 461.10 NOTE
r-release-linux-x86_64 1.4.0 18.14 238.73 256.87 OK
r-release-windows-ix86+x86_64 1.4.0 37.00 264.00 301.00 NOTE
r-release-osx-x86_64 1.4.0 NOTE
r-oldrel-windows-ix86+x86_64 1.4.0 23.00 198.00 221.00 NOTE
r-oldrel-osx-x86_64 1.4.0 NOTE

Check Details

Version: 1.4.0
Check: installed package size
Result: NOTE
     installed size is 5.9Mb
     sub-directories of 1Mb or more:
     doc 4.6Mb
Flavors: r-devel-linux-x86_64-fedora-clang, r-devel-windows-ix86+x86_64, r-devel-windows-ix86+x86_64-gcc8, r-patched-solaris-x86, r-release-windows-ix86+x86_64, r-release-osx-x86_64, r-oldrel-windows-ix86+x86_64, r-oldrel-osx-x86_64

Version: 1.4.0
Check: dependencies in R code
Result: NOTE
    Namespace in Imports field not imported from: ‘pROC’
     All declared Imports should be used.
Flavors: r-devel-linux-x86_64-fedora-clang, r-devel-linux-x86_64-fedora-gcc, r-patched-solaris-x86, r-release-osx-x86_64, r-oldrel-osx-x86_64