CRAN Package Check Results for Package FFTrees

Last updated on 2018-12-18 16:52:34 CET.

Flavor Version Tinstall Tcheck Ttotal Status Flags
r-devel-linux-x86_64-debian-clang 1.4.0 13.97 205.69 219.66 OK
r-devel-linux-x86_64-debian-gcc 1.4.0 11.43 156.09 167.52 OK
r-devel-linux-x86_64-fedora-clang 1.4.0 256.97 NOTE
r-devel-linux-x86_64-fedora-gcc 1.4.0 244.68 NOTE
r-devel-windows-ix86+x86_64 1.4.0 32.00 272.00 304.00 NOTE
r-patched-linux-x86_64 1.4.0 10.71 198.04 208.75 OK
r-patched-solaris-x86 1.4.0 357.20 NOTE
r-release-linux-x86_64 1.4.0 13.75 197.73 211.48 OK
r-release-windows-ix86+x86_64 1.4.0 29.00 298.00 327.00 NOTE
r-release-osx-x86_64 1.4.0 NOTE
r-oldrel-windows-ix86+x86_64 1.4.0 37.00 324.00 361.00 NOTE
r-oldrel-osx-x86_64 1.4.0 NOTE

Check Details

Version: 1.4.0
Check: installed package size
Result: NOTE
     installed size is 5.9Mb
     sub-directories of 1Mb or more:
     doc 4.6Mb
Flavors: r-devel-linux-x86_64-fedora-clang, r-devel-windows-ix86+x86_64, r-patched-solaris-x86, r-release-windows-ix86+x86_64, r-release-osx-x86_64, r-oldrel-windows-ix86+x86_64, r-oldrel-osx-x86_64

Version: 1.4.0
Check: dependencies in R code
Result: NOTE
    Namespace in Imports field not imported from: ‘pROC’
     All declared Imports should be used.
Flavors: r-devel-linux-x86_64-fedora-clang, r-devel-linux-x86_64-fedora-gcc, r-patched-solaris-x86, r-release-osx-x86_64, r-oldrel-osx-x86_64