CRAN Package Check Results for Package FFTrees

Last updated on 2019-02-19 22:51:27 CET.

Flavor Version Tinstall Tcheck Ttotal Status Flags
r-devel-linux-x86_64-debian-clang 1.4.0 13.40 246.28 259.68 OK
r-devel-linux-x86_64-debian-gcc 1.4.0 11.47 187.26 198.73 OK
r-devel-linux-x86_64-fedora-clang 1.4.0 310.14 NOTE
r-devel-linux-x86_64-fedora-gcc 1.4.0 295.27 NOTE
r-devel-windows-ix86+x86_64 1.4.0 36.00 357.00 393.00 NOTE
r-patched-linux-x86_64 1.4.0 14.32 198.01 212.33 OK
r-patched-solaris-x86 1.4.0 351.70 NOTE
r-release-linux-x86_64 1.4.0 12.78 199.87 212.65 OK
r-release-windows-ix86+x86_64 1.4.0 23.00 308.00 331.00 NOTE
r-release-osx-x86_64 1.4.0 NOTE
r-oldrel-windows-ix86+x86_64 1.4.0 22.00 293.00 315.00 NOTE
r-oldrel-osx-x86_64 1.4.0 NOTE

Check Details

Version: 1.4.0
Check: installed package size
Result: NOTE
     installed size is 5.9Mb
     sub-directories of 1Mb or more:
     doc 4.6Mb
Flavors: r-devel-linux-x86_64-fedora-clang, r-devel-windows-ix86+x86_64, r-patched-solaris-x86, r-release-windows-ix86+x86_64, r-release-osx-x86_64, r-oldrel-windows-ix86+x86_64, r-oldrel-osx-x86_64

Version: 1.4.0
Check: dependencies in R code
Result: NOTE
    Namespace in Imports field not imported from: ‘pROC’
     All declared Imports should be used.
Flavors: r-devel-linux-x86_64-fedora-clang, r-devel-linux-x86_64-fedora-gcc, r-patched-solaris-x86, r-release-osx-x86_64, r-oldrel-osx-x86_64