CRAN Package Check Results for Package FFTrees

Last updated on 2019-05-27 06:49:51 CEST.

Flavor Version Tinstall Tcheck Ttotal Status Flags
r-devel-linux-x86_64-debian-clang 1.4.0 16.55 245.30 261.85 OK
r-devel-linux-x86_64-debian-gcc 1.4.0 15.38 186.99 202.37 OK
r-devel-linux-x86_64-fedora-clang 1.4.0 314.98 NOTE
r-devel-linux-x86_64-fedora-gcc 1.4.0 303.86 NOTE
r-devel-windows-ix86+x86_64 1.4.0 34.00 247.00 281.00 NOTE
r-patched-linux-x86_64 1.4.0 OK
r-patched-solaris-x86 1.4.0 452.10 NOTE
r-release-linux-x86_64 1.4.0 17.07 245.35 262.42 OK
r-release-windows-ix86+x86_64 1.4.0 60.00 332.00 392.00 NOTE
r-release-osx-x86_64 1.4.0 NOTE
r-oldrel-windows-ix86+x86_64 1.4.0 35.00 267.00 302.00 NOTE
r-oldrel-osx-x86_64 1.4.0 NOTE

Check Details

Version: 1.4.0
Check: installed package size
Result: NOTE
     installed size is 5.9Mb
     sub-directories of 1Mb or more:
     doc 4.6Mb
Flavors: r-devel-linux-x86_64-fedora-clang, r-devel-windows-ix86+x86_64, r-patched-solaris-x86, r-release-windows-ix86+x86_64, r-release-osx-x86_64, r-oldrel-windows-ix86+x86_64, r-oldrel-osx-x86_64

Version: 1.4.0
Check: dependencies in R code
Result: NOTE
    Namespace in Imports field not imported from: ‘pROC’
     All declared Imports should be used.
Flavors: r-devel-linux-x86_64-fedora-clang, r-devel-linux-x86_64-fedora-gcc, r-patched-solaris-x86, r-release-osx-x86_64, r-oldrel-osx-x86_64