CRAN Package Check Results for Package FFTrees

Last updated on 2018-08-19 14:48:03 CEST.

Flavor Version Tinstall Tcheck Ttotal Status Flags
r-devel-linux-x86_64-debian-clang 1.3.5 13.02 192.51 205.53 OK
r-devel-linux-x86_64-debian-gcc 1.3.5 10.40 149.18 159.58 OK
r-devel-linux-x86_64-fedora-clang 1.3.5 239.54 NOTE
r-devel-linux-x86_64-fedora-gcc 1.3.5 237.17 OK
r-devel-windows-ix86+x86_64 1.3.5 28.00 264.00 292.00 NOTE
r-patched-linux-x86_64 1.3.5 10.92 175.32 186.24 OK
r-patched-solaris-x86 1.3.5 308.40 NOTE
r-release-linux-x86_64 1.3.5 8.59 176.59 185.18 OK
r-release-windows-ix86+x86_64 1.3.5 25.00 248.00 273.00 NOTE
r-release-osx-x86_64 1.3.5 NOTE
r-oldrel-windows-ix86+x86_64 1.3.5 14.00 237.00 251.00 NOTE
r-oldrel-osx-x86_64 1.3.5 NOTE

Check Details

Version: 1.3.5
Check: installed package size
Result: NOTE
     installed size is 6.0Mb
     sub-directories of 1Mb or more:
     doc 4.6Mb
Flavors: r-devel-linux-x86_64-fedora-clang, r-devel-windows-ix86+x86_64, r-patched-solaris-x86, r-release-windows-ix86+x86_64, r-release-osx-x86_64, r-oldrel-windows-ix86+x86_64, r-oldrel-osx-x86_64