CRAN Package Check Results for Package FFTrees

Last updated on 2017-04-28 06:48:40.

Flavor Version Tinstall Tcheck Ttotal Status Flags
r-devel-linux-x86_64-debian-clang 1.2.2 4.63 99.37 104.01 OK
r-devel-linux-x86_64-debian-gcc 1.2.2 4.84 96.27 101.11 OK
r-devel-linux-x86_64-fedora-clang 1.2.2 215.81 NOTE --no-stop-on-test-error
r-devel-linux-x86_64-fedora-gcc 1.2.2 214.98 NOTE --no-stop-on-test-error
r-devel-windows-ix86+x86_64 1.2.2 13.00 152.00 165.00 OK
r-patched-linux-x86_64 1.2.2 4.54 95.59 100.13 OK
r-patched-solaris-sparc 1.2.2 1171.60 NOTE
r-patched-solaris-x86 1.2.2 271.30 NOTE
r-release-linux-x86_64 1.2.2 4.56 96.19 100.75 OK
r-release-windows-ix86+x86_64 1.2.2 13.00 167.00 180.00 OK
r-release-osx-x86_64 1.2.2 NOTE
r-oldrel-windows-ix86+x86_64 1.2.2 19.00 191.00 210.00 OK
r-oldrel-osx-x86_64 1.2.2 NOTE

Check Details

Version: 1.2.2
Flags: --no-stop-on-test-error
Check: dependencies in R code
Result: NOTE
    Namespaces in Imports field not imported from:
     ‘MASS’ ‘mlbench’ ‘snow’
     All declared Imports should be used.
Flavors: r-devel-linux-x86_64-fedora-clang, r-devel-linux-x86_64-fedora-gcc

Version: 1.2.2
Check: dependencies in R code
Result: NOTE
    Namespaces in Imports field not imported from:
     ‘MASS’ ‘mlbench’ ‘snow’
     All declared Imports should be used.
Flavors: r-patched-solaris-sparc, r-patched-solaris-x86, r-release-osx-x86_64, r-oldrel-osx-x86_64