CRAN Package Check Results for Package FFTrees

Last updated on 2017-06-25 04:47:09.

Flavor Version Tinstall Tcheck Ttotal Status Flags
r-devel-linux-x86_64-debian-clang 1.2.3 4.47 95.97 100.44 OK
r-devel-linux-x86_64-debian-gcc 1.2.3 4.57 95.52 100.09 OK
r-devel-linux-x86_64-fedora-clang 1.2.3 215.39 NOTE
r-devel-linux-x86_64-fedora-gcc 1.2.3 212.69 NOTE
r-devel-windows-ix86+x86_64 1.2.3 22.00 209.00 231.00 OK
r-patched-linux-x86_64 1.2.3 4.64 96.81 101.44 OK
r-patched-solaris-sparc 1.2.3 1171.30 NOTE
r-patched-solaris-x86 1.2.3 275.10 NOTE
r-release-linux-x86_64 1.2.3 4.69 95.98 100.67 OK
r-release-windows-ix86+x86_64 1.2.3 20.00 223.00 243.00 OK
r-release-osx-x86_64 1.2.3 NOTE
r-oldrel-windows-ix86+x86_64 1.2.3 19.00 184.00 203.00 OK
r-oldrel-osx-x86_64 1.2.3 NOTE

Check Details

Version: 1.2.3
Check: dependencies in R code
Result: NOTE
    Namespaces in Imports field not imported from:
     ‘MASS’ ‘mlbench’ ‘snow’
     All declared Imports should be used.
Flavors: r-devel-linux-x86_64-fedora-clang, r-devel-linux-x86_64-fedora-gcc, r-patched-solaris-sparc, r-patched-solaris-x86, r-release-osx-x86_64, r-oldrel-osx-x86_64