CRAN Package Check Results for Package FHtest

Last updated on 2019-09-19 09:47:50 CEST.

Flavor Version Tinstall Tcheck Ttotal Status Flags
r-devel-linux-x86_64-debian-clang 1.4 8.57 66.96 75.53 OK
r-devel-linux-x86_64-debian-gcc 1.4 6.31 52.80 59.11 OK
r-devel-linux-x86_64-fedora-clang 1.4 91.86 OK
r-devel-linux-x86_64-fedora-gcc 1.4 91.99 OK
r-devel-windows-ix86+x86_64 1.4 20.00 75.00 95.00 OK
r-patched-linux-x86_64 1.4 7.55 65.85 73.40 OK
r-patched-solaris-x86 1.4 144.00 OK
r-release-linux-x86_64 1.4 7.80 65.85 73.65 OK
r-release-windows-ix86+x86_64 1.4 15.00 105.00 120.00 OK
r-release-osx-x86_64 1.4 ERROR
r-oldrel-windows-ix86+x86_64 1.4 9.00 77.00 86.00 OK
r-oldrel-osx-x86_64 1.4 OK

Check Details

Version: 1.4
Check: package dependencies
Result: ERROR
    Package required but not available: ‘interval’
    
    See section ‘The DESCRIPTION file’ in the ‘Writing R Extensions’
    manual.
Flavor: r-release-osx-x86_64