CRAN Package Check Results for Package FLightR

Last updated on 2019-01-22 05:49:10 CET.

Flavor Version Tinstall Tcheck Ttotal Status Flags
r-devel-linux-x86_64-debian-clang 0.4.7 8.68 47.36 56.04 NOTE --no-examples --no-tests
r-devel-linux-x86_64-debian-gcc 0.4.7 7.74 35.98 43.72 NOTE --no-examples --no-tests
r-devel-linux-x86_64-fedora-clang 0.4.7 209.12 NOTE
r-devel-linux-x86_64-fedora-gcc 0.4.7 196.82 NOTE
r-devel-windows-ix86+x86_64 0.4.7 17.00 253.00 270.00 NOTE
r-patched-linux-x86_64 0.4.7 9.10 42.28 51.38 NOTE --no-examples --no-tests
r-patched-solaris-x86 0.4.7 323.40 NOTE
r-release-linux-x86_64 0.4.7 8.55 43.68 52.23 NOTE --no-examples --no-tests
r-release-windows-ix86+x86_64 0.4.7 16.00 261.00 277.00 NOTE
r-release-osx-x86_64 0.4.7 NOTE
r-oldrel-windows-ix86+x86_64 0.4.7 15.00 247.00 262.00 NOTE
r-oldrel-osx-x86_64 0.4.7 NOTE

Check Details

Version: 0.4.7
Flags: --no-examples --no-tests
Check: dependencies in R code
Result: NOTE
    Missing or unexported object: ‘ggmap::has_goog_key’
Flavors: r-devel-linux-x86_64-debian-clang, r-devel-linux-x86_64-debian-gcc, r-patched-linux-x86_64, r-release-linux-x86_64

Version: 0.4.7
Check: dependencies in R code
Result: NOTE
    Namespace in Imports field not imported from: ‘rgdal’
     All declared Imports should be used.
    Missing or unexported object: ‘ggmap::has_goog_key’
Flavors: r-devel-linux-x86_64-fedora-clang, r-devel-linux-x86_64-fedora-gcc, r-patched-solaris-x86, r-release-osx-x86_64, r-oldrel-osx-x86_64

Version: 0.4.7
Check: dependencies in R code
Result: NOTE
    Missing or unexported object: 'ggmap::has_goog_key'
Flavors: r-devel-windows-ix86+x86_64, r-release-windows-ix86+x86_64, r-oldrel-windows-ix86+x86_64