CRAN Package Check Results for Package FLightR

Last updated on 2018-10-16 10:51:10 CEST.

Flavor Version Tinstall Tcheck Ttotal Status Flags
r-devel-linux-x86_64-debian-clang 0.4.7 7.64 46.42 54.06 NOTE --no-examples --no-tests
r-devel-linux-x86_64-debian-gcc 0.4.7 7.49 36.06 43.55 NOTE --no-examples --no-tests
r-devel-linux-x86_64-fedora-clang 0.4.7 215.02 NOTE
r-devel-linux-x86_64-fedora-gcc 0.4.7 218.48 NOTE
r-devel-windows-ix86+x86_64 0.4.7 15.00 259.00 274.00 NOTE
r-patched-linux-x86_64 0.4.7 6.81 42.30 49.11 NOTE --no-examples --no-tests
r-patched-solaris-x86 0.4.7 74.60 NOTE --no-examples --no-tests
r-release-linux-x86_64 0.4.7 6.72 42.53 49.25 NOTE --no-examples --no-tests
r-release-windows-ix86+x86_64 0.4.7 16.00 244.00 260.00 NOTE
r-release-osx-x86_64 0.4.7 NOTE
r-oldrel-windows-ix86+x86_64 0.4.7 17.00 257.00 274.00 NOTE
r-oldrel-osx-x86_64 0.4.7 NOTE

Check Details

Version: 0.4.7
Flags: --no-examples --no-tests
Check: dependencies in R code
Result: NOTE
    Missing or unexported object: ‘ggmap::has_goog_key’
Flavors: r-devel-linux-x86_64-debian-clang, r-devel-linux-x86_64-debian-gcc, r-patched-linux-x86_64, r-release-linux-x86_64

Version: 0.4.7
Check: dependencies in R code
Result: NOTE
    Namespace in Imports field not imported from: ‘rgdal’
     All declared Imports should be used.
    Missing or unexported object: ‘ggmap::has_goog_key’
Flavors: r-devel-linux-x86_64-fedora-clang, r-devel-linux-x86_64-fedora-gcc, r-release-osx-x86_64, r-oldrel-osx-x86_64

Version: 0.4.7
Check: dependencies in R code
Result: NOTE
    Missing or unexported object: 'ggmap::has_goog_key'
Flavors: r-devel-windows-ix86+x86_64, r-release-windows-ix86+x86_64, r-oldrel-windows-ix86+x86_64

Version: 0.4.7
Flags: --no-examples --no-tests
Check: dependencies in R code
Result: NOTE
    Namespace in Imports field not imported from: ‘rgdal’
     All declared Imports should be used.
    Missing or unexported object: ‘ggmap::has_goog_key’
Flavor: r-patched-solaris-x86