CRAN Package Check Results for Package FLightR

Last updated on 2018-08-17 00:49:45 CEST.

Flavor Version Tinstall Tcheck Ttotal Status Flags
r-devel-linux-x86_64-debian-clang 0.4.6 7.58 191.86 199.44 OK
r-devel-linux-x86_64-debian-gcc 0.4.6 6.80 145.86 152.66 OK
r-devel-linux-x86_64-fedora-clang 0.4.6 231.25 NOTE
r-devel-linux-x86_64-fedora-gcc 0.4.6 226.29 NOTE
r-devel-windows-ix86+x86_64 0.4.6 18.00 282.00 300.00 OK
r-patched-linux-x86_64 0.4.6 7.06 174.44 181.50 OK
r-patched-solaris-x86 0.4.6 342.20 NOTE
r-release-linux-x86_64 0.4.6 7.45 177.25 184.70 OK
r-release-windows-ix86+x86_64 0.4.6 16.00 267.00 283.00 OK
r-release-osx-x86_64 0.4.6 NOTE
r-oldrel-windows-ix86+x86_64 0.4.6 14.00 329.00 343.00 OK
r-oldrel-osx-x86_64 0.4.6 NOTE

Check Details

Version: 0.4.6
Check: dependencies in R code
Result: NOTE
    Namespace in Imports field not imported from: ‘rgdal’
     All declared Imports should be used.
Flavors: r-devel-linux-x86_64-fedora-clang, r-devel-linux-x86_64-fedora-gcc, r-patched-solaris-x86, r-release-osx-x86_64, r-oldrel-osx-x86_64