CRAN Package Check Results for Package FRESA.CAD

Last updated on 2018-05-22 18:46:54 CEST.

Flavor Version Tinstall Tcheck Ttotal Status Flags
r-devel-linux-x86_64-debian-clang 3.0.1 81.46 112.20 193.66 OK
r-devel-linux-x86_64-debian-gcc 3.0.1 61.09 87.46 148.55 OK
r-devel-linux-x86_64-fedora-clang 3.0.1 255.15 NOTE
r-devel-linux-x86_64-fedora-gcc 3.0.1 238.94 NOTE
r-devel-windows-ix86+x86_64 3.0.1 137.00 225.00 362.00 OK
r-patched-linux-x86_64 3.0.1 73.02 102.27 175.29 OK
r-patched-solaris-x86 3.0.1 257.40 OK
r-release-linux-x86_64 3.0.1 73.78 98.87 172.65 OK
r-release-windows-ix86+x86_64 3.0.1 140.00 140.00 280.00 OK
r-release-osx-x86_64 3.0.1 NOTE
r-oldrel-windows-ix86+x86_64 3.0.1 161.00 181.00 342.00 OK
r-oldrel-osx-x86_64 3.0.1 NOTE

Check Details

Version: 3.0.1
Check: installed package size
Result: NOTE
     installed size is 6.2Mb
     sub-directories of 1Mb or more:
     libs 5.5Mb
Flavors: r-devel-linux-x86_64-fedora-clang, r-devel-linux-x86_64-fedora-gcc, r-release-osx-x86_64, r-oldrel-osx-x86_64