CRAN Package Check Results for Package FRESA.CAD

Last updated on 2019-02-16 19:47:27 CET.

Flavor Version Tinstall Tcheck Ttotal Status Flags
r-devel-linux-x86_64-debian-clang 3.1.0 90.12 141.45 231.57 NOTE
r-devel-linux-x86_64-debian-gcc 3.1.0 69.39 103.97 173.36 NOTE
r-devel-linux-x86_64-fedora-clang 3.1.0 342.97 NOTE
r-devel-linux-x86_64-fedora-gcc 3.1.0 167.28 NOTE
r-devel-windows-ix86+x86_64 3.1.0 192.00 250.00 442.00 OK
r-patched-linux-x86_64 3.1.0 83.39 127.71 211.10 OK
r-patched-solaris-x86 3.1.0 290.50 OK
r-release-linux-x86_64 3.1.0 OK
r-release-windows-ix86+x86_64 3.1.0 147.00 230.00 377.00 OK
r-release-osx-x86_64 3.1.0 NOTE
r-oldrel-windows-ix86+x86_64 3.1.0 203.00 198.00 401.00 OK
r-oldrel-osx-x86_64 3.1.0 NOTE

Check Details

Version: 3.1.0
Check: use of SHLIB_OPENMP_*FLAGS in Makefiles
Result: NOTE
     src/Makevars: SHLIB_OPENMP_CFLAGS is included in PKG_CFLAGS without any C files
     src/Makevars: SHLIB_OPENMP_CFLAGS is included in PKG_LIBS but linking is by C++
     src/Makevars.win: SHLIB_OPENMP_CFLAGS is included in PKG_CFLAGS without any C files
     src/Makevars.win: SHLIB_OPENMP_CFLAGS is included in PKG_LIBS but linking is by C++
    Use of these macros is discussed in sect 1.2.1.1 of ‘Writing R
    Extensions’. The macros for different languages may differ so the
    matching macro must be used in PKG_CXXFLAGS (etc) and match that used
    in PKG_LIBS (except for Fortran: see the manual).
Flavors: r-devel-linux-x86_64-debian-clang, r-devel-linux-x86_64-debian-gcc, r-devel-linux-x86_64-fedora-clang, r-devel-linux-x86_64-fedora-gcc

Version: 3.1.0
Check: installed package size
Result: NOTE
     installed size is 8.6Mb
     sub-directories of 1Mb or more:
     doc 1.4Mb
     libs 6.3Mb
Flavors: r-devel-linux-x86_64-fedora-clang, r-release-osx-x86_64, r-oldrel-osx-x86_64