CRAN Package Check Results for Package FRESA.CAD

Last updated on 2018-11-18 10:49:58 CET.

Flavor Version Tinstall Tcheck Ttotal Status Flags
r-devel-linux-x86_64-debian-clang 3.0.1 81.79 108.79 190.58 NOTE
r-devel-linux-x86_64-debian-gcc 3.0.1 67.81 85.30 153.11 NOTE
r-devel-linux-x86_64-fedora-clang 3.0.1 253.75 NOTE
r-devel-linux-x86_64-fedora-gcc 3.0.1 233.46 NOTE
r-devel-windows-ix86+x86_64 3.0.1 178.00 193.00 371.00 OK
r-patched-linux-x86_64 3.0.1 83.03 104.10 187.13 OK
r-patched-solaris-x86 3.0.1 269.30 OK
r-release-linux-x86_64 3.0.1 82.17 104.46 186.63 OK
r-release-windows-ix86+x86_64 3.0.1 180.00 205.00 385.00 OK
r-release-osx-x86_64 3.0.1 NOTE
r-oldrel-windows-ix86+x86_64 3.0.1 176.00 197.00 373.00 OK
r-oldrel-osx-x86_64 3.0.1 NOTE

Check Details

Version: 3.0.1
Check: use of SHLIB_OPENMP_*FLAGS in Makefiles
Result: NOTE
     src/Makevars: it is not portable to include SHLIB_OPENMP_*' macros in PKG_CPPFLAGS
    Use of these macros is discussed in sect 1.2.1.1 of ‘Writing R
    Extensions’. The macros for different languages may differ so the
    matching macro must be used in PKG_CXXFLAGS (etc) and match that used
    in PKG_LIBS (except for F77: see the manual).
    PKG_CPPFLAGS is used for both C and C++ code so it is not portable to
    use it for these macros.
Flavors: r-devel-linux-x86_64-debian-clang, r-devel-linux-x86_64-debian-gcc, r-devel-linux-x86_64-fedora-clang, r-devel-linux-x86_64-fedora-gcc

Version: 3.0.1
Check: installed package size
Result: NOTE
     installed size is 6.7Mb
     sub-directories of 1Mb or more:
     libs 6.0Mb
Flavors: r-devel-linux-x86_64-fedora-clang, r-release-osx-x86_64, r-oldrel-osx-x86_64