CRAN Package Check Results for Package FRESA.CAD

Last updated on 2018-02-25 13:47:04 CET.

Flavor Version Tinstall Tcheck Ttotal Status Flags
r-devel-linux-x86_64-debian-clang 3.0.1 73.88 100.18 174.06 OK
r-devel-linux-x86_64-debian-gcc 3.0.1 60.69 78.87 139.56 OK
r-devel-linux-x86_64-fedora-clang 3.0.1 233.40 NOTE
r-devel-linux-x86_64-fedora-gcc 3.0.1 238.38 NOTE
r-devel-windows-ix86+x86_64 3.0.1 175.00 180.00 355.00 OK
r-patched-linux-x86_64 3.0.1 62.22 104.93 167.15 OK
r-patched-solaris-x86 3.0.1 243.10 OK
r-release-linux-x86_64 3.0.1 58.50 103.12 161.62 OK
r-release-windows-ix86+x86_64 3.0.1 165.00 184.00 349.00 OK
r-release-osx-x86_64 3.0.1 NOTE
r-oldrel-windows-ix86+x86_64 3.0.1 121.00 5.00 126.00 ERROR
r-oldrel-osx-x86_64 2.2.1 OK

Check Details

Version: 3.0.1
Check: installed package size
Result: NOTE
     installed size is 6.1Mb
     sub-directories of 1Mb or more:
     libs 5.5Mb
Flavors: r-devel-linux-x86_64-fedora-clang, r-devel-linux-x86_64-fedora-gcc, r-release-osx-x86_64

Version: 3.0.1
Check: whether package can be installed
Result: ERROR
    Installation failed.
Flavor: r-oldrel-windows-ix86+x86_64