CRAN Package Check Results for Package FRESHD

Last updated on 2022-12-07 10:49:59 CET.

Flavor Version Tinstall Tcheck Ttotal Status Flags
r-devel-linux-x86_64-debian-clang 1.0 69.41 42.84 112.25 OK
r-devel-linux-x86_64-debian-gcc 1.0 49.38 33.67 83.05 OK
r-devel-linux-x86_64-fedora-clang 1.0 151.41 OK
r-devel-linux-x86_64-fedora-gcc 1.0 145.69 OK
r-devel-windows-x86_64 1.0 51.00 93.00 144.00 OK
r-patched-linux-x86_64 1.0 54.02 41.44 95.46 OK
r-release-linux-x86_64 1.0 52.21 40.82 93.03 OK
r-release-macos-arm64 1.0 44.00 NOTE
r-release-macos-x86_64 1.0 54.00 NOTE
r-release-windows-x86_64 1.0 51.00 95.00 146.00 OK
r-oldrel-macos-arm64 1.0 50.00 NOTE
r-oldrel-macos-x86_64 1.0 53.00 NOTE
r-oldrel-windows-ix86+x86_64 1.0 144.00 113.00 257.00 OK

Check Details

Version: 1.0
Check: installed package size
Result: NOTE
     installed size is 8.3Mb
     sub-directories of 1Mb or more:
     libs 8.2Mb
Flavors: r-release-macos-arm64, r-release-macos-x86_64, r-oldrel-macos-arm64, r-oldrel-macos-x86_64