Last updated on 2023-01-29 12:55:28 CET.
Flavor | Version | Tinstall | Tcheck | Ttotal | Status | Flags |
---|---|---|---|---|---|---|
r-devel-linux-x86_64-debian-clang | 2.1.3 | 148.61 | 614.17 | 762.78 | NOTE | |
r-devel-linux-x86_64-debian-gcc | 2.1.3 | 138.16 | 460.51 | 598.67 | NOTE | |
r-devel-linux-x86_64-fedora-clang | 2.1.3 | 979.03 | NOTE | |||
r-devel-linux-x86_64-fedora-gcc | 2.1.3 | 989.46 | NOTE | |||
r-devel-windows-x86_64 | 2.1.3 | 151.00 | 367.00 | 518.00 | NOTE | --no-vignettes |
r-patched-linux-x86_64 | 2.1.3 | 138.85 | 585.77 | 724.62 | NOTE | |
r-release-linux-x86_64 | 2.1.3 | 146.97 | 579.45 | 726.42 | NOTE | |
r-release-macos-arm64 | 2.1.3 | 250.00 | NOTE | |||
r-release-macos-x86_64 | 2.1.3 | 352.00 | NOTE | |||
r-release-windows-x86_64 | 2.1.3 | 145.00 | 329.00 | 474.00 | NOTE | --no-vignettes |
r-oldrel-macos-arm64 | 2.1.3 | 248.00 | NOTE | |||
r-oldrel-macos-x86_64 | 2.1.3 | 338.00 | NOTE | |||
r-oldrel-windows-ix86+x86_64 | 2.1.3 | 301.00 | 568.00 | 869.00 | NOTE | --no-vignettes |
Version: 2.1.3
Check: package dependencies
Result: NOTE
Packages suggested but not available for checking: 'dggrids', 'INLA'
Flavors: r-devel-linux-x86_64-debian-clang, r-devel-linux-x86_64-debian-gcc, r-patched-linux-x86_64, r-release-linux-x86_64, r-release-macos-arm64, r-release-macos-x86_64, r-oldrel-macos-arm64, r-oldrel-macos-x86_64
Version: 2.1.3
Check: package dependencies
Result: NOTE
Package suggested but not available for checking: ‘dggrids’
Flavors: r-devel-linux-x86_64-fedora-clang, r-devel-linux-x86_64-fedora-gcc
Version: 2.1.3
Check: installed package size
Result: NOTE
installed size is 9.4Mb
sub-directories of 1Mb or more:
data 5.0Mb
doc 1.8Mb
libs 1.6Mb
Flavors: r-devel-linux-x86_64-fedora-clang, r-release-macos-arm64, r-release-macos-x86_64, r-oldrel-macos-arm64, r-oldrel-macos-x86_64
Version: 2.1.3
Flags: --no-vignettes
Check: package dependencies
Result: NOTE
Packages suggested but not available for checking: 'dggrids', 'INLA'
Flavors: r-devel-windows-x86_64, r-release-windows-x86_64
Version: 2.1.3
Flags: --no-vignettes
Check: installed package size
Result: NOTE
installed size is 20.6Mb
sub-directories of 1Mb or more:
data 5.0Mb
doc 1.7Mb
libs 12.9Mb
Flavors: r-devel-windows-x86_64, r-release-windows-x86_64, r-oldrel-windows-ix86+x86_64
Version: 2.1.3
Flags: --no-vignettes
Check: package dependencies
Result: NOTE
Package suggested but not available for checking: 'dggrids'
Flavor: r-oldrel-windows-ix86+x86_64