CRAN Package Check Results for Package FRK

Last updated on 2018-05-23 07:50:05 CEST.

Flavor Version Tinstall Tcheck Ttotal Status Flags
r-devel-linux-x86_64-debian-clang 0.2.1 31.30 593.49 624.79 NOTE
r-devel-linux-x86_64-debian-gcc 0.2.1 0.60 1.54 2.14 ERROR
r-devel-linux-x86_64-fedora-clang 0.2.1 732.86 NOTE
r-devel-linux-x86_64-fedora-gcc 0.2.1 732.59 NOTE
r-devel-windows-ix86+x86_64 0.2.1 51.00 534.00 585.00 NOTE --no-vignettes
r-patched-linux-x86_64 0.2.1 26.00 535.72 561.72 NOTE
r-patched-solaris-x86 0.2.1 1165.00 NOTE
r-release-linux-x86_64 0.2.1 29.67 540.80 570.47 NOTE
r-release-windows-ix86+x86_64 0.2.1 74.00 378.00 452.00 NOTE --no-vignettes
r-release-osx-x86_64 0.2.1 NOTE
r-oldrel-windows-ix86+x86_64 0.2.1 60.00 533.00 593.00 NOTE --no-vignettes
r-oldrel-osx-x86_64 0.2.1 NOTE

Check Details

Version: 0.2.1
Check: package dependencies
Result: NOTE
    Packages suggested but not available for checking: ‘dggrids’ ‘INLA’
Flavors: r-devel-linux-x86_64-debian-clang, r-patched-linux-x86_64, r-patched-solaris-x86, r-release-linux-x86_64, r-release-osx-x86_64, r-oldrel-osx-x86_64

Version: 0.2.1
Check: package dependencies
Result: ERROR
    Packages required but not available: ‘dplyr’ ‘ggplot2’ ‘Hmisc’
    
    Packages suggested but not available for checking: ‘dggrids’ ‘INLA’
    
    See section ‘The DESCRIPTION file’ in the ‘Writing R Extensions’
    manual.
Flavor: r-devel-linux-x86_64-debian-gcc

Version: 0.2.1
Check: package dependencies
Result: NOTE
    Package suggested but not available for checking: ‘dggrids’
Flavors: r-devel-linux-x86_64-fedora-clang, r-devel-linux-x86_64-fedora-gcc

Version: 0.2.1
Check: installed package size
Result: NOTE
     installed size is 7.9Mb
     sub-directories of 1Mb or more:
     data 4.8Mb
     doc 1.8Mb
Flavors: r-devel-linux-x86_64-fedora-clang, r-devel-linux-x86_64-fedora-gcc, r-patched-solaris-x86, r-release-osx-x86_64, r-oldrel-osx-x86_64

Version: 0.2.1
Flags: --no-vignettes
Check: package dependencies
Result: NOTE
    Package suggested but not available for checking: 'dggrids'
Flavors: r-devel-windows-ix86+x86_64, r-release-windows-ix86+x86_64, r-oldrel-windows-ix86+x86_64

Version: 0.2.1
Flags: --no-vignettes
Check: installed package size
Result: NOTE
     installed size is 8.9Mb
     sub-directories of 1Mb or more:
     data 4.8Mb
     doc 1.8Mb
     libs 1.4Mb
Flavors: r-devel-windows-ix86+x86_64, r-release-windows-ix86+x86_64, r-oldrel-windows-ix86+x86_64