CRAN Package Check Results for Package FRK

Last updated on 2018-11-19 06:46:51 CET.

Flavor Version Tinstall Tcheck Ttotal Status Flags
r-devel-linux-x86_64-debian-clang NOTE
r-devel-linux-x86_64-debian-gcc 0.2.2 26.27 413.17 439.44 NOTE
r-devel-linux-x86_64-fedora-clang 0.2.2 658.97 NOTE
r-devel-linux-x86_64-fedora-gcc 0.2.2 678.35 NOTE
r-devel-windows-ix86+x86_64 0.2.2 68.00 368.00 436.00 NOTE --no-vignettes
r-patched-linux-x86_64 0.2.2 30.93 525.85 556.78 NOTE
r-patched-solaris-x86 0.2.2 1131.70 NOTE
r-release-linux-x86_64 0.2.2 29.48 517.48 546.96 NOTE
r-release-windows-ix86+x86_64 0.2.2 76.00 493.00 569.00 NOTE --no-vignettes
r-release-osx-x86_64 0.2.2 NOTE
r-oldrel-windows-ix86+x86_64 0.2.2 44.00 526.00 570.00 NOTE --no-vignettes
r-oldrel-osx-x86_64 0.2.2 NOTE

Check Details

Version: 0.2.2
Check: package dependencies
Result: NOTE
    Packages suggested but not available for checking: 'dggrids', 'INLA'
Flavors: r-devel-linux-x86_64-debian-clang, r-devel-linux-x86_64-debian-gcc

Version: 0.2.2
Check: package dependencies
Result: NOTE
    Package suggested but not available for checking: ‘dggrids’
Flavors: r-devel-linux-x86_64-fedora-clang, r-devel-linux-x86_64-fedora-gcc

Version: 0.2.2
Check: installed package size
Result: NOTE
     installed size is 8.2Mb
     sub-directories of 1Mb or more:
     data 4.8Mb
     doc 2.1Mb
Flavors: r-devel-linux-x86_64-fedora-clang, r-patched-solaris-x86, r-release-osx-x86_64, r-oldrel-osx-x86_64

Version: 0.2.2
Flags: --no-vignettes
Check: package dependencies
Result: NOTE
    Package suggested but not available for checking: 'dggrids'
Flavors: r-devel-windows-ix86+x86_64, r-release-windows-ix86+x86_64, r-oldrel-windows-ix86+x86_64

Version: 0.2.2
Flags: --no-vignettes
Check: installed package size
Result: NOTE
     installed size is 9.1Mb
     sub-directories of 1Mb or more:
     data 4.8Mb
     doc 2.1Mb
     libs 1.4Mb
Flavors: r-devel-windows-ix86+x86_64, r-release-windows-ix86+x86_64, r-oldrel-windows-ix86+x86_64

Version: 0.2.2
Check: package dependencies
Result: NOTE
    Packages suggested but not available for checking: ‘dggrids’ ‘INLA’
Flavors: r-patched-linux-x86_64, r-patched-solaris-x86, r-release-linux-x86_64, r-release-osx-x86_64, r-oldrel-osx-x86_64