CRAN Package Check Results for Package FRK

Last updated on 2018-08-19 06:46:42 CEST.

Flavor Version Tinstall Tcheck Ttotal Status Flags
r-devel-linux-x86_64-debian-clang 0.2.2 30.65 573.78 604.43 NOTE
r-devel-linux-x86_64-debian-gcc 0.2.2 26.21 455.73 481.94 NOTE
r-devel-linux-x86_64-fedora-clang 0.2.2 723.69 NOTE
r-devel-linux-x86_64-fedora-gcc 0.2.2 741.35 NOTE
r-devel-windows-ix86+x86_64 0.2.2 73.00 540.00 613.00 NOTE --no-vignettes
r-patched-linux-x86_64 0.2.2 29.42 529.70 559.12 NOTE
r-patched-solaris-x86 0.2.2 1177.20 NOTE
r-release-linux-x86_64 0.2.2 28.84 526.22 555.06 NOTE
r-release-windows-ix86+x86_64 0.2.2 72.00 380.00 452.00 NOTE --no-vignettes
r-release-osx-x86_64 0.2.2 NOTE
r-oldrel-windows-ix86+x86_64 0.2.2 46.00 517.00 563.00 NOTE --no-vignettes
r-oldrel-osx-x86_64 0.2.2 NOTE

Check Details

Version: 0.2.2
Check: package dependencies
Result: NOTE
    Packages suggested but not available for checking: ‘dggrids’ ‘INLA’
Flavors: r-devel-linux-x86_64-debian-clang, r-devel-linux-x86_64-debian-gcc, r-patched-linux-x86_64, r-patched-solaris-x86, r-release-linux-x86_64, r-release-osx-x86_64, r-oldrel-osx-x86_64

Version: 0.2.2
Check: package dependencies
Result: NOTE
    Package suggested but not available for checking: ‘dggrids’
Flavors: r-devel-linux-x86_64-fedora-clang, r-devel-linux-x86_64-fedora-gcc

Version: 0.2.2
Check: installed package size
Result: NOTE
     installed size is 8.2Mb
     sub-directories of 1Mb or more:
     data 4.8Mb
     doc 2.1Mb
Flavors: r-devel-linux-x86_64-fedora-clang, r-patched-solaris-x86, r-release-osx-x86_64, r-oldrel-osx-x86_64

Version: 0.2.2
Flags: --no-vignettes
Check: package dependencies
Result: NOTE
    Package suggested but not available for checking: 'dggrids'
Flavors: r-devel-windows-ix86+x86_64, r-release-windows-ix86+x86_64, r-oldrel-windows-ix86+x86_64

Version: 0.2.2
Flags: --no-vignettes
Check: installed package size
Result: NOTE
     installed size is 9.1Mb
     sub-directories of 1Mb or more:
     data 4.8Mb
     doc 2.1Mb
     libs 1.4Mb
Flavors: r-devel-windows-ix86+x86_64, r-release-windows-ix86+x86_64, r-oldrel-windows-ix86+x86_64