CRAN Package Check Results for Package FRK

Last updated on 2019-02-21 01:50:42 CET.

Flavor Version Tinstall Tcheck Ttotal Status Flags
r-devel-linux-x86_64-debian-clang 0.2.2 31.15 519.08 550.23 NOTE
r-devel-linux-x86_64-debian-gcc 0.2.2 24.59 404.33 428.92 NOTE
r-devel-linux-x86_64-fedora-clang 0.2.2 661.83 NOTE
r-devel-linux-x86_64-fedora-gcc 0.2.2 660.19 NOTE
r-devel-windows-ix86+x86_64 0.2.2 71.00 371.00 442.00 NOTE --no-vignettes
r-patched-linux-x86_64 0.2.2 NOTE
r-patched-solaris-x86 0.2.2 1196.20 NOTE
r-release-linux-x86_64 0.2.2 NOTE
r-release-windows-ix86+x86_64 0.2.2 48.00 505.00 553.00 NOTE --no-vignettes
r-release-osx-x86_64 0.2.2 NOTE
r-oldrel-windows-ix86+x86_64 0.2.2 47.00 592.00 639.00 NOTE --no-vignettes
r-oldrel-osx-x86_64 0.2.2 NOTE

Check Details

Version: 0.2.2
Check: package dependencies
Result: NOTE
    Packages suggested but not available for checking: 'dggrids', 'INLA'
Flavors: r-devel-linux-x86_64-debian-clang, r-devel-linux-x86_64-debian-gcc

Version: 0.2.2
Check: package dependencies
Result: NOTE
    Package suggested but not available for checking: ‘dggrids’
Flavors: r-devel-linux-x86_64-fedora-clang, r-devel-linux-x86_64-fedora-gcc

Version: 0.2.2
Check: installed package size
Result: NOTE
     installed size is 8.1Mb
     sub-directories of 1Mb or more:
     data 4.8Mb
     doc 2.1Mb
Flavors: r-devel-linux-x86_64-fedora-clang, r-patched-solaris-x86, r-release-osx-x86_64, r-oldrel-osx-x86_64

Version: 0.2.2
Flags: --no-vignettes
Check: package dependencies
Result: NOTE
    Package suggested but not available for checking: 'dggrids'
Flavors: r-devel-windows-ix86+x86_64, r-release-windows-ix86+x86_64, r-oldrel-windows-ix86+x86_64

Version: 0.2.2
Flags: --no-vignettes
Check: installed package size
Result: NOTE
     installed size is 9.1Mb
     sub-directories of 1Mb or more:
     data 4.8Mb
     doc 2.1Mb
     libs 1.4Mb
Flavors: r-devel-windows-ix86+x86_64, r-release-windows-ix86+x86_64, r-oldrel-windows-ix86+x86_64

Version: 0.2.2
Check: package dependencies
Result: NOTE
    Packages suggested but not available for checking: ‘dggrids’ ‘INLA’
Flavors: r-patched-linux-x86_64, r-patched-solaris-x86, r-release-linux-x86_64, r-release-osx-x86_64, r-oldrel-osx-x86_64