CRAN Package Check Results for Package FRegSigCom

Last updated on 2020-01-27 03:46:24 CET.

Flavor Version Tinstall Tcheck Ttotal Status Flags
r-devel-linux-x86_64-debian-clang 0.3.0 326.51 111.07 437.58 WARN
r-devel-linux-x86_64-debian-gcc 0.3.0 290.52 92.08 382.60 OK
r-devel-linux-x86_64-fedora-clang 0.3.0 620.93 WARN
r-devel-linux-x86_64-fedora-gcc 0.3.0 660.71 OK
r-devel-windows-ix86+x86_64 0.3.0 576.00 263.00 839.00 OK
r-devel-windows-ix86+x86_64-gcc8 0.3.0 667.00 228.00 895.00 NOTE
r-patched-linux-x86_64 0.3.0 316.03 108.96 424.99 OK
r-patched-solaris-x86 0.3.0 483.60 OK
r-release-linux-x86_64 0.3.0 301.02 107.75 408.77 OK
r-release-windows-ix86+x86_64 0.3.0 425.00 187.00 612.00 OK
r-release-osx-x86_64 0.3.0 WARN
r-oldrel-windows-ix86+x86_64 0.3.0 377.00 170.00 547.00 OK
r-oldrel-osx-x86_64 0.3.0 NOTE

Additional issues

valgrind

Check Details

Version: 0.3.0
Check: whether package can be installed
Result: WARN
    Found the following significant warnings:
     c_hd_mf.cpp:157:12: warning: explicitly assigning value of variable of type 'Eigen::VectorXd' (aka 'Matrix<double, Dynamic, 1>') to itself [-Wself-assign-overloaded]
Flavors: r-devel-linux-x86_64-debian-clang, r-devel-linux-x86_64-fedora-clang, r-release-osx-x86_64

Version: 0.3.0
Check: installed package size
Result: NOTE
     installed size is 65.9Mb
     sub-directories of 1Mb or more:
     data 1.0Mb
     libs 64.1Mb
Flavors: r-devel-linux-x86_64-fedora-clang, r-devel-windows-ix86+x86_64-gcc8, r-release-osx-x86_64, r-oldrel-osx-x86_64