CRAN Package Check Results for Package FRegSigCom

Last updated on 2019-09-15 07:48:42 CEST.

Flavor Version Tinstall Tcheck Ttotal Status Flags
r-devel-linux-x86_64-debian-clang 0.3.0 302.13 102.06 404.19 WARN
r-devel-linux-x86_64-debian-gcc 0.3.0 293.49 88.71 382.20 OK
r-devel-linux-x86_64-fedora-clang 0.3.0 574.65 WARN
r-devel-linux-x86_64-fedora-gcc 0.3.0 639.66 OK
r-devel-windows-ix86+x86_64 0.3.0 555.00 245.00 800.00 OK
r-patched-linux-x86_64 0.3.0 322.16 112.31 434.47 OK
r-patched-solaris-x86 0.3.0 494.30 OK
r-release-linux-x86_64 0.3.0 320.78 110.64 431.42 OK
r-release-windows-ix86+x86_64 0.3.0 402.00 179.00 581.00 OK
r-release-osx-x86_64 0.3.0 WARN
r-oldrel-windows-ix86+x86_64 0.3.0 529.00 192.00 721.00 OK
r-oldrel-osx-x86_64 0.3.0 NOTE

Additional issues

valgrind

Check Details

Version: 0.3.0
Check: whether package can be installed
Result: WARN
    Found the following significant warnings:
     c_hd_mf.cpp:157:12: warning: explicitly assigning value of variable of type 'Eigen::VectorXd' (aka 'Matrix<double, Dynamic, 1>') to itself [-Wself-assign-overloaded]
Flavors: r-devel-linux-x86_64-debian-clang, r-devel-linux-x86_64-fedora-clang, r-release-osx-x86_64

Version: 0.3.0
Check: installed package size
Result: NOTE
     installed size is 65.9Mb
     sub-directories of 1Mb or more:
     data 1.0Mb
     libs 64.1Mb
Flavors: r-devel-linux-x86_64-fedora-clang, r-release-osx-x86_64, r-oldrel-osx-x86_64