CRAN Package Check Results for Package FSA

Last updated on 2019-01-23 08:49:04 CET.

Flavor Version Tinstall Tcheck Ttotal Status Flags
r-devel-linux-x86_64-debian-clang 0.8.22 12.86 134.47 147.33 OK
r-devel-linux-x86_64-debian-gcc 0.8.22 9.00 98.59 107.59 OK
r-devel-linux-x86_64-fedora-clang 0.8.22 173.28 OK
r-devel-linux-x86_64-fedora-gcc 0.8.22 160.65 OK
r-devel-windows-ix86+x86_64 0.8.22 25.00 188.00 213.00 OK
r-patched-linux-x86_64 0.8.22 11.55 127.31 138.86 OK
r-patched-solaris-x86 0.8.22 210.50 NOTE
r-release-linux-x86_64 0.8.22 9.38 122.88 132.26 OK
r-release-windows-ix86+x86_64 0.8.22 16.00 143.00 159.00 OK
r-release-osx-x86_64 0.8.22 OK
r-oldrel-windows-ix86+x86_64 0.8.22 14.00 206.00 220.00 OK
r-oldrel-osx-x86_64 0.8.22 OK

Check Details

Version: 0.8.22
Check: Rd cross-references
Result: NOTE
    Package unavailable to check Rd xrefs: ‘RMark’
Flavor: r-patched-solaris-x86