CRAN Package Check Results for Package FSA

Last updated on 2018-05-25 03:47:04 CEST.

Flavor Version Tinstall Tcheck Ttotal Status Flags
r-devel-linux-x86_64-debian-clang 0.8.20 13.39 114.99 128.38 OK
r-devel-linux-x86_64-debian-gcc 0.8.20 10.82 96.60 107.42 OK
r-devel-linux-x86_64-fedora-clang 0.8.20 136.03 OK
r-devel-linux-x86_64-fedora-gcc 0.8.20 163.01 OK
r-devel-windows-ix86+x86_64 0.8.20 18.00 129.00 147.00 OK
r-patched-linux-x86_64 0.8.20 11.43 123.12 134.55 OK
r-patched-solaris-x86 0.8.20 183.80 NOTE
r-release-linux-x86_64 0.8.20 12.98 120.12 133.10 OK
r-release-windows-ix86+x86_64 0.8.20 23.00 174.00 197.00 OK
r-release-osx-x86_64 0.8.20 OK
r-oldrel-windows-ix86+x86_64 0.8.20 12.00 157.00 169.00 OK
r-oldrel-osx-x86_64 0.8.19 OK

Check Details

Version: 0.8.20
Check: Rd cross-references
Result: NOTE
    Package unavailable to check Rd xrefs: ‘RMark’
Flavor: r-patched-solaris-x86