CRAN Package Check Results for Package FSA

Last updated on 2018-02-23 06:54:50 CET.

Flavor Version Tinstall Tcheck Ttotal Status Flags
r-devel-linux-x86_64-debian-clang 0.8.17 10.01 114.79 124.80 OK
r-devel-linux-x86_64-debian-gcc 0.8.17 11.31 94.24 105.55 OK
r-devel-linux-x86_64-fedora-clang 0.8.17 164.71 OK
r-devel-linux-x86_64-fedora-gcc 0.8.17 170.77 OK
r-devel-windows-ix86+x86_64 0.8.17 24.00 179.00 203.00 OK
r-patched-linux-x86_64 0.8.17 4.07 150.17 154.24 OK
r-patched-solaris-x86 0.8.17 204.70 NOTE
r-release-linux-x86_64 0.8.17 2.70 152.57 155.27 OK
r-release-windows-ix86+x86_64 0.8.17 10.00 202.00 212.00 OK
r-release-osx-x86_64 0.8.17 OK
r-oldrel-windows-ix86+x86_64 0.8.17 8.00 136.00 144.00 OK
r-oldrel-osx-x86_64 0.8.17 OK

Check Details

Version: 0.8.17
Check: Rd cross-references
Result: NOTE
    Package unavailable to check Rd xrefs: ‘RMark’
Flavor: r-patched-solaris-x86