CRAN Package Check Results for Package FSA

Last updated on 2018-10-16 23:49:59 CEST.

Flavor Version Tinstall Tcheck Ttotal Status Flags
r-devel-linux-x86_64-debian-clang 0.8.20 11.18 128.84 140.02 OK
r-devel-linux-x86_64-debian-gcc 0.8.20 11.22 96.99 108.21 OK
r-devel-linux-x86_64-fedora-clang 0.8.20 163.94 OK
r-devel-linux-x86_64-fedora-gcc 0.8.20 169.79 OK
r-devel-windows-ix86+x86_64 0.8.20 24.00 177.00 201.00 OK
r-patched-linux-x86_64 0.8.20 11.18 120.74 131.92 OK
r-patched-solaris-x86 0.8.20 199.90 NOTE
r-release-linux-x86_64 0.8.20 9.66 121.37 131.03 OK
r-release-windows-ix86+x86_64 0.8.20 22.00 167.00 189.00 OK
r-release-osx-x86_64 0.8.20 OK
r-oldrel-windows-ix86+x86_64 0.8.20 15.00 204.00 219.00 OK
r-oldrel-osx-x86_64 0.8.20 OK

Check Details

Version: 0.8.20
Check: Rd cross-references
Result: NOTE
    Package unavailable to check Rd xrefs: ‘RMark’
Flavor: r-patched-solaris-x86