CRAN Package Check Results for Package FSA

Last updated on 2018-08-15 08:48:43 CEST.

Flavor Version Tinstall Tcheck Ttotal Status Flags
r-devel-linux-x86_64-debian-clang 0.8.20 10.44 128.76 139.20 OK
r-devel-linux-x86_64-debian-gcc 0.8.20 10.60 96.52 107.12 OK
r-devel-linux-x86_64-fedora-clang 0.8.20 164.02 OK
r-devel-linux-x86_64-fedora-gcc 0.8.20 162.87 OK
r-devel-windows-ix86+x86_64 0.8.20 14.00 133.00 147.00 OK
r-patched-linux-x86_64 0.8.20 10.39 123.57 133.96 OK
r-patched-solaris-x86 0.8.20 199.60 NOTE
r-release-linux-x86_64 0.8.20 11.89 121.11 133.00 OK
r-release-windows-ix86+x86_64 0.8.20 15.00 185.00 200.00 OK
r-release-osx-x86_64 0.8.20 OK
r-oldrel-windows-ix86+x86_64 0.8.20 11.00 281.00 292.00 OK
r-oldrel-osx-x86_64 0.8.20 OK

Check Details

Version: 0.8.20
Check: Rd cross-references
Result: NOTE
    Package unavailable to check Rd xrefs: ‘RMark’
Flavor: r-patched-solaris-x86