CRAN Package Check Results for Package FSelectorRcpp

Last updated on 2019-04-22 04:51:31 CEST.

Flavor Version Tinstall Tcheck Ttotal Status Flags
r-devel-linux-x86_64-debian-clang 0.3.0 85.72 54.36 140.08 OK
r-devel-linux-x86_64-debian-gcc 0.3.0 72.12 42.23 114.35 OK
r-devel-linux-x86_64-fedora-clang 0.3.0 211.36 OK
r-devel-linux-x86_64-fedora-gcc 0.3.0 198.95 OK
r-devel-windows-ix86+x86_64 0.3.0 233.00 120.00 353.00 OK
r-patched-linux-x86_64 0.3.0 86.58 53.44 140.02 OK
r-patched-solaris-x86 0.3.0 158.30 NOTE
r-release-linux-x86_64 0.3.0 80.38 48.80 129.18 OK
r-release-windows-ix86+x86_64 0.3.0 180.00 95.00 275.00 OK
r-release-osx-x86_64 0.3.0 NOTE
r-oldrel-windows-ix86+x86_64 0.3.0 167.00 172.00 339.00 OK
r-oldrel-osx-x86_64 0.3.0 NOTE

Check Details

Version: 0.3.0
Check: package dependencies
Result: NOTE
    Packages suggested but not available for checking: 'RWeka', 'FSelector'
Flavor: r-patched-solaris-x86

Version: 0.3.0
Check: Rd cross-references
Result: NOTE
    Package unavailable to check Rd xrefs: ‘FSelector’
Flavor: r-patched-solaris-x86

Version: 0.3.0
Check: package dependencies
Result: NOTE
    Package suggested but not available for checking: ‘RTCGA.rnaseq’
Flavors: r-release-osx-x86_64, r-oldrel-osx-x86_64

Version: 0.3.0
Check: installed package size
Result: NOTE
     installed size is 9.3Mb
     sub-directories of 1Mb or more:
     libs 9.0Mb
Flavors: r-release-osx-x86_64, r-oldrel-osx-x86_64