CRAN Package Check Results for Package FSelectorRcpp

Last updated on 2018-09-24 09:54:27 CEST.

Flavor Version Tinstall Tcheck Ttotal Status Flags
r-devel-linux-x86_64-debian-clang 0.2.1 83.17 123.99 207.16 NOTE
r-devel-linux-x86_64-debian-gcc 0.2.1 76.24 97.20 173.44 NOTE
r-devel-linux-x86_64-fedora-clang 0.2.1 282.17 NOTE
r-devel-linux-x86_64-fedora-gcc 0.2.1 267.95 NOTE
r-devel-windows-ix86+x86_64 0.2.1 233.00 220.00 453.00 NOTE
r-patched-linux-x86_64 0.2.1 90.24 114.86 205.10 OK
r-patched-solaris-x86 0.2.1 140.60 NOTE
r-release-linux-x86_64 0.2.1 92.72 118.51 211.23 OK
r-release-windows-ix86+x86_64 0.2.1 192.00 221.00 413.00 NOTE
r-release-osx-x86_64 0.2.1 NOTE
r-oldrel-windows-ix86+x86_64 0.2.1 181.00 262.00 443.00 NOTE
r-oldrel-osx-x86_64 0.2.1 NOTE

Check Details

Version: 0.2.1
Check: use of SHLIB_OPENMP_*FLAGS in Makefiles
Result: NOTE
     src/Makevars: SHLIB_OPENMP_CXXFLAGS is included in PKG_LIBS but not in PKG_CXXFLAGS
     src/Makevars: it is not portable to include SHLIB_OPENMP_*' macros in PKG_CPPFLAGS
     src/Makevars.win: SHLIB_OPENMP_CFLAGS is included in PKG_LIBS but not in PKG_CFLAGS
     src/Makevars.win: it is not portable to include SHLIB_OPENMP_*' macros in PKG_CPPFLAGS
    Use of these macros is discussed in sect 1.2.1.1 of ‘Writing R
    Extensions’. The macros for different languages may differ so the
    matching macro must be used in PKG_CXXFLAGS (etc) and match that used
    in PKG_LIBS (except for F77: see the manual).
    PKG_CPPFLAGS is used for both C and C++ code so it is not portable to
    use it for these macros.
Flavors: r-devel-linux-x86_64-debian-clang, r-devel-linux-x86_64-debian-gcc, r-devel-linux-x86_64-fedora-clang, r-devel-linux-x86_64-fedora-gcc

Version: 0.2.1
Check: installed package size
Result: NOTE
     installed size is 6.1Mb
     sub-directories of 1Mb or more:
     doc 3.3Mb
     libs 2.7Mb
Flavors: r-devel-windows-ix86+x86_64, r-release-windows-ix86+x86_64, r-release-osx-x86_64, r-oldrel-windows-ix86+x86_64, r-oldrel-osx-x86_64

Version: 0.2.1
Check: package dependencies
Result: NOTE
    Packages suggested but not available for checking: ‘RWeka’ ‘FSelector’
Flavor: r-patched-solaris-x86

Version: 0.2.1
Check: Rd cross-references
Result: NOTE
    Package unavailable to check Rd xrefs: ‘FSelector’
Flavor: r-patched-solaris-x86

Version: 0.2.1
Check: package dependencies
Result: NOTE
    Package suggested but not available for checking: ‘RTCGA.rnaseq’
Flavors: r-release-osx-x86_64, r-oldrel-osx-x86_64