CRAN Package Check Results for Package FSelectorRcpp

Last updated on 2018-11-15 09:47:24 CET.

Flavor Version Tinstall Tcheck Ttotal Status Flags
r-devel-linux-x86_64-debian-clang 0.3.0 89.15 49.42 138.57 OK
r-devel-linux-x86_64-debian-gcc 0.3.0 72.67 39.13 111.80 OK
r-devel-linux-x86_64-fedora-clang 0.3.0 198.99 OK
r-devel-linux-x86_64-fedora-gcc 0.3.0 105.07 OK
r-devel-windows-ix86+x86_64 0.3.0 159.00 108.00 267.00 OK
r-patched-linux-x86_64 0.3.0 99.89 43.74 143.63 OK
r-patched-solaris-x86 0.3.0 135.90 NOTE
r-release-linux-x86_64 0.3.0 91.63 43.94 135.57 OK
r-release-windows-ix86+x86_64 0.3.0 210.00 138.00 348.00 OK
r-release-osx-x86_64 0.3.0 NOTE
r-oldrel-windows-ix86+x86_64 0.3.0 225.00 201.00 426.00 OK
r-oldrel-osx-x86_64 0.3.0 NOTE

Check Details

Version: 0.3.0
Check: package dependencies
Result: NOTE
    Packages suggested but not available for checking: ‘RWeka’ ‘FSelector’
Flavor: r-patched-solaris-x86

Version: 0.3.0
Check: Rd cross-references
Result: NOTE
    Package unavailable to check Rd xrefs: ‘FSelector’
Flavor: r-patched-solaris-x86

Version: 0.3.0
Check: package dependencies
Result: NOTE
    Package suggested but not available for checking: ‘RTCGA.rnaseq’
Flavors: r-release-osx-x86_64, r-oldrel-osx-x86_64

Version: 0.3.0
Check: installed package size
Result: NOTE
     installed size is 9.3Mb
     sub-directories of 1Mb or more:
     libs 9.0Mb
Flavors: r-release-osx-x86_64, r-oldrel-osx-x86_64