CRAN Package Check Results for Package FSelectorRcpp

Last updated on 2019-01-20 02:48:14 CET.

Flavor Version Tinstall Tcheck Ttotal Status Flags
r-devel-linux-x86_64-debian-clang 0.3.0 84.42 49.45 133.87 OK
r-devel-linux-x86_64-debian-gcc 0.3.0 79.04 38.87 117.91 OK
r-devel-linux-x86_64-fedora-clang 0.3.0 199.30 OK
r-devel-linux-x86_64-fedora-gcc 0.3.0 184.09 OK
r-devel-windows-ix86+x86_64 0.3.0 227.00 123.00 350.00 OK
r-patched-linux-x86_64 0.3.0 90.88 43.55 134.43 OK
r-patched-solaris-x86 0.3.0 156.40 NOTE
r-release-linux-x86_64 0.3.0 94.34 43.16 137.50 OK
r-release-windows-ix86+x86_64 0.3.0 227.00 129.00 356.00 OK
r-release-osx-x86_64 0.3.0 NOTE
r-oldrel-windows-ix86+x86_64 0.3.0 235.00 154.00 389.00 OK
r-oldrel-osx-x86_64 0.3.0 NOTE

Check Details

Version: 0.3.0
Check: package dependencies
Result: NOTE
    Packages suggested but not available for checking: ‘RWeka’ ‘FSelector’
Flavor: r-patched-solaris-x86

Version: 0.3.0
Check: Rd cross-references
Result: NOTE
    Package unavailable to check Rd xrefs: ‘FSelector’
Flavor: r-patched-solaris-x86

Version: 0.3.0
Check: package dependencies
Result: NOTE
    Package suggested but not available for checking: ‘RTCGA.rnaseq’
Flavors: r-release-osx-x86_64, r-oldrel-osx-x86_64

Version: 0.3.0
Check: installed package size
Result: NOTE
     installed size is 9.3Mb
     sub-directories of 1Mb or more:
     libs 9.0Mb
Flavors: r-release-osx-x86_64, r-oldrel-osx-x86_64