CRAN Package Check Results for Package FSelectorRcpp

Last updated on 2021-04-22 18:48:35 CEST.

Flavor Version Tinstall Tcheck Ttotal Status Flags
r-devel-linux-x86_64-debian-clang 0.3.8 112.47 63.52 175.99 NOTE
r-devel-linux-x86_64-debian-gcc 0.3.8 79.98 48.16 128.14 NOTE
r-devel-linux-x86_64-fedora-clang 0.3.8 259.17 NOTE
r-devel-linux-x86_64-fedora-gcc 0.3.8 237.36 NOTE
r-devel-windows-ix86+x86_64 0.3.8 241.00 136.00 377.00 NOTE
r-devel-windows-x86_64-gcc10-UCRT 0.3.8 NOTE
r-patched-linux-x86_64 0.3.8 97.49 60.55 158.04 WARN
r-patched-solaris-x86 0.3.8 185.40 NOTE
r-release-linux-x86_64 0.3.8 91.81 60.14 151.95 OK
r-release-macos-x86_64 0.3.8 NOTE
r-release-windows-ix86+x86_64 0.3.8 240.00 148.00 388.00 OK
r-oldrel-macos-x86_64 0.3.8 NOTE
r-oldrel-windows-ix86+x86_64 0.3.8 225.00 137.00 362.00 OK

Check Details

Version: 0.3.8
Check: LazyData
Result: NOTE
     'LazyData' is specified without a 'data' directory
Flavors: r-devel-linux-x86_64-debian-clang, r-devel-linux-x86_64-debian-gcc, r-devel-linux-x86_64-fedora-clang, r-devel-linux-x86_64-fedora-gcc, r-devel-windows-ix86+x86_64, r-devel-windows-x86_64-gcc10-UCRT

Version: 0.3.8
Check: installed package size
Result: NOTE
     installed size is 9.0Mb
     sub-directories of 1Mb or more:
     libs 8.6Mb
Flavors: r-devel-linux-x86_64-fedora-clang, r-release-macos-x86_64, r-oldrel-macos-x86_64

Version: 0.3.8
Check: package dependencies
Result: NOTE
    Package suggested but not available for checking: 'RTCGA.rnaseq'
Flavors: r-devel-windows-x86_64-gcc10-UCRT, r-release-macos-x86_64, r-oldrel-macos-x86_64

Version: 0.3.8
Check: whether package can be installed
Result: WARN
    Found the following significant warnings:
     Rd warning: /tmp/RtmpDCCFSx/R.INSTALL53b5529a480d/FSelectorRcpp/man/information_gain.Rd:51: file link ‘gain.ratio’ in package ‘FSelector’ does not exist and so has been treated as a topic
     Rd warning: /tmp/RtmpDCCFSx/R.INSTALL53b5529a480d/FSelectorRcpp/man/information_gain.Rd:51: file link ‘symmetrical.uncertainty’ in package ‘FSelector’ does not exist and so has been treated as a topic
Flavor: r-patched-linux-x86_64

Version: 0.3.8
Check: package dependencies
Result: NOTE
    Packages suggested but not available for checking: 'RWeka', 'FSelector'
Flavor: r-patched-solaris-x86