CRAN Package Check Results for Package FSelectorRcpp

Last updated on 2018-07-15 19:51:41 CEST.

Flavor Version Tinstall Tcheck Ttotal Status Flags
r-devel-linux-x86_64-debian-clang 0.1.10 78.49 127.68 206.17 OK
r-devel-linux-x86_64-debian-gcc 0.1.10 68.50 95.20 163.70 OK
r-devel-linux-x86_64-fedora-clang 0.1.10 277.00 OK
r-devel-linux-x86_64-fedora-gcc 0.1.10 273.77 OK
r-devel-windows-ix86+x86_64 0.1.10 227.00 234.00 461.00 NOTE
r-patched-linux-x86_64 0.1.10 85.83 116.97 202.80 OK
r-patched-solaris-x86 0.1.10 148.10 ERROR
r-release-linux-x86_64 0.1.10 86.69 117.73 204.42 OK
r-release-windows-ix86+x86_64 0.1.10 224.00 191.00 415.00 NOTE
r-release-osx-x86_64 0.1.10 NOTE
r-oldrel-windows-ix86+x86_64 0.1.10 178.00 196.00 374.00 NOTE
r-oldrel-osx-x86_64 0.1.10 NOTE

Check Details

Version: 0.1.10
Check: installed package size
Result: NOTE
     installed size is 5.2Mb
     sub-directories of 1Mb or more:
     doc 2.4Mb
     libs 2.7Mb
Flavors: r-devel-windows-ix86+x86_64, r-release-windows-ix86+x86_64, r-release-osx-x86_64, r-oldrel-windows-ix86+x86_64, r-oldrel-osx-x86_64

Version: 0.1.10
Check: package dependencies
Result: NOTE
    Packages suggested but not available for checking: ‘RWeka’ ‘FSelector’
Flavor: r-patched-solaris-x86

Version: 0.1.10
Check: Rd cross-references
Result: NOTE
    Package unavailable to check Rd xrefs: ‘FSelector’
Flavor: r-patched-solaris-x86

Version: 0.1.10
Check: tests
Result: ERROR
     Running ‘testthat.R’
    Running the tests in ‘tests/testthat.R’ failed.
    Complete output:
     > library(testthat)
     > library(FSelectorRcpp)
     > library(Matrix)
     > library(Rcpp)
     > library(RcppArmadillo)
     > library(dplyr)
    
     Attaching package: 'dplyr'
    
     The following object is masked from 'package:testthat':
    
     matches
    
     The following objects are masked from 'package:stats':
    
     filter, lag
    
     The following objects are masked from 'package:base':
    
     intersect, setdiff, setequal, union
    
     > library(entropy)
    
     Attaching package: 'entropy'
    
     The following object is masked from 'package:FSelectorRcpp':
    
     discretize
    
     > library(lintr)
     >
     > test_check("FSelectorRcpp")
     ── 1. Error: (unknown) (@test-cutoff.R#2) ─────────────────────────────────────
     there is no package called 'FSelector'
     1: library(FSelector) at testthat/test-cutoff.R:2
     2: stop(txt, domain = NA)
    
     ── 2. Error: (unknown) (@test-discretize.R#2) ─────────────────────────────────
     there is no package called 'FSelector'
     1: library(FSelector) at testthat/test-discretize.R:2
     2: stop(txt, domain = NA)
    
     ── 3. Error: (unknown) (@test-information_gain.R#2) ───────────────────────────
     there is no package called 'FSelector'
     1: library(FSelector) at testthat/test-information_gain.R:2
     2: stop(txt, domain = NA)
    
     ══ testthat results ═══════════════════════════════════════════════════════════
     OK: 22 SKIPPED: 0 FAILED: 3
     1. Error: (unknown) (@test-cutoff.R#2)
     2. Error: (unknown) (@test-discretize.R#2)
     3. Error: (unknown) (@test-information_gain.R#2)
    
     Error: testthat unit tests failed
     Execution halted
Flavor: r-patched-solaris-x86

Version: 0.1.10
Check: re-building of vignette outputs
Result: WARN
    Error in re-building vignettes:
     ...
    Warning in engine$weave(file, quiet = quiet, encoding = enc) :
     Pandoc (>= 1.12.3) and/or pandoc-citeproc not available. Falling back to R Markdown v1.
    Quitting from lines 42-45 (benchmarks_discretize.Rmd)
    Error: processing vignette 'benchmarks_discretize.Rmd' failed with diagnostics:
    there is no package called 'RWeka'
    Execution halted
Flavor: r-patched-solaris-x86

Version: 0.1.10
Check: package dependencies
Result: NOTE
    Package suggested but not available for checking: ‘RTCGA.rnaseq’
Flavors: r-release-osx-x86_64, r-oldrel-osx-x86_64