CRAN Package Check Results for Package FSelectorRcpp

Last updated on 2017-06-25 02:47:04.

Flavor Version Tinstall Tcheck Ttotal Status Flags
r-devel-linux-x86_64-debian-clang 0.1.3 51.76 73.09 124.85 ERROR
r-devel-linux-x86_64-debian-gcc 0.1.3 57.32 74.08 131.40 ERROR
r-devel-linux-x86_64-fedora-clang 0.1.3 257.52 ERROR
r-devel-linux-x86_64-fedora-gcc 0.1.3 247.83 ERROR
r-devel-windows-ix86+x86_64 0.1.3 173.00 262.00 435.00 OK
r-patched-linux-x86_64 0.1.3 47.77 74.69 122.46 ERROR
r-patched-solaris-sparc 0.1.3 682.10 NOTE
r-patched-solaris-x86 0.1.3 151.30 NOTE
r-release-linux-x86_64 0.1.3 55.73 74.93 130.65 ERROR
r-release-windows-ix86+x86_64 0.1.3 244.00 302.00 546.00 OK
r-release-osx-x86_64 0.1.3 ERROR
r-oldrel-windows-ix86+x86_64 0.1.3 216.00 223.00 439.00 OK
r-oldrel-osx-x86_64 0.1.3 ERROR

Check Details

Version: 0.1.3
Check: tests
Result: ERROR
     Running ‘testthat.R’ [4s/3s]
    Running the tests in ‘tests/testthat.R’ failed.
    Complete output:
     > library(testthat)
     > library(FSelectorRcpp)
     > library(FSelector)
     > library(Matrix)
     > library(Rcpp)
     > library(RcppArmadillo)
     > library(dplyr)
    
     Attaching package: 'dplyr'
    
     The following object is masked from 'package:testthat':
    
     matches
    
     The following objects are masked from 'package:stats':
    
     filter, lag
    
     The following objects are masked from 'package:base':
    
     intersect, setdiff, setequal, union
    
     > library(entropy)
    
     Attaching package: 'entropy'
    
     The following object is masked from 'package:FSelectorRcpp':
    
     discretize
    
     >
     > test_check("FSelectorRcpp")
     Segmentation fault
Flavors: r-devel-linux-x86_64-debian-clang, r-devel-linux-x86_64-debian-gcc, r-patched-linux-x86_64, r-release-linux-x86_64

Version: 0.1.3
Check: installed package size
Result: NOTE
     installed size is 10.0Mb
     sub-directories of 1Mb or more:
     doc 2.2Mb
     libs 7.6Mb
Flavors: r-devel-linux-x86_64-fedora-clang, r-devel-linux-x86_64-fedora-gcc, r-release-osx-x86_64, r-oldrel-osx-x86_64

Version: 0.1.3
Check: tests
Result: ERROR
     Running ‘testthat.R’ [8s/22s]
    Running the tests in ‘tests/testthat.R’ failed.
    Complete output:
     > library(testthat)
     > library(FSelectorRcpp)
     > library(FSelector)
     > library(Matrix)
     > library(Rcpp)
     > library(RcppArmadillo)
     > library(dplyr)
    
     Attaching package: 'dplyr'
    
     The following object is masked from 'package:testthat':
    
     matches
    
     The following objects are masked from 'package:stats':
    
     filter, lag
    
     The following objects are masked from 'package:base':
    
     intersect, setdiff, setequal, union
    
     > library(entropy)
    
     Attaching package: 'entropy'
    
     The following object is masked from 'package:FSelectorRcpp':
    
     discretize
    
     >
     > test_check("FSelectorRcpp")
Flavor: r-devel-linux-x86_64-fedora-clang

Version: 0.1.3
Check: tests
Result: ERROR
     Running ‘testthat.R’ [9s/12s]
    Running the tests in ‘tests/testthat.R’ failed.
    Complete output:
     > library(testthat)
     > library(FSelectorRcpp)
     > library(FSelector)
     > library(Matrix)
     > library(Rcpp)
     > library(RcppArmadillo)
     > library(dplyr)
    
     Attaching package: 'dplyr'
    
     The following object is masked from 'package:testthat':
    
     matches
    
     The following objects are masked from 'package:stats':
    
     filter, lag
    
     The following objects are masked from 'package:base':
    
     intersect, setdiff, setequal, union
    
     > library(entropy)
    
     Attaching package: 'entropy'
    
     The following object is masked from 'package:FSelectorRcpp':
    
     discretize
    
     >
     > test_check("FSelectorRcpp")
Flavor: r-devel-linux-x86_64-fedora-gcc

Version: 0.1.3
Check: package dependencies
Result: NOTE
    Packages suggested but not available for checking:
     ‘RTCGA.rnaseq’ ‘microbenchmark’
Flavors: r-patched-solaris-sparc, r-patched-solaris-x86

Version: 0.1.3
Check: package dependencies
Result: NOTE
    Package suggested but not available for checking: ‘RTCGA.rnaseq’
Flavors: r-release-osx-x86_64, r-oldrel-osx-x86_64

Version: 0.1.3
Check: tests
Result: ERROR
     Running ‘testthat.R’ [5s/6s]
    Running the tests in ‘tests/testthat.R’ failed.
    Last 13 lines of output:
    
     The following objects are masked from 'package:base':
    
     intersect, setdiff, setequal, union
    
     > library(entropy)
    
     Attaching package: 'entropy'
    
     The following object is masked from 'package:FSelectorRcpp':
    
     discretize
    
     >
     > test_check("FSelectorRcpp")
Flavor: r-release-osx-x86_64

Version: 0.1.3
Check: tests
Result: ERROR
    Running the tests in ‘tests/testthat.R’ failed.
    Last 13 lines of output:
     10: read_model_frame_into_Weka(mf)
     11: read_data_into_Weka(mf, 1L)
     12: .jnew("weka/core/Attribute", attname[i], .jcast(levels, "java/util/List"))
    
     testthat results ================================================================
     OK: 70 SKIPPED: 0 FAILED: 4
     1. Error: Discretization - basic (@test-discretize.R#27)
     2. Error: Discretization - single NA (independent variable) (@test-discretize.R#42)
     3. Error: Comparsion with FSelector (@test-information_gain.R#9)
     4. Error: Test character table (@test-information_gain.R#38)
    
     Error: testthat unit tests failed
     Execution halted
Flavor: r-oldrel-osx-x86_64