CRAN Package Check Results for Package FSelectorRcpp

Last updated on 2019-08-20 01:48:07 CEST.

Flavor Version Tinstall Tcheck Ttotal Status Flags
r-devel-linux-x86_64-debian-clang 0.3.1 86.76 54.29 141.05 OK
r-devel-linux-x86_64-debian-gcc 0.3.1 77.00 43.07 120.07 OK
r-devel-linux-x86_64-fedora-clang 0.3.1 213.07 NOTE
r-devel-linux-x86_64-fedora-gcc 0.3.1 205.31 OK
r-devel-windows-ix86+x86_64 0.3.1 244.00 135.00 379.00 OK
r-patched-linux-x86_64 0.3.1 76.20 53.48 129.68 OK
r-patched-solaris-x86 0.3.1 152.50 NOTE
r-release-linux-x86_64 0.3.1 75.79 53.26 129.05 OK
r-release-windows-ix86+x86_64 0.3.1 167.00 93.00 260.00 OK
r-release-osx-x86_64 0.3.1 NOTE
r-oldrel-windows-ix86+x86_64 0.3.1 237.00 123.00 360.00 OK
r-oldrel-osx-x86_64 0.3.1 NOTE

Additional issues

LTO

Check Details

Version: 0.3.1
Check: installed package size
Result: NOTE
     installed size is 10.1Mb
     sub-directories of 1Mb or more:
     libs 9.7Mb
Flavors: r-devel-linux-x86_64-fedora-clang, r-release-osx-x86_64, r-oldrel-osx-x86_64

Version: 0.3.1
Check: package dependencies
Result: NOTE
    Packages suggested but not available for checking: 'RWeka', 'FSelector'
Flavor: r-patched-solaris-x86

Version: 0.3.1
Check: Rd cross-references
Result: NOTE
    Package unavailable to check Rd xrefs: ‘FSelector’
Flavor: r-patched-solaris-x86

Version: 0.3.1
Check: package dependencies
Result: NOTE
    Package suggested but not available for checking: ‘RTCGA.rnaseq’
Flavors: r-release-osx-x86_64, r-oldrel-osx-x86_64