CRAN Package Check Results for Package FSelectorRcpp

Last updated on 2020-07-05 14:48:13 CEST.

Flavor Version Tinstall Tcheck Ttotal Status Flags
r-devel-linux-x86_64-debian-clang 0.3.3 109.90 54.20 164.10 OK
r-devel-linux-x86_64-debian-gcc 0.3.3 88.34 41.50 129.84 OK
r-devel-linux-x86_64-fedora-clang 0.3.3 230.59 NOTE
r-devel-linux-x86_64-fedora-gcc 0.3.3 217.04 OK
r-devel-windows-ix86+x86_64 0.3.3 259.00 145.00 404.00 OK
r-patched-linux-x86_64 0.3.3 84.90 53.75 138.65 OK
r-patched-solaris-x86 0.3.3 163.00 NOTE
r-release-linux-x86_64 0.3.3 85.81 53.66 139.47 OK
r-release-osx-x86_64 0.3.3 NOTE
r-release-windows-ix86+x86_64 0.3.3 206.00 100.00 306.00 OK
r-oldrel-osx-x86_64 0.3.3 NOTE
r-oldrel-windows-ix86+x86_64 0.3.3 215.00 160.00 375.00 OK

Check Details

Version: 0.3.3
Check: installed package size
Result: NOTE
     installed size is 11.4Mb
     sub-directories of 1Mb or more:
     libs 11.0Mb
Flavors: r-devel-linux-x86_64-fedora-clang, r-release-osx-x86_64, r-oldrel-osx-x86_64

Version: 0.3.3
Check: package dependencies
Result: NOTE
    Packages suggested but not available for checking: 'RWeka', 'FSelector'
Flavor: r-patched-solaris-x86

Version: 0.3.3
Check: package dependencies
Result: NOTE
    Package suggested but not available for checking: ‘RTCGA.rnaseq’
Flavors: r-release-osx-x86_64, r-oldrel-osx-x86_64