CRAN Package Check Results for Package FSelectorRcpp

Last updated on 2019-12-14 16:46:33 CET.

Flavor Version Tinstall Tcheck Ttotal Status Flags
r-devel-linux-x86_64-debian-clang 0.3.1 98.47 59.16 157.63 OK
r-devel-linux-x86_64-debian-gcc 0.3.1 74.07 45.45 119.52 OK
r-devel-linux-x86_64-fedora-clang 0.3.1 227.99 NOTE
r-devel-linux-x86_64-fedora-gcc 0.3.1 221.51 OK
r-devel-windows-ix86+x86_64 0.3.1 176.00 102.00 278.00 OK
r-devel-windows-ix86+x86_64-gcc8 0.3.1 183.00 138.00 321.00 OK
r-patched-linux-x86_64 0.3.1 80.97 54.52 135.49 OK
r-patched-solaris-x86 0.3.1 165.30 NOTE
r-release-linux-x86_64 0.3.1 78.55 54.66 133.21 OK
r-release-windows-ix86+x86_64 0.3.1 181.00 95.00 276.00 OK
r-release-osx-x86_64 0.3.1 NOTE
r-oldrel-windows-ix86+x86_64 0.3.1 185.00 92.00 277.00 OK
r-oldrel-osx-x86_64 0.3.1 NOTE

Additional issues

LTO

Check Details

Version: 0.3.1
Check: installed package size
Result: NOTE
     installed size is 10.1Mb
     sub-directories of 1Mb or more:
     libs 9.7Mb
Flavors: r-devel-linux-x86_64-fedora-clang, r-release-osx-x86_64, r-oldrel-osx-x86_64

Version: 0.3.1
Check: package dependencies
Result: NOTE
    Packages suggested but not available for checking: 'RWeka', 'FSelector'
Flavor: r-patched-solaris-x86

Version: 0.3.1
Check: Rd cross-references
Result: NOTE
    Package unavailable to check Rd xrefs: ‘FSelector’
Flavor: r-patched-solaris-x86

Version: 0.3.1
Check: package dependencies
Result: NOTE
    Package suggested but not available for checking: ‘RTCGA.rnaseq’
Flavors: r-release-osx-x86_64, r-oldrel-osx-x86_64