CRAN Package Check Results for Package FSelectorRcpp

Last updated on 2017-05-23 11:52:49.

Flavor Version Tinstall Tcheck Ttotal Status Flags
r-devel-linux-x86_64-debian-clang 0.1.3 51.24 73.25 124.49 ERROR
r-devel-linux-x86_64-debian-gcc 0.1.3 51.82 73.38 125.20 ERROR
r-devel-linux-x86_64-fedora-clang 0.1.3 247.13 ERROR --no-stop-on-test-error
r-devel-linux-x86_64-fedora-gcc 0.1.3 247.72 ERROR --no-stop-on-test-error
r-devel-windows-ix86+x86_64 0.1.3 214.00 238.00 452.00 OK
r-patched-linux-x86_64 0.1.3 43.73 72.87 116.60 ERROR
r-patched-solaris-sparc 0.1.3 682.10 NOTE
r-patched-solaris-x86 0.1.3 147.50 NOTE --no-stop-on-test-error
r-release-linux-x86_64 0.1.3 46.97 73.37 120.35 ERROR
r-release-windows-ix86+x86_64 0.1.3 161.00 199.00 360.00 OK
r-release-osx-x86_64 0.1.3 ERROR
r-oldrel-windows-ix86+x86_64 0.1.3 203.00 229.00 432.00 OK
r-oldrel-osx-x86_64 0.1.3 ERROR

Check Details

Version: 0.1.3
Check: tests
Result: ERROR
     Running ‘testthat.R’ [4s/3s]
    Running the tests in ‘tests/testthat.R’ failed.
    Last 13 lines of output:
     The following objects are masked from 'package:base':
    
     intersect, setdiff, setequal, union
    
     > library(entropy)
    
     Attaching package: 'entropy'
    
     The following object is masked from 'package:FSelectorRcpp':
    
     discretize
    
     >
     > test_check("FSelectorRcpp")
     Segmentation fault
Flavors: r-devel-linux-x86_64-debian-clang, r-devel-linux-x86_64-debian-gcc, r-release-linux-x86_64

Version: 0.1.3
Flags: --no-stop-on-test-error
Check: installed package size
Result: NOTE
     installed size is 10.0Mb
     sub-directories of 1Mb or more:
     doc 2.2Mb
     libs 7.6Mb
Flavors: r-devel-linux-x86_64-fedora-clang, r-devel-linux-x86_64-fedora-gcc

Version: 0.1.3
Flags: --no-stop-on-test-error
Check: tests
Result: ERROR
     Running ‘testthat.R’ [8s/12s]
    Running the tests in ‘tests/testthat.R’ failed.
    Complete output:
     > library(testthat)
     > library(FSelectorRcpp)
     > library(FSelector)
     > library(Matrix)
     > library(Rcpp)
     > library(RcppArmadillo)
     > library(dplyr)
    
     Attaching package: 'dplyr'
    
     The following object is masked from 'package:testthat':
    
     matches
    
     The following objects are masked from 'package:stats':
    
     filter, lag
    
     The following objects are masked from 'package:base':
    
     intersect, setdiff, setequal, union
    
     > library(entropy)
    
     Attaching package: 'entropy'
    
     The following object is masked from 'package:FSelectorRcpp':
    
     discretize
    
     >
     > test_check("FSelectorRcpp")
Flavor: r-devel-linux-x86_64-fedora-clang

Version: 0.1.3
Flags: --no-stop-on-test-error
Check: tests
Result: ERROR
     Running ‘testthat.R’ [8s/18s]
    Running the tests in ‘tests/testthat.R’ failed.
    Complete output:
     > library(testthat)
     > library(FSelectorRcpp)
     > library(FSelector)
     > library(Matrix)
     > library(Rcpp)
     > library(RcppArmadillo)
     > library(dplyr)
    
     Attaching package: 'dplyr'
    
     The following object is masked from 'package:testthat':
    
     matches
    
     The following objects are masked from 'package:stats':
    
     filter, lag
    
     The following objects are masked from 'package:base':
    
     intersect, setdiff, setequal, union
    
     > library(entropy)
    
     Attaching package: 'entropy'
    
     The following object is masked from 'package:FSelectorRcpp':
    
     discretize
    
     >
     > test_check("FSelectorRcpp")
Flavor: r-devel-linux-x86_64-fedora-gcc

Version: 0.1.3
Check: tests
Result: ERROR
     Running ‘testthat.R’ [5s/3s]
    Running the tests in ‘tests/testthat.R’ failed.
    Last 13 lines of output:
     The following objects are masked from 'package:base':
    
     intersect, setdiff, setequal, union
    
     > library(entropy)
    
     Attaching package: 'entropy'
    
     The following object is masked from 'package:FSelectorRcpp':
    
     discretize
    
     >
     > test_check("FSelectorRcpp")
     Segmentation fault
Flavor: r-patched-linux-x86_64

Version: 0.1.3
Check: package dependencies
Result: NOTE
    Packages suggested but not available for checking:
     ‘RTCGA.rnaseq’ ‘microbenchmark’
Flavor: r-patched-solaris-sparc

Version: 0.1.3
Flags: --no-stop-on-test-error
Check: package dependencies
Result: NOTE
    Packages suggested but not available for checking:
     ‘RTCGA.rnaseq’ ‘microbenchmark’
Flavor: r-patched-solaris-x86

Version: 0.1.3
Check: package dependencies
Result: NOTE
    Package suggested but not available for checking: ‘RTCGA.rnaseq’
Flavors: r-release-osx-x86_64, r-oldrel-osx-x86_64

Version: 0.1.3
Check: installed package size
Result: NOTE
     installed size is 9.6Mb
     sub-directories of 1Mb or more:
     doc 2.1Mb
     libs 7.3Mb
Flavors: r-release-osx-x86_64, r-oldrel-osx-x86_64

Version: 0.1.3
Check: tests
Result: ERROR
     Running ‘testthat.R’ [5s/6s]
    Running the tests in ‘tests/testthat.R’ failed.
    Last 13 lines of output:
    
     The following objects are masked from 'package:base':
    
     intersect, setdiff, setequal, union
    
     > library(entropy)
    
     Attaching package: 'entropy'
    
     The following object is masked from 'package:FSelectorRcpp':
    
     discretize
    
     >
     > test_check("FSelectorRcpp")
Flavor: r-release-osx-x86_64

Version: 0.1.3
Check: tests
Result: ERROR
    Running the tests in ‘tests/testthat.R’ failed.
    Last 13 lines of output:
     10: read_model_frame_into_Weka(mf)
     11: read_data_into_Weka(mf, 1L)
     12: .jnew("weka/core/Attribute", attname[i], .jcast(levels, "java/util/List"))
    
     testthat results ================================================================
     OK: 70 SKIPPED: 0 FAILED: 4
     1. Error: Discretization - basic (@test-discretize.R#27)
     2. Error: Discretization - single NA (independent variable) (@test-discretize.R#42)
     3. Error: Comparsion with FSelector (@test-information_gain.R#9)
     4. Error: Test character table (@test-information_gain.R#38)
    
     Error: testthat unit tests failed
     Execution halted
Flavor: r-oldrel-osx-x86_64