CRAN Package Check Results for Package FSelectorRcpp

Last updated on 2018-05-26 10:49:17 CEST.

Flavor Version Tinstall Tcheck Ttotal Status Flags
r-devel-linux-x86_64-debian-clang 0.1.8 80.75 115.66 196.41 OK
r-devel-linux-x86_64-debian-gcc 0.1.8 69.58 90.58 160.16 OK
r-devel-linux-x86_64-fedora-clang 0.1.8 274.49 NOTE
r-devel-linux-x86_64-fedora-gcc 0.1.8 257.74 NOTE
r-devel-windows-ix86+x86_64 0.1.8 176.00 176.00 352.00 ERROR
r-patched-linux-x86_64 0.1.8 92.40 113.01 205.41 NOTE
r-patched-solaris-x86 0.1.8 153.40 ERROR
r-release-linux-x86_64 0.1.8 84.71 115.62 200.33 NOTE
r-release-windows-ix86+x86_64 0.1.8 224.00 228.00 452.00 ERROR
r-release-osx-x86_64 0.1.8 NOTE
r-oldrel-windows-ix86+x86_64 0.1.8 233.00 191.00 424.00 ERROR
r-oldrel-osx-x86_64 0.1.8 NOTE

Additional issues

clang-UBSAN

Check Details

Version: 0.1.8
Check: installed package size
Result: NOTE
     installed size is 11.5Mb
     sub-directories of 1Mb or more:
     doc 2.2Mb
     libs 9.1Mb
Flavors: r-devel-linux-x86_64-fedora-clang, r-devel-linux-x86_64-fedora-gcc, r-devel-windows-ix86+x86_64, r-release-windows-ix86+x86_64, r-release-osx-x86_64, r-oldrel-osx-x86_64

Version: 0.1.8
Check: running tests for arch ‘i386’
Result: ERROR
     Running 'testthat.R' [8s]
    Running the tests in 'tests/testthat.R' failed.
    Complete output:
     > library(testthat)
     > library(FSelectorRcpp)
     > library(Matrix)
     > library(Rcpp)
     > library(RcppArmadillo)
     > library(dplyr)
    
     Attaching package: 'dplyr'
    
     The following object is masked from 'package:testthat':
    
     matches
    
     The following objects are masked from 'package:stats':
    
     filter, lag
    
     The following objects are masked from 'package:base':
    
     intersect, setdiff, setequal, union
    
     > library(entropy)
    
     Attaching package: 'entropy'
    
     The following object is masked from 'package:FSelectorRcpp':
    
     discretize
    
     > library(lintr)
     >
     > test_check("FSelectorRcpp")
     -- 1. Failure: Catch unit tests pass (@test-cpp.R#5) --------------------------
     C++ unit tests:
     ~~~~~~~~~~~~~~~~~~~~~~~~~~~~~~~~~~~~~~~~~~~~~~~~~~~~~~~~~~~~~~~~~~~~~~~~~~~~~~~
     is a Catch v1.9.6 host application.
     Run with -? for options
    
     -------------------------------------------------------------------------------
     Entropy tests | test-cpp.cpp
     Numeric entropy - comparsion with entropy package
     -------------------------------------------------------------------------------
     test-cpp.cpp:26
     ...............................................................................
    
     test-cpp.cpp:33: FAILED:
     CATCH_CHECK( entrR[0] == fselector::entropy::numeric_entropy(x.begin(), x.end()) )
     with expansion:
     1.0114042647 == 1.0114042647
    
     ===============================================================================
     test cases: 2 | 1 passed | 1 failed
     assertions: 5 | 4 passed | 1 failed
    
    
     == testthat results ===========================================================
     OK: 89 SKIPPED: 0 FAILED: 1
     1. Failure: Catch unit tests pass (@test-cpp.R#5)
    
     Error: testthat unit tests failed
     Execution halted
Flavors: r-devel-windows-ix86+x86_64, r-oldrel-windows-ix86+x86_64

Version: 0.1.8
Check: DESCRIPTION meta-information
Result: NOTE
    Dependence on R version ‘3.3.2’ not with patchlevel 0
Flavors: r-patched-linux-x86_64, r-release-linux-x86_64

Version: 0.1.8
Check: package dependencies
Result: NOTE
    Packages suggested but not available for checking: ‘RWeka’ ‘FSelector’
Flavor: r-patched-solaris-x86

Version: 0.1.8
Check: Rd cross-references
Result: NOTE
    Package unavailable to check Rd xrefs: ‘FSelector’
Flavor: r-patched-solaris-x86

Version: 0.1.8
Check: tests
Result: ERROR
     Running ‘testthat.R’ [7s/10s]
    Running the tests in ‘tests/testthat.R’ failed.
    Complete output:
     > library(testthat)
     > library(FSelectorRcpp)
     > library(Matrix)
     > library(Rcpp)
     > library(RcppArmadillo)
     > library(dplyr)
    
     Attaching package: 'dplyr'
    
     The following object is masked from 'package:testthat':
    
     matches
    
     The following objects are masked from 'package:stats':
    
     filter, lag
    
     The following objects are masked from 'package:base':
    
     intersect, setdiff, setequal, union
    
     > library(entropy)
    
     Attaching package: 'entropy'
    
     The following object is masked from 'package:FSelectorRcpp':
    
     discretize
    
     > library(lintr)
     >
     > test_check("FSelectorRcpp")
     ── 1. Error: (unknown) (@test-cutoff.R#2) ─────────────────────────────────────
     there is no package called 'FSelector'
     1: library(FSelector) at testthat/test-cutoff.R:2
     2: stop(txt, domain = NA)
    
     ── 2. Error: (unknown) (@test-discretize.R#2) ─────────────────────────────────
     there is no package called 'FSelector'
     1: library(FSelector) at testthat/test-discretize.R:2
     2: stop(txt, domain = NA)
    
     ── 3. Error: (unknown) (@test-information_gain.R#2) ───────────────────────────
     there is no package called 'FSelector'
     1: library(FSelector) at testthat/test-information_gain.R:2
     2: stop(txt, domain = NA)
    
     ══ testthat results ═══════════════════════════════════════════════════════════
     OK: 22 SKIPPED: 0 FAILED: 3
     1. Error: (unknown) (@test-cutoff.R#2)
     2. Error: (unknown) (@test-discretize.R#2)
     3. Error: (unknown) (@test-information_gain.R#2)
    
     Error: testthat unit tests failed
     Execution halted
Flavor: r-patched-solaris-x86

Version: 0.1.8
Check: re-building of vignette outputs
Result: WARN
    Error in re-building vignettes:
     ...
    Warning in engine$weave(file, quiet = quiet, encoding = enc) :
     Pandoc (>= 1.12.3) and/or pandoc-citeproc not available. Falling back to R Markdown v1.
    Quitting from lines 42-45 (benchmarks_discretize.Rmd)
    Error: processing vignette 'benchmarks_discretize.Rmd' failed with diagnostics:
    there is no package called 'RWeka'
    Execution halted
Flavor: r-patched-solaris-x86

Version: 0.1.8
Check: running tests for arch ‘i386’
Result: ERROR
     Running 'testthat.R' [12s]
    Running the tests in 'tests/testthat.R' failed.
    Complete output:
     > library(testthat)
     > library(FSelectorRcpp)
     > library(Matrix)
     > library(Rcpp)
     > library(RcppArmadillo)
     > library(dplyr)
    
     Attaching package: 'dplyr'
    
     The following object is masked from 'package:testthat':
    
     matches
    
     The following objects are masked from 'package:stats':
    
     filter, lag
    
     The following objects are masked from 'package:base':
    
     intersect, setdiff, setequal, union
    
     > library(entropy)
    
     Attaching package: 'entropy'
    
     The following object is masked from 'package:FSelectorRcpp':
    
     discretize
    
     > library(lintr)
     >
     > test_check("FSelectorRcpp")
     -- 1. Failure: Catch unit tests pass (@test-cpp.R#5) --------------------------
     C++ unit tests:
     ~~~~~~~~~~~~~~~~~~~~~~~~~~~~~~~~~~~~~~~~~~~~~~~~~~~~~~~~~~~~~~~~~~~~~~~~~~~~~~~
     is a Catch v1.9.6 host application.
     Run with -? for options
    
     -------------------------------------------------------------------------------
     Entropy tests | test-cpp.cpp
     Numeric entropy - comparsion with entropy package
     -------------------------------------------------------------------------------
     test-cpp.cpp:26
     ...............................................................................
    
     test-cpp.cpp:33: FAILED:
     CATCH_CHECK( entrR[0] == fselector::entropy::numeric_entropy(x.begin(), x.end()) )
     with expansion:
     1.0114042647 == 1.0114042647
    
     ===============================================================================
     test cases: 2 | 1 passed | 1 failed
     assertions: 5 | 4 passed | 1 failed
    
    
     == testthat results ===========================================================
     OK: 89 SKIPPED: 0 FAILED: 1
     1. Failure: Catch unit tests pass (@test-cpp.R#5)
    
     Error: testthat unit tests failed
     Execution halted
Flavor: r-release-windows-ix86+x86_64

Version: 0.1.8
Check: package dependencies
Result: NOTE
    Package suggested but not available for checking: ‘RTCGA.rnaseq’
Flavors: r-release-osx-x86_64, r-oldrel-osx-x86_64