CRAN Package Check Results for Package FacPad

Last updated on 2020-02-24 15:47:53 CET.

Flavor Version Tinstall Tcheck Ttotal Status Flags
r-devel-linux-x86_64-debian-clang 3.0 2.51 35.84 38.35 NOTE
r-devel-linux-x86_64-debian-gcc 3.0 2.11 26.64 28.75 NOTE
r-devel-linux-x86_64-fedora-clang 3.0 48.51 NOTE
r-devel-linux-x86_64-fedora-gcc 3.0 43.86 NOTE
r-devel-windows-ix86+x86_64 3.0 7.00 47.00 54.00 NOTE
r-devel-windows-ix86+x86_64-gcc8 3.0 10.00 81.00 91.00 NOTE
r-patched-linux-x86_64 3.0 NOTE
r-patched-solaris-x86 3.0 57.60 NOTE
r-release-linux-x86_64 3.0 2.07 31.93 34.00 NOTE
r-release-windows-ix86+x86_64 3.0 5.00 47.00 52.00 NOTE
r-release-osx-x86_64 3.0 NOTE
r-oldrel-windows-ix86+x86_64 3.0 5.00 48.00 53.00 NOTE
r-oldrel-osx-x86_64 3.0 NOTE

Check Details

Version: 3.0
Check: R code for possible problems
Result: NOTE
    gibbs2: no visible global function definition for 'rnorm'
    gibbs_sampling: no visible global function definition for 'rnorm'
    Undefined global functions or variables:
     rnorm
    Consider adding
     importFrom("stats", "rnorm")
    to your NAMESPACE file.
Flavors: r-devel-linux-x86_64-debian-clang, r-devel-linux-x86_64-debian-gcc, r-devel-linux-x86_64-fedora-clang, r-devel-linux-x86_64-fedora-gcc, r-devel-windows-ix86+x86_64, r-devel-windows-ix86+x86_64-gcc8, r-patched-linux-x86_64, r-patched-solaris-x86, r-release-linux-x86_64, r-release-windows-ix86+x86_64, r-release-osx-x86_64, r-oldrel-windows-ix86+x86_64, r-oldrel-osx-x86_64

Version: 3.0
Check: for non-standard things in the check directory
Result: NOTE
    Found the following files/directories:
     'test_30iter.RData' 'test_50iter.RData' 'test_v2_50iter.RData'
Flavors: r-devel-linux-x86_64-debian-clang, r-devel-linux-x86_64-debian-gcc, r-devel-linux-x86_64-fedora-clang, r-devel-linux-x86_64-fedora-gcc