CRAN Package Check Results for Package FactoClass

Last updated on 2022-09-24 16:51:45 CEST.

Flavor Version Tinstall Tcheck Ttotal Status Flags
r-devel-linux-x86_64-debian-clang 1.2.7 11.56 82.37 93.93 NOTE
r-devel-linux-x86_64-debian-gcc 1.2.7 7.90 62.41 70.31 NOTE
r-devel-linux-x86_64-fedora-clang 1.2.7 124.03 NOTE
r-devel-linux-x86_64-fedora-gcc 1.2.7 118.58 NOTE
r-devel-windows-x86_64 1.2.7 31.00 124.00 155.00 OK
r-patched-linux-x86_64 1.2.7 9.78 77.15 86.93 NOTE
r-release-linux-x86_64 1.2.7 8.89 76.73 85.62 NOTE
r-release-macos-arm64 1.2.7 36.00 OK
r-release-macos-x86_64 1.2.7 66.00 OK
r-release-windows-x86_64 1.2.7 36.00 116.00 152.00 OK
r-oldrel-macos-arm64 1.2.7 38.00 OK
r-oldrel-macos-x86_64 1.2.7 57.00 OK
r-oldrel-windows-ix86+x86_64 1.2.7 27.00 140.00 167.00 OK

Check Details

Version: 1.2.7
Check: for non-standard things in the check directory
Result: NOTE
    Found the following files/directories:
     'Bogota.tex' 'DogBreeds1.tex'
Flavors: r-devel-linux-x86_64-debian-clang, r-devel-linux-x86_64-debian-gcc, r-devel-linux-x86_64-fedora-clang, r-devel-linux-x86_64-fedora-gcc, r-patched-linux-x86_64, r-release-linux-x86_64